{"id":13319,"date":"2016-09-08T05:21:36","date_gmt":"2016-09-08T05:21:36","guid":{"rendered":"http:\/\/nicaragua-travel-guide.com\/site\/?page_id=13319"},"modified":"2023-03-28T03:09:04","modified_gmt":"2023-03-28T09:09:04","slug":"national-guide","status":"publish","type":"page","link":"https:\/\/nicaragua-travel-guide.com\/site\/national-guide\/","title":{"rendered":"Gu\u00eda Nacional"},"content":{"rendered":"<div id=\"primary\" class=\"main\">\n<div class=\"wrap\">\n<div class=\"row\">\n<section class=\"full-width\">\n<article id=\"page-5157\" class=\"static-content post-5157 page type-page status-publish hentry\">\n<table style=\"width: 911px;\" border=\"0\">\n<tbody>\n<tr bgcolor=\"#CC33CC\">\n<td style=\"width: 896px;\" colspan=\"2\" valign=\"top\" bgcolor=\"#FF6600\"><img loading=\"lazy\" decoding=\"async\" class=\"alignnone wp-image-5158\" src=\"http:\/\/nicaragua-travel-guide.com\/site\/wp-content\/uploads\/2016\/06\/header-nicaragua-travel-guide-perfil-gioconda-tours.jpg\" alt=\"header nicaragua travel guide perfil gioconda tours\" width=\"1069\" height=\"360\" srcset=\"https:\/\/nicaragua-travel-guide.com\/site\/wp-content\/uploads\/2016\/06\/header-nicaragua-travel-guide-perfil-gioconda-tours.jpg 1025w, https:\/\/nicaragua-travel-guide.com\/site\/wp-content\/uploads\/2016\/06\/header-nicaragua-travel-guide-perfil-gioconda-tours-600x202.jpg 600w\" sizes=\"(max-width: 1069px) 100vw, 1069px\" \/><\/td>\n<\/tr>\n<tr bgcolor=\"#CC33CC\">\n<td style=\"width: 454px;\" valign=\"top\" bgcolor=\"#FF6600\">Perfil del Gu\u00eda: \u00abTours Opera Gioconda\u00bb<\/td>\n<td style=\"width: 442px;\" rowspan=\"3\" valign=\"top\" bgcolor=\"#FFFFFF\">\n<table style=\"width: 448px;\" border=\"0\">\n<tbody>\n<tr>\n<td style=\"width: 442px;\" bgcolor=\"#FFFFFF\" height=\"263\"><img loading=\"lazy\" decoding=\"async\" class=\"alignnone wp-image-11414\" src=\"http:\/\/nicaragua-travel-guide.com\/site\/wp-content\/uploads\/2016\/06\/gioconda-tours-nicaragua-guia-nacional-certificada.jpg\" alt=\"gioconda tours nicaragua guia nacional certificada\" width=\"462\" height=\"617\" \/><\/td>\n<\/tr>\n<tr>\n<td style=\"width: 442px;\" bgcolor=\"#FFFFFF\" height=\"26\"><embed title=\"Adobe Flash Player\" src=\"http:\/\/images.travelpod.com\/bin\/tripwow\/flash\/tripwow.swf\" type=\"application\/x-shockwave-flash\" width=\"435\" height=\"253\" name=\"TripWow\" data-mce-fragment=\"1\"><\/embed><\/td>\n<\/tr>\n<tr>\n<td style=\"width: 442px;\" bgcolor=\"#FFFFFF\" height=\"377\"><iframe loading=\"lazy\" src=\"https:\/\/www.google.com.ni\/maps\/ms?hl=es-419&amp;msid=208955458972292813398.0004e16fdda318324c13b&amp;msa=0&amp;ie=UTF8&amp;t=h&amp;ll=11.928042,-85.956962&amp;spn=0.001837,0.00228&amp;z=18&amp;output=embed\" width=\"425\" height=\"350\" frameborder=\"0\" marginwidth=\"0\" marginheight=\"0\" scrolling=\"No\" data-mce-fragment=\"1\"><\/iframe><br \/>\n<small>Ver <a href=\"https:\/\/www.google.com.ni\/maps\/ms?hl=es-419&amp;msid=208955458972292813398.0004e16fdda318324c13b&amp;msa=0&amp;ie=UTF8&amp;t=h&amp;ll=11.928042,-85.956962&amp;spn=0.001837,0.00228&amp;z=18&amp;source=embed\">Nicaragua Travel guide.com<\/a> en un mapa \u00a0<\/small><\/td>\n<\/tr>\n<tr>\n<td style=\"width: 442px;\" bgcolor=\"#0066FF\" height=\"26\">Por mayor informaci\u00f3n y reservaci\u00f3n <a href=\"http:\/\/nicaragua-travel-guide.com\/site\/contactanos\/\">Contactarnos<\/a><\/td>\n<\/tr>\n<tr>\n<td style=\"width: 442px;\" bgcolor=\"#FF6600\" height=\"9\">Licencia y registro de Gu\u00eda Nacional en INTUR<\/td>\n<\/tr>\n<\/tbody>\n<\/table>\n<\/td>\n<\/tr>\n<tr bgcolor=\"#CC33CC\">\n<td style=\"width: 454px;\" valign=\"top\" bgcolor=\"#33CCFF\">\u00abGu\u00eda\u00a0Nacional y Cantante\u00bb<\/p>\n<p>Gioconda\u00a0naci\u00f3\u00a0en Granada nicaragua, ha finalizado sus estudios en la universidad. y en el a\u00f1o 2005\u00a0comenz\u00f3\u00a0a operar como\u00a0gu\u00eda\u00a0nacional.<\/p>\n<p>Viajar, leer, la\u00a0escenograf\u00eda, fotograf\u00edas\u00a0 paisajes, la flora y fauna, volcanes, historia, todo esto es motivo de\u00a0admiraci\u00f3n\u00a0e\u00a0inspiraci\u00f3n\u00a0 reflejado en nuestros ojos, podemos ver las coloridas pinceladas\u00a0art\u00edsticas\u00a0 los museos, y llevar un lindo recuerdo en nuestra memoria\u00a0fotogr\u00e1fica.<\/p>\n<p>\u00abAprendamos a valorar nuestros recursos, talentos,habilidades con aptitudes y actitudes correctamente\u00bb<\/p>\n<p>Gioconda gu\u00eda nacional y cantante ha descubierto cual es su mundo, y ha tomado la iniciativa de ofrecer su servicio y talento\u00a0art\u00edstico\u00a0para guiar y cantar amenizando a los turistas que la contratan con\u00a0vocaci\u00f3n\u00a0de servicio para trabajar en la\u00a0profesi\u00f3n\u00a0que ha elegido y tambi\u00e9n le\u00a0gustar\u00eda\u00a0continuar estudiando arte.<\/p>\n<p>Contratando su servicio, ella\u00a0continuar\u00eda\u00a0desarrollando su\u00a0profesi\u00f3n\u00a0y\u00a0lograr\u00eda\u00a0su\u00a0realizaci\u00f3n\u00a0profesional con mas estudios.<\/td>\n<\/tr>\n<tr bgcolor=\"#CC33CC\">\n<td style=\"width: 454px;\" valign=\"top\" bgcolor=\"#FFFFFF\">\n<table style=\"width: 447px;\" border=\"0\">\n<tbody>\n<tr>\n<td style=\"width: 203.75px;\" bgcolor=\"#FFFFFF\"><a href=\"https:\/\/nicaragua-travel-guide.com\/site\/wp-content\/uploads\/2023\/03\/Curriculum-Vitae-Gioconda-VCP-2023.pdf\">Curriculum Vitae<\/a><\/td>\n<td style=\"width: 227.25px;\" bgcolor=\"#FFFFFF\">Licencias Certificados<\/td>\n<\/tr>\n<tr>\n<td style=\"width: 431px;\" colspan=\"2\" bgcolor=\"#33CCFF\"><strong>Canciones y Poemas Cantados en distinto Tour<\/strong><\/td>\n<\/tr>\n<tr>\n<td style=\"width: 203.75px;\" bgcolor=\"#FFFFFF\">Himno Nacional<\/td>\n<td style=\"width: 227.25px;\" bgcolor=\"#FFFFFF\">Himno a Rub\u00e9n Dar\u00edo<\/td>\n<\/tr>\n<tr>\n<td style=\"width: 203.75px;\" bgcolor=\"#FFFFFF\">Nicaragua M\u00eda<\/td>\n<td style=\"width: 227.25px;\" bgcolor=\"#FFFFFF\">Poema: Lo Fatal ( R. D)<\/td>\n<\/tr>\n<tr>\n<td style=\"width: 203.75px;\" bgcolor=\"#FFFFFF\">Granada m\u00eda<\/td>\n<td style=\"width: 227.25px;\" bgcolor=\"#FFFFFF\">Marcha Triunfal (R.D)<\/td>\n<\/tr>\n<tr>\n<td style=\"width: 203.75px;\" bgcolor=\"#FFFFFF\">El Granadino<\/td>\n<td style=\"width: 227.25px;\" bgcolor=\"#FFFFFF\">Canto de Esperanza (R.D)<\/td>\n<\/tr>\n<tr>\n<td style=\"width: 203.75px;\" bgcolor=\"#FFFFFF\">Granada Mestiza<\/td>\n<td style=\"width: 227.25px;\" bgcolor=\"#FFFFFF\">Poema: La Bala ( S.S)<\/td>\n<\/tr>\n<tr>\n<td style=\"width: 203.75px;\" bgcolor=\"#FFFFFF\">Granada Inmortal<\/td>\n<td style=\"width: 227.25px;\" bgcolor=\"#FFFFFF\">Viva Le\u00f3n<\/td>\n<\/tr>\n<tr>\n<td style=\"width: 203.75px;\" bgcolor=\"#FFFFFF\">La Piedra Bocona<\/td>\n<td style=\"width: 227.25px;\" bgcolor=\"#FFFFFF\">Chinandega<\/td>\n<\/tr>\n<tr>\n<td style=\"width: 203.75px;\" bgcolor=\"#FFFFFF\"><a href=\"http:\/\/nicaragua-travel-guide.com\/site\/canciones-nacionales-durante-un-tour\/\">Sor Mar\u00eda Romero<\/a><\/td>\n<td style=\"width: 227.25px;\" bgcolor=\"#FFFFFF\">Matagalpa<\/td>\n<\/tr>\n<tr>\n<td style=\"width: 203.75px;\" bgcolor=\"#FFFFFF\">La Agon\u00eda del Crep\u00fasculo<\/td>\n<td style=\"width: 227.25px;\" bgcolor=\"#FFFFFF\">Poneloya<\/td>\n<\/tr>\n<tr>\n<td style=\"width: 203.75px;\" bgcolor=\"#FFFFFF\">Salve Azucena Divina<\/td>\n<td style=\"width: 227.25px;\" bgcolor=\"#FFFFFF\">Managua<\/td>\n<\/tr>\n<tr>\n<td style=\"width: 203.75px;\" bgcolor=\"#FFFFFF\">Pax Tibi<\/td>\n<td style=\"width: 227.25px;\" bgcolor=\"#FFFFFF\">Masaya<\/td>\n<\/tr>\n<tr>\n<td style=\"width: 203.75px;\" bgcolor=\"#FFFFFF\">Rio San Juan<\/td>\n<td style=\"width: 227.25px;\" bgcolor=\"#FFFFFF\">San Juan del Sur<\/td>\n<\/tr>\n<tr>\n<td style=\"width: 203.75px;\" bgcolor=\"#FFFFFF\">La Carle\u00f1ita<\/td>\n<td style=\"width: 227.25px;\" bgcolor=\"#FFFFFF\">Quincho Barrilete<\/td>\n<\/tr>\n<tr>\n<td style=\"width: 203.75px;\" bgcolor=\"#FFFFFF\">Corn Island Tropical<\/td>\n<td style=\"width: 227.25px;\" bgcolor=\"#FFFFFF\">Himno Panamericano<\/td>\n<\/tr>\n<tr>\n<td style=\"width: 203.75px;\" bgcolor=\"#FFFFFF\">La Flor de Sacuanjoche<\/td>\n<td style=\"width: 227.25px;\" bgcolor=\"#FFFFFF\">Credo de la Juventud Nica<\/td>\n<\/tr>\n<tr>\n<td style=\"width: 203.75px;\" bgcolor=\"#FFFFFF\"><strong>Karaoke<\/strong><\/td>\n<td style=\"width: 227.25px;\" bgcolor=\"#FFFFFF\"><strong>M\u00fasica en Vivo<\/strong><\/td>\n<\/tr>\n<tr>\n<td style=\"width: 431px;\" colspan=\"2\" bgcolor=\"#FFFFFF\">\n<table border=\"0\">\n<tbody>\n<tr>\n<td height=\"26\">Piano<\/td>\n<td>Guitarra<\/td>\n<td>Marimbas<\/td>\n<td>Grupos Musicales<\/td>\n<\/tr>\n<\/tbody>\n<\/table>\n<\/td>\n<\/tr>\n<\/tbody>\n<\/table>\n<\/td>\n<\/tr>\n<\/tbody>\n<\/table>\n<\/article>\n<\/section>\n<\/div>\n<\/div>\n<\/div>\n","protected":false},"excerpt":{"rendered":"<p>Perfil del Gu\u00eda: \u00abTours Opera Gioconda\u00bb Ver Nicaragua Travel guide.com en un mapa \u00a0 Por mayor informaci\u00f3n y reservaci\u00f3n Contactarnos Licencia y registro de Gu\u00eda Nacional en INTUR \u00abGu\u00eda\u00a0Nacional y Cantante\u00bb Gioconda\u00a0naci\u00f3\u00a0en Granada nicaragua, ha finalizado sus estudios en la universidad. y en el a\u00f1o 2005\u00a0comenz\u00f3\u00a0a operar como\u00a0gu\u00eda\u00a0nacional. Viajar, leer, la\u00a0escenograf\u00eda, fotograf\u00edas\u00a0 paisajes, la flora [&hellip;]<\/p>\n","protected":false},"author":2,"featured_media":0,"parent":0,"menu_order":0,"comment_status":"closed","ping_status":"closed","template":"","meta":{"footnotes":""},"_links":{"self":[{"href":"https:\/\/nicaragua-travel-guide.com\/site\/wp-json\/wp\/v2\/pages\/13319"}],"collection":[{"href":"https:\/\/nicaragua-travel-guide.com\/site\/wp-json\/wp\/v2\/pages"}],"about":[{"href":"https:\/\/nicaragua-travel-guide.com\/site\/wp-json\/wp\/v2\/types\/page"}],"author":[{"embeddable":true,"href":"https:\/\/nicaragua-travel-guide.com\/site\/wp-json\/wp\/v2\/users\/2"}],"replies":[{"embeddable":true,"href":"https:\/\/nicaragua-travel-guide.com\/site\/wp-json\/wp\/v2\/comments?post=13319"}],"version-history":[{"count":23,"href":"https:\/\/nicaragua-travel-guide.com\/site\/wp-json\/wp\/v2\/pages\/13319\/revisions"}],"predecessor-version":[{"id":16656,"href":"https:\/\/nicaragua-travel-guide.com\/site\/wp-json\/wp\/v2\/pages\/13319\/revisions\/16656"}],"wp:attachment":[{"href":"https:\/\/nicaragua-travel-guide.com\/site\/wp-json\/wp\/v2\/media?parent=13319"}],"curies":[{"name":"wp","href":"https:\/\/api.w.org\/{rel}","templated":true}]}}