{"id":14353,"date":"2017-04-30T21:14:43","date_gmt":"2017-04-30T21:14:43","guid":{"rendered":"http:\/\/nicaragua-travel-guide.com\/site\/?page_id=14353"},"modified":"2017-04-30T21:22:10","modified_gmt":"2017-04-30T21:22:10","slug":"cereal-pinolilloorchata-semilla-de-jicaro-avena-molida-avena-en-ojuela-soya","status":"publish","type":"page","link":"https:\/\/nicaragua-travel-guide.com\/site\/cereal-pinolilloorchata-semilla-de-jicaro-avena-molida-avena-en-ojuela-soya\/","title":{"rendered":"Cereal pinolillo,orchata, semilla de jicaro, avena molida, avena en ojuela, soya,"},"content":{"rendered":"<table style=\"width: 598px;\">\n<tbody>\n<tr style=\"height: 24px;\">\n<td style=\"width: 650px; height: 24px;\" colspan=\"3\"><img loading=\"lazy\" decoding=\"async\" class=\"alignnone size-full wp-image-14354\" src=\"http:\/\/nicaragua-travel-guide.com\/site\/wp-content\/uploads\/2017\/04\/SaSa-web-Pinolillo2.jpg\" alt=\"SaSa-web-Pinolillo\" width=\"600\" height=\"343\" \/><\/td>\n<\/tr>\n<tr style=\"height: 24px;\">\n<td style=\"width: 650px; height: 24px;\" colspan=\"3\">\u00a0\u00a0\u00a0El delicioso sabor de <strong>Pinolillo Sasa<\/strong> despierta el paladar e invita a degustar de esta bebida tradicional nicarag\u00fcense, elaborada a base de ma\u00edz tostado, cacao y especias. Su f\u00e1cil preparaci\u00f3n, ya sea con agua o leche, la convierte en una bebida preferida por nuestros consumidores.<\/td>\n<\/tr>\n<tr style=\"height: 24px;\">\n<td style=\"width: 141px; height: 24px;\"><\/td>\n<td style=\"width: 339px; height: 24px;\"><img loading=\"lazy\" decoding=\"async\" class=\"alignnone size-full wp-image-14356\" src=\"http:\/\/nicaragua-travel-guide.com\/site\/wp-content\/uploads\/2017\/04\/SaSa-Pinolillo-2K.png\" alt=\"SaSa-Pinolillo-2K\" width=\"285\" height=\"450\" \/><\/td>\n<td style=\"width: 170px; height: 24px;\"><\/td>\n<\/tr>\n<tr style=\"height: 24px;\">\n<td style=\"width: 141px; height: 24px;\">\u00a0Pinolillo SaSa<\/td>\n<td style=\"width: 339px; height: 24px;\">\u00a0\u00a0(50 gramos)<\/td>\n<td style=\"width: 170px; height: 24px;\"><\/td>\n<\/tr>\n<tr style=\"height: 24px;\">\n<td style=\"width: 141px; height: 24px;\">Pinolillo\u00a0\u00a0SaSa<\/td>\n<td style=\"width: 339px; height: 24px;\">(400 gramos)<\/td>\n<td style=\"width: 170px; height: 24px;\"><\/td>\n<\/tr>\n<tr style=\"height: 24px;\">\n<td style=\"width: 141px; height: 24px;\">Pinolillo\u00a0\u00a0SaSa 2K<\/td>\n<td style=\"width: 339px; height: 24px;\">\n<table>\n<tbody>\n<tr>\n<td>(1500 gramos \/ 52.91 oz)<\/td>\n<\/tr>\n<\/tbody>\n<\/table>\n<p><strong>\u00a0<\/strong><\/td>\n<td style=\"width: 170px; height: 24px;\"><\/td>\n<\/tr>\n<\/tbody>\n<\/table>\n","protected":false},"excerpt":{"rendered":"<p>\u00a0\u00a0\u00a0El delicioso sabor de Pinolillo Sasa despierta el paladar e invita a degustar de esta bebida tradicional nicarag\u00fcense, elaborada a base de ma\u00edz tostado, cacao y especias. Su f\u00e1cil preparaci\u00f3n, ya sea con agua o leche, la convierte en una bebida preferida por nuestros consumidores. \u00a0Pinolillo SaSa \u00a0\u00a0(50 gramos) Pinolillo\u00a0\u00a0SaSa (400 gramos) Pinolillo\u00a0\u00a0SaSa 2K (1500 [&hellip;]<\/p>\n","protected":false},"author":2,"featured_media":0,"parent":0,"menu_order":0,"comment_status":"closed","ping_status":"closed","template":"","meta":{"footnotes":""},"_links":{"self":[{"href":"https:\/\/nicaragua-travel-guide.com\/site\/wp-json\/wp\/v2\/pages\/14353"}],"collection":[{"href":"https:\/\/nicaragua-travel-guide.com\/site\/wp-json\/wp\/v2\/pages"}],"about":[{"href":"https:\/\/nicaragua-travel-guide.com\/site\/wp-json\/wp\/v2\/types\/page"}],"author":[{"embeddable":true,"href":"https:\/\/nicaragua-travel-guide.com\/site\/wp-json\/wp\/v2\/users\/2"}],"replies":[{"embeddable":true,"href":"https:\/\/nicaragua-travel-guide.com\/site\/wp-json\/wp\/v2\/comments?post=14353"}],"version-history":[{"count":4,"href":"https:\/\/nicaragua-travel-guide.com\/site\/wp-json\/wp\/v2\/pages\/14353\/revisions"}],"predecessor-version":[{"id":14361,"href":"https:\/\/nicaragua-travel-guide.com\/site\/wp-json\/wp\/v2\/pages\/14353\/revisions\/14361"}],"wp:attachment":[{"href":"https:\/\/nicaragua-travel-guide.com\/site\/wp-json\/wp\/v2\/media?parent=14353"}],"curies":[{"name":"wp","href":"https:\/\/api.w.org\/{rel}","templated":true}]}}