{"id":15166,"date":"2018-12-26T22:32:56","date_gmt":"2018-12-26T22:32:56","guid":{"rendered":"https:\/\/nicaragua-travel-guide.com\/site\/?page_id=15166"},"modified":"2018-12-26T23:03:31","modified_gmt":"2018-12-26T23:03:31","slug":"menu-desayunos-hotel-y-restaurante-hacienda-san-pedro-carazo-san-marcos-nicaragua-centroamerica","status":"publish","type":"page","link":"https:\/\/nicaragua-travel-guide.com\/site\/menu-desayunos-hotel-y-restaurante-hacienda-san-pedro-carazo-san-marcos-nicaragua-centroamerica\/","title":{"rendered":"Men\u00fa Desayunos Hotel y Restaurante Hacienda San Pedro"},"content":{"rendered":"<table style=\"width: 699px;\">\n<tbody>\n<tr>\n<td style=\"width: 641px;\"><img loading=\"lazy\" decoding=\"async\" class=\"alignnone size-full wp-image-15167\" src=\"https:\/\/nicaragua-travel-guide.com\/site\/wp-content\/uploads\/2018\/12\/Menu-Desayunos-Hotel-y-Restaurante-Hacienda-San-Pedro-Carazo-San-Marcos-Nicaragua-Centroamerica.jpg\" alt=\"\" width=\"725\" height=\"960\" srcset=\"https:\/\/nicaragua-travel-guide.com\/site\/wp-content\/uploads\/2018\/12\/Menu-Desayunos-Hotel-y-Restaurante-Hacienda-San-Pedro-Carazo-San-Marcos-Nicaragua-Centroamerica.jpg 725w, https:\/\/nicaragua-travel-guide.com\/site\/wp-content\/uploads\/2018\/12\/Menu-Desayunos-Hotel-y-Restaurante-Hacienda-San-Pedro-Carazo-San-Marcos-Nicaragua-Centroamerica-600x794.jpg 600w\" sizes=\"(max-width: 725px) 100vw, 725px\" \/><\/td>\n<\/tr>\n<tr>\n<td style=\"width: 641px; background-color: #215703;\">\n<p style=\"text-align: center;\"><span style=\"color: #ffffff;\">Hotel del a\u00f1o!!! a tan\u00a0 solo 50 minutos\u00a0 de la capital de Nicaragua!!!<\/span><\/p>\n<p style=\"text-align: center;\"><span style=\"color: #ffffff;\">En San Marcos, Carazo<\/span><\/p>\n<table style=\"width: 691px;\">\n<tbody>\n<tr>\n<td style=\"width: 687px; background-color: #8c0606; border-color: #faf20a;\">\n<p style=\"text-align: center;\"><span style=\"color: #ffff00;\">Categor\u00eda: Estrellas de oro***<\/span><\/p>\n<p style=\"text-align: center;\"><span style=\"color: #ffffff;\">Conozca m\u00e1s de nosotros aqu\u00ed<\/span><\/p>\n<\/td>\n<\/tr>\n<\/tbody>\n<\/table>\n<\/td>\n<\/tr>\n<tr>\n<td style=\"width: 641px;\">\n<table style=\"width: 680px;\">\n<tbody>\n<tr style=\"height: 34px;\">\n<td style=\"background-color: #215703; border-color: #215703; height: 34px;\" colspan=\"2\">\n<table style=\"width: 685px;\">\n<tbody>\n<tr>\n<td style=\"background-color: #fce40a; border-color: #000000;\">*<a href=\"https:\/\/nicaragua-travel-guide.com\/site\/menu-desayunos-hotel-y-restaurante-hacienda-san-pedro-carazo-san-marcos-nicaragua-centroamerica\/\"><span style=\"color: #000000;\"><strong>Desayunos<\/strong><\/span><\/a><\/td>\n<td style=\"background-color: #fce40a; border-color: #000000;\"><span style=\"color: #ffff00;\"><strong>\u00a0 \u00a0<\/strong><span style=\"color: #000000;\">* Restaurante (men\u00fa)<\/span><\/span><\/td>\n<td style=\"background-color: #fce40a; border-color: #000000;\"><span style=\"color: #ff9900;\">\u00a0 <span style=\"color: #ffffff;\">\u00a0<span style=\"color: #000000;\">* Men\u00fa de evento Especial<\/span><\/span><\/span><\/td>\n<\/tr>\n<\/tbody>\n<\/table>\n<\/td>\n<\/tr>\n<tr style=\"height: 24px;\">\n<td style=\"background-color: #215703; border-color: #215703; text-align: center; height: 24px;\" colspan=\"2\"><span style=\"color: #ffffff;\"><strong>Organizamos eventos especiales paquetes a la medida<\/strong><\/span><\/td>\n<\/tr>\n<tr style=\"height: 24px;\">\n<td style=\"width: 20px; height: 24px; background-color: #fafafa; text-align: center;\" colspan=\"2\">\u00a0<span style=\"color: #000000;\"><strong>Eventos Sociales, Pol\u00edticos, Culturales, Religiosos,Educativos<\/strong><\/span><\/td>\n<\/tr>\n<tr style=\"height: 154px;\">\n<td style=\"background-color: #d0f7ab; border-color: #d0f7ab; height: 154px;\" colspan=\"2\">\n<table style=\"width: 680px;\">\n<tbody>\n<tr>\n<td style=\"width: 235px; background-color: #1f6304;\"><span style=\"color: #ffffff;\"><b>Evento Social:<\/b><\/span><\/td>\n<td style=\"background-color: #d0f7ab; border-color: #d0f7ab;\" colspan=\"2\"><\/td>\n<\/tr>\n<tr>\n<td style=\"background-color: #d0f7ab; border-color: #d0f7ab;\">* Baby Shower<\/td>\n<td style=\"background-color: #d0f7ab; border-color: #d0f7ab;\">*Comuni\u00f3n<\/td>\n<td style=\"background-color: #d0f7ab; border-color: #d0f7ab;\">*Boda<\/td>\n<\/tr>\n<tr>\n<td style=\"background-color: #d0f7ab; border-color: #d0f7ab;\">*Bautizo<\/td>\n<td style=\"background-color: #d0f7ab; border-color: #d0f7ab;\">*Cumplea\u00f1os<\/td>\n<td style=\"background-color: #d0f7ab; border-color: #d0f7ab;\">*Aniversarios<\/td>\n<\/tr>\n<tr>\n<td style=\"background-color: #d0f7ab; border-color: #d0f7ab;\">*P\u00ed\u00f1atas<\/td>\n<td style=\"background-color: #d0f7ab; border-color: #d0f7ab;\">*Quince a\u00f1os<\/td>\n<td style=\"background-color: #d0f7ab; border-color: #d0f7ab;\">*Ceremonias<\/td>\n<\/tr>\n<tr>\n<td style=\"background-color: #d0f7ab; border-color: #d0f7ab;\"><strong>Despedidas<\/strong><\/td>\n<td style=\"background-color: #d0f7ab; border-color: #d0f7ab;\"><strong>Bienvenidas<\/strong><\/td>\n<td style=\"background-color: #d0f7ab; border-color: #d0f7ab;\">*Graduaciones<\/td>\n<\/tr>\n<\/tbody>\n<\/table>\n<\/td>\n<\/tr>\n<tr style=\"height: 34px;\">\n<td style=\"background-color: #d0f7ab; border-color: #d0f7ab; height: 34px;\" colspan=\"2\">\n<table style=\"width: 679px;\">\n<tbody>\n<tr>\n<td style=\"width: 229px; background-color: #1f6304;\"><span style=\"color: #ffff00;\"><strong>Evento Corporativo:<\/strong><\/span><\/td>\n<td style=\"width: 442px; background-color: #d0f7ab; border-color: #d0f7ab;\"><\/td>\n<\/tr>\n<\/tbody>\n<\/table>\n<\/td>\n<\/tr>\n<tr style=\"height: 24px;\">\n<td style=\"width: 20px; height: 24px; background-color: #fafafa; text-align: center;\" colspan=\"2\"><span style=\"color: #000000;\"><strong>Empresarial, Ejecutivo : Seminario, Taller,\u00a0<b>Capacitaci\u00f3n,Cursos<\/b><\/strong><\/span><\/td>\n<\/tr>\n<tr style=\"height: 128px;\">\n<td style=\"width: 20px; height: 128px; background-color: #9fd143; border-color: #9fd143;\" colspan=\"2\">\n<table style=\"width: 684px;\">\n<tbody>\n<tr>\n<td style=\"width: 264px;\"><strong>Sala Privada<\/strong><\/td>\n<td style=\"width: 187px;\"><strong>Sal\u00f3n Abierto<\/strong><\/td>\n<td style=\"width: 221px;\">\u00a0<strong>\u00c1reas Abiertas<\/strong><\/td>\n<\/tr>\n<tr>\n<td style=\"width: 264px;\">*<strong><a href=\"https:\/\/nicaragua-travel-guide.com\/site\/salon-de-conferencia-eventos-especiales-hotel-boutique-restaurante-hacienda-san-pedro-carazo-san-marcos-nicaragua\/\">Sal\u00f3n de conferencias<\/a><\/strong><\/td>\n<td style=\"width: 187px;\">\u00a0*<strong><a href=\"https:\/\/nicaragua-travel-guide.com\/site\/salon-de-eventos-el-sandial-hotel-boutique-y-restaurante-hacienda-san-pedro-carazo-san-marcos-nicaragua\/\">Sal\u00f3n El Sandial<\/a><\/strong><\/td>\n<td style=\"width: 221px;\">*<strong><a href=\"https:\/\/nicaragua-travel-guide.com\/site\/evento-especial-area-verde-hotel-boutique-y-restaurante-san-pedro\/\">\u00c1rea Verde<\/a><\/strong><\/td>\n<\/tr>\n<tr>\n<td style=\"width: 264px;\"><strong>*<a href=\"https:\/\/nicaragua-travel-guide.com\/site\/sala-de-reunion-ejecutiva-hotel-boutique-y-restaurante-hacienda-san-pedro-nicaragua-carazo-san-marcos\/\">Sala de reuni\u00f3n ejecutiva<\/a><\/strong><\/td>\n<td style=\"width: 187px;\"><strong>*<a href=\"https:\/\/nicaragua-travel-guide.com\/site\/salon-de-eventos-especiales-el-pozo-hotel-boutique-y-restaurante-hacienda-san-pedro-nicaragua-carazo-san-marcos\/\">Sal\u00f3n El Pozo<\/a><\/strong><\/td>\n<td style=\"width: 221px;\"><strong>*<a href=\"https:\/\/nicaragua-travel-guide.com\/site\/salon-de-eventos-templete-gerry-hotel-boutique-y-restaurante-hacienda-san-pedro-carazo-san-marcos-nicaragua\/\">Templete Gerry<\/a><\/strong><\/td>\n<\/tr>\n<tr>\n<td style=\"width: 264px;\"><strong>*<a href=\"https:\/\/nicaragua-travel-guide.com\/site\/jardines-frontales-salon-de-evento-especial-hotel-boutique-y-restaurante-hacienda-san-pedro-nicaragua-carazo-san-marcos\/\">Jardines Frontales<\/a><\/strong><\/td>\n<td style=\"width: 187px;\">\u00a0<strong>*<a href=\"https:\/\/nicaragua-travel-guide.com\/site\/piscina-san-marcos-carazo-nicaragua-hotel-boutique-y-restaurante-hacienda-san-pedro\/\">La Piscina<\/a><\/strong><\/td>\n<td style=\"width: 221px;\">*<a href=\"https:\/\/nicaragua-travel-guide.com\/site\/hotel-boutique-y-restaurante-hacienda-san-pedro-area-abierta-evento-especial-campestre-los-mangos-carazo-san-marcos-nicaragua-centroamerica\/\">Los Mangos<\/a><\/td>\n<\/tr>\n<tr>\n<td style=\"width: 264px;\">*<strong><a href=\"https:\/\/nicaragua-travel-guide.com\/site\/anfiteatro-hotel-boutique\/\">Anfiteatro<\/a><\/strong><\/td>\n<td style=\"width: 187px;\">*<strong><a href=\"https:\/\/nicaragua-travel-guide.com\/site\/hotel-boutique-y-restaurante-hacienda-san-pedro-carazo-san-marcos-nicaragua-area-de-juegos-casita-y-columpio-para-ninos-team-building-deporte-extremo-pista-club-4x4\/\">\u00c1rea de Juegos<\/a><\/strong><\/td>\n<td style=\"width: 221px;\"><strong>*<a href=\"https:\/\/nicaragua-travel-guide.com\/site\/team-building-desarrollando-empresas-y-personal-hotel-boutique-y-restaurante-hacienda-san-pedro-nicaragua-carazo-san-marcos\/\">TeamBuilding<\/a><\/strong><strong><br \/>\n<\/strong><\/td>\n<\/tr>\n<\/tbody>\n<\/table>\n<p>&nbsp;<\/td>\n<\/tr>\n<tr style=\"height: 34px;\">\n<td style=\"background-color: #fafafa; border-color: #fafafa;\" colspan=\"2\">\n<table style=\"width: 682px;\">\n<tbody>\n<tr>\n<td style=\"width: 674px; background-color: #f7e99e;\"><strong>\u00a0 \u00a0 \u00a0 \u00a0 \u00a0 \u00a0 \u00a0 \u00a0 *Pista Deporte Extremo *4&#215;4 Off Road\u00a0\u00a0 \u00a0 \u00a0 \u00a0 \u00a0 \u00a0 \u00a0<\/strong><strong>*<a href=\"https:\/\/nicaragua-travel-guide.com\/site\/parqueo-hotel-boutique\/\">Amplio Parqueo<\/a><\/strong><\/td>\n<\/tr>\n<\/tbody>\n<\/table>\n<\/td>\n<\/tr>\n<tr style=\"height: 34px;\">\n<td style=\"background-color: #fafafa; border-color: #fafafa;\" colspan=\"2\">\n<table style=\"width: 683px;\">\n<tbody>\n<tr>\n<td style=\"background-color: #b4c949; text-align: center; width: 342px;\">\u00a0<span style=\"color: #000000;\"><strong>Actividades Guiadas\u00a0<\/strong><\/span><\/td>\n<td style=\"background-color: #b4c949; text-align: center; width: 329px;\"><span style=\"color: #000000;\"><strong>\u00a0Tour de 15 minutos caminata<\/strong><\/span><\/td>\n<\/tr>\n<\/tbody>\n<\/table>\n<\/td>\n<\/tr>\n<tr style=\"height: 73px;\">\n<td style=\"background-color: #fafafa; border-color: #fafafa;\" colspan=\"2\">\n<table style=\"width: 682px;\">\n<tbody>\n<tr>\n<td style=\"width: 674px; background-color: #055af7;\">\n<h5 style=\"text-align: center;\"><span style=\"color: #ffffff;\">\u00a0Tambi\u00e9n ofrecemos nuestra extensi\u00f3n\u00a0\u00a0en la costa pacifica \u00abLa Boquita\u00bb<\/span><\/h5>\n<\/td>\n<\/tr>\n<\/tbody>\n<\/table>\n<\/td>\n<\/tr>\n<tr style=\"height: 154px;\">\n<td style=\"width: 20px; height: 154px;\" colspan=\"2\">\n<table style=\"width: 685px;\">\n<tbody>\n<tr>\n<td style=\"width: 673px; background-color: #215703;\" colspan=\"3\"><span style=\"color: #ffffff;\"><strong>*Volver a Inicio<\/strong>\u00a0<strong>\u00a0 \u00a0*<a href=\"https:\/\/nicaragua-travel-guide.com\/site\/tours\/hotel-boutique-restaurante-hacienda-san-pedro-san-marcos-carazo-nicaragua\/\">Hotel Boutique<\/a><\/strong><\/span><\/td>\n<\/tr>\n<tr>\n<td style=\"width: 208px; background-color: #05fcfc;\"><strong>*<a href=\"https:\/\/nicaragua-travel-guide.com\/site\/habitaciones-hotel-boutique-y-restaurante-hacienda-san-pedro-carazo-san-marcos\/\">Tipo de Habitaciones<\/a><\/strong><\/td>\n<td style=\"width: 215px;\"><a href=\"https:\/\/nicaragua-travel-guide.com\/site\/menu-desayunos-hotel-y-restaurante-hacienda-san-pedro-carazo-san-marcos-nicaragua-centroamerica\/\">*Desayunos<\/a><\/td>\n<td style=\"width: 250px;\">*Como es un\u00a0 Hotel Boutique?<\/td>\n<\/tr>\n<tr>\n<td style=\"width: 208px; background-color: #fcfc05;\"><strong>*<a href=\"https:\/\/nicaragua-travel-guide.com\/site\/ubicacion\/restaurante-hacienda-san-pedro-carazo-san-marcos-nicaragua-hotel-boutique-eventos-especiales-servicio-buffet-salones\/\">Restaurante<\/a> (Men\u00fa)<\/strong><\/td>\n<td style=\"width: 215px;\"><a href=\"https:\/\/nicaragua-travel-guide.com\/site\/menu-desayunos-hotel-y-restaurante-hacienda-san-pedro-carazo-san-marcos-nicaragua-centroamerica\/\">*Desayunos<\/a><\/td>\n<td style=\"width: 250px;\"><\/td>\n<\/tr>\n<tr>\n<td style=\"width: 208px; background-color: #7a0505;\"><span style=\"color: #ffffff;\"><strong>*Galer\u00eda de Arte Sacro<\/strong><\/span><\/td>\n<td style=\"width: 215px;\">*Promociones<\/td>\n<td style=\"width: 250px;\"><\/td>\n<\/tr>\n<tr>\n<td style=\"width: 208px; background-color: #d2f7d0;\"><strong>*Eventos<\/strong><\/td>\n<td style=\"width: 215px;\">*Promociones<\/td>\n<td style=\"width: 250px;\"><\/td>\n<\/tr>\n<\/tbody>\n<\/table>\n<\/td>\n<\/tr>\n<tr style=\"height: 48px;\">\n<td style=\"background-color: #fafafa; border-color: #fafafa; height: 48px;\" colspan=\"2\"><strong>Contactarnos:\u00a0 \u00a0 \u00a0 \u00a0 \u00a0 \u00a0 \u00a0 \u00a0 \u00a0 \u00a0 \u00a0 \u00a0 \u00a0 \u00a0 \u00a0 \u00a0 \u00a0 \u00a0 \u00a0 \u00a0 \u00a0 \u00a0 \u00a0 \u00a0 \u00a0 \u00a0 \u00a0 \u00a0 \u00a0 \u00a0 \u00a0 \u00a0 \u00a0 \u00a0 \u00a0 \u00a0 \u00a0 \u00a0 \u00a0 \u00a0 \u00a0 \u00a0 \u00a0 \u00a0 \u00a0 \u00a0 \u00a0 \u00a0 \u00a0 \u00a0 \u00a0 \u00a0 \u00a0 \u00a0 \u00a0 \u00a0 \u00a0 \u00a0 \u00a0 \u00a0 \u00a0 \u00a0 \u00a0 \u00a0 \u00a0 \u00a0 \u00a0 \u00a0 \u00a0 \u00a0 \u00a0 \u00a0 \u00a0 \u00a0 \u00a0 \u00a0 \u00a0 \u00a0 \u00a0 \u00a0 \u00a0 \u00a0 \u00a0 \u00a0 \u00a0 \u00a0 \u00a0 \u00a0 \u00a0 \u00a0 \u00a0 \u00a0 \u00a0 \u00a0 \u00a0 \u00a0 \u00a0 \u00a0 \u00a0 \u00a0 \u00a0 \u00a0 \u00a0 \u00a0 \u00a0 \u00a0 \u00a0\u00a0<\/strong>Tel:(505) 2535 2859 \/60\u00a0 \u00a0 \u00a0 Cel M: (505) 8883 2125 \u00a0WhatsApp<\/td>\n<\/tr>\n<tr style=\"height: 24px;\">\n<td style=\"background-color: #fafafa; border-color: #fafafa; height: 24px; text-align: center;\" colspan=\"2\">Correo: hotelhaciendasanpedro@gmail.com<\/td>\n<\/tr>\n<tr style=\"height: 24px;\">\n<td style=\"background-color: #fafafa; border-color: #fafafa; height: 24px;\" colspan=\"2\"><strong>S\u00edguenos en nuestras redes sociales y comparte&#8230;<\/strong><\/td>\n<\/tr>\n<tr style=\"height: 138px;\">\n<td style=\"background-color: #fafafa; border-color: #fafafa; height: 138px;\" colspan=\"2\">\n<table style=\"width: 686px;\">\n<tbody>\n<tr>\n<td style=\"background-color: #fafafa; border-color: #fafafa; width: 74px;\"><a href=\"https:\/\/www.facebook.com\/hotelyrestaurantehaciendasanpedro\/?ref=br_rs\"><img loading=\"lazy\" decoding=\"async\" class=\"wp-image-14831 alignnone\" src=\"https:\/\/nicaragua-travel-guide.com\/site\/wp-content\/uploads\/2018\/12\/Hotel-Boutique-y-restaurante-hacienda-san-pedro-carazo-san-marcos-facebook.jpg\" alt=\"\" width=\"103\" height=\"103\" srcset=\"https:\/\/nicaragua-travel-guide.com\/site\/wp-content\/uploads\/2018\/12\/Hotel-Boutique-y-restaurante-hacienda-san-pedro-carazo-san-marcos-facebook.jpg 600w, https:\/\/nicaragua-travel-guide.com\/site\/wp-content\/uploads\/2018\/12\/Hotel-Boutique-y-restaurante-hacienda-san-pedro-carazo-san-marcos-facebook-300x300.jpg 300w, https:\/\/nicaragua-travel-guide.com\/site\/wp-content\/uploads\/2018\/12\/Hotel-Boutique-y-restaurante-hacienda-san-pedro-carazo-san-marcos-facebook-100x100.jpg 100w, https:\/\/nicaragua-travel-guide.com\/site\/wp-content\/uploads\/2018\/12\/Hotel-Boutique-y-restaurante-hacienda-san-pedro-carazo-san-marcos-facebook-200x200.jpg 200w\" sizes=\"(max-width: 103px) 100vw, 103px\" \/><\/a><\/td>\n<td style=\"background-color: #fafafa; border-color: #fafafa; width: 85px;\"><a href=\"https:\/\/twitter.com\/HaciendaSanpedr\"><img loading=\"lazy\" decoding=\"async\" class=\"wp-image-14832 alignnone\" src=\"https:\/\/nicaragua-travel-guide.com\/site\/wp-content\/uploads\/2018\/12\/Hotel-Boutique-y-restaurante-hacienda-san-pedro-carazo-san-marcos-twitter.jpg\" alt=\"\" width=\"111\" height=\"111\" srcset=\"https:\/\/nicaragua-travel-guide.com\/site\/wp-content\/uploads\/2018\/12\/Hotel-Boutique-y-restaurante-hacienda-san-pedro-carazo-san-marcos-twitter.jpg 600w, https:\/\/nicaragua-travel-guide.com\/site\/wp-content\/uploads\/2018\/12\/Hotel-Boutique-y-restaurante-hacienda-san-pedro-carazo-san-marcos-twitter-300x300.jpg 300w, https:\/\/nicaragua-travel-guide.com\/site\/wp-content\/uploads\/2018\/12\/Hotel-Boutique-y-restaurante-hacienda-san-pedro-carazo-san-marcos-twitter-100x100.jpg 100w, https:\/\/nicaragua-travel-guide.com\/site\/wp-content\/uploads\/2018\/12\/Hotel-Boutique-y-restaurante-hacienda-san-pedro-carazo-san-marcos-twitter-200x200.jpg 200w\" sizes=\"(max-width: 111px) 100vw, 111px\" \/><\/a><\/td>\n<td style=\"background-color: #fafafa; border-color: #fafafa; width: 105px;\"><a href=\"https:\/\/www.linkedin.com\/in\/hotel-y-restaurante-hacienda-san-pedro-b324608b\/\"><img loading=\"lazy\" decoding=\"async\" class=\"size-full wp-image-14833 alignnone\" src=\"https:\/\/nicaragua-travel-guide.com\/site\/wp-content\/uploads\/2018\/12\/Hotel-Boutique-y-restaurante-hacienda-san-pedro-carazo-san-marcos-Linkedin.jpg\" alt=\"\" width=\"600\" height=\"600\" srcset=\"https:\/\/nicaragua-travel-guide.com\/site\/wp-content\/uploads\/2018\/12\/Hotel-Boutique-y-restaurante-hacienda-san-pedro-carazo-san-marcos-Linkedin.jpg 600w, https:\/\/nicaragua-travel-guide.com\/site\/wp-content\/uploads\/2018\/12\/Hotel-Boutique-y-restaurante-hacienda-san-pedro-carazo-san-marcos-Linkedin-300x300.jpg 300w, https:\/\/nicaragua-travel-guide.com\/site\/wp-content\/uploads\/2018\/12\/Hotel-Boutique-y-restaurante-hacienda-san-pedro-carazo-san-marcos-Linkedin-100x100.jpg 100w, https:\/\/nicaragua-travel-guide.com\/site\/wp-content\/uploads\/2018\/12\/Hotel-Boutique-y-restaurante-hacienda-san-pedro-carazo-san-marcos-Linkedin-200x200.jpg 200w\" sizes=\"(max-width: 600px) 100vw, 600px\" \/><\/a><\/td>\n<td style=\"background-color: #fafafa; border-color: #fafafa; width: 63px;\"><a href=\"https:\/\/plus.google.com\/u\/0\/+SanPedroHotelyRestaurante\"><img loading=\"lazy\" decoding=\"async\" class=\"size-full wp-image-14834 alignnone\" src=\"https:\/\/nicaragua-travel-guide.com\/site\/wp-content\/uploads\/2018\/12\/Hotel-Boutique-y-restaurante-hacienda-san-pedro-carazo-san-marcos-google-plus.jpg\" alt=\"\" width=\"600\" height=\"600\" srcset=\"https:\/\/nicaragua-travel-guide.com\/site\/wp-content\/uploads\/2018\/12\/Hotel-Boutique-y-restaurante-hacienda-san-pedro-carazo-san-marcos-google-plus.jpg 600w, https:\/\/nicaragua-travel-guide.com\/site\/wp-content\/uploads\/2018\/12\/Hotel-Boutique-y-restaurante-hacienda-san-pedro-carazo-san-marcos-google-plus-300x300.jpg 300w, https:\/\/nicaragua-travel-guide.com\/site\/wp-content\/uploads\/2018\/12\/Hotel-Boutique-y-restaurante-hacienda-san-pedro-carazo-san-marcos-google-plus-100x100.jpg 100w, https:\/\/nicaragua-travel-guide.com\/site\/wp-content\/uploads\/2018\/12\/Hotel-Boutique-y-restaurante-hacienda-san-pedro-carazo-san-marcos-google-plus-200x200.jpg 200w\" sizes=\"(max-width: 600px) 100vw, 600px\" \/><\/a><\/td>\n<td style=\"background-color: #fafafa; border-color: #fafafa; width: 83px;\"><a href=\"https:\/\/www.pinterest.com\/hotelyrestaurantesanpedro\/\"><img loading=\"lazy\" decoding=\"async\" class=\"size-full wp-image-14835 alignnone\" src=\"https:\/\/nicaragua-travel-guide.com\/site\/wp-content\/uploads\/2018\/12\/Hotel-Boutique-y-restaurante-hacienda-san-pedro-carazo-san-marcos-Pinterest.jpg\" alt=\"\" width=\"600\" height=\"600\" srcset=\"https:\/\/nicaragua-travel-guide.com\/site\/wp-content\/uploads\/2018\/12\/Hotel-Boutique-y-restaurante-hacienda-san-pedro-carazo-san-marcos-Pinterest.jpg 600w, https:\/\/nicaragua-travel-guide.com\/site\/wp-content\/uploads\/2018\/12\/Hotel-Boutique-y-restaurante-hacienda-san-pedro-carazo-san-marcos-Pinterest-300x300.jpg 300w, https:\/\/nicaragua-travel-guide.com\/site\/wp-content\/uploads\/2018\/12\/Hotel-Boutique-y-restaurante-hacienda-san-pedro-carazo-san-marcos-Pinterest-100x100.jpg 100w, https:\/\/nicaragua-travel-guide.com\/site\/wp-content\/uploads\/2018\/12\/Hotel-Boutique-y-restaurante-hacienda-san-pedro-carazo-san-marcos-Pinterest-200x200.jpg 200w\" sizes=\"(max-width: 600px) 100vw, 600px\" \/><\/a><\/td>\n<td style=\"background-color: #fafafa; border-color: #fafafa; width: 134px;\"><a href=\"https:\/\/www.youtube.com\/channel\/UCoZfUIVdNC70dLElv2OeL-Q\/videos\"><img loading=\"lazy\" decoding=\"async\" class=\"size-full wp-image-14836 alignnone\" src=\"https:\/\/nicaragua-travel-guide.com\/site\/wp-content\/uploads\/2018\/12\/Hotel-Boutique-y-restaurante-hacienda-san-pedro-carazo-san-marcos-YouTube.jpg\" alt=\"\" width=\"600\" height=\"600\" \/><\/a><\/td>\n<td style=\"background-color: #fafafa; border-color: #fafafa; width: 76px;\">\u00a0<a href=\"https:\/\/www.instagram.com\/explore\/locations\/274818358\/hotel-boutique-y-restaurante-hacienda-san-pedro\/\"><img loading=\"lazy\" decoding=\"async\" class=\"wp-image-14838 alignnone\" src=\"https:\/\/nicaragua-travel-guide.com\/site\/wp-content\/uploads\/2018\/12\/Hotel-Boutique-y-restaurante-hacienda-san-pedro-carazo-san-marcos-Instagram.jpg\" alt=\"\" width=\"64\" height=\"64\" srcset=\"https:\/\/nicaragua-travel-guide.com\/site\/wp-content\/uploads\/2018\/12\/Hotel-Boutique-y-restaurante-hacienda-san-pedro-carazo-san-marcos-Instagram.jpg 600w, https:\/\/nicaragua-travel-guide.com\/site\/wp-content\/uploads\/2018\/12\/Hotel-Boutique-y-restaurante-hacienda-san-pedro-carazo-san-marcos-Instagram-300x300.jpg 300w, https:\/\/nicaragua-travel-guide.com\/site\/wp-content\/uploads\/2018\/12\/Hotel-Boutique-y-restaurante-hacienda-san-pedro-carazo-san-marcos-Instagram-100x100.jpg 100w, https:\/\/nicaragua-travel-guide.com\/site\/wp-content\/uploads\/2018\/12\/Hotel-Boutique-y-restaurante-hacienda-san-pedro-carazo-san-marcos-Instagram-200x200.jpg 200w\" sizes=\"(max-width: 64px) 100vw, 64px\" \/><\/a><\/td>\n<td style=\"background-color: #fafafa; border-color: #fafafa; width: 84px;\"><a href=\"https:\/\/web.whatsapp.com\/\"><img loading=\"lazy\" decoding=\"async\" class=\"wp-image-14839 aligncenter\" src=\"https:\/\/nicaragua-travel-guide.com\/site\/wp-content\/uploads\/2018\/12\/Hotel-Boutique-y-restaurante-hacienda-san-pedro-carazo-san-marcos-WhatsApp.jpg\" alt=\"\" width=\"82\" height=\"82\" srcset=\"https:\/\/nicaragua-travel-guide.com\/site\/wp-content\/uploads\/2018\/12\/Hotel-Boutique-y-restaurante-hacienda-san-pedro-carazo-san-marcos-WhatsApp.jpg 600w, https:\/\/nicaragua-travel-guide.com\/site\/wp-content\/uploads\/2018\/12\/Hotel-Boutique-y-restaurante-hacienda-san-pedro-carazo-san-marcos-WhatsApp-300x300.jpg 300w, https:\/\/nicaragua-travel-guide.com\/site\/wp-content\/uploads\/2018\/12\/Hotel-Boutique-y-restaurante-hacienda-san-pedro-carazo-san-marcos-WhatsApp-100x100.jpg 100w, https:\/\/nicaragua-travel-guide.com\/site\/wp-content\/uploads\/2018\/12\/Hotel-Boutique-y-restaurante-hacienda-san-pedro-carazo-san-marcos-WhatsApp-200x200.jpg 200w\" sizes=\"(max-width: 82px) 100vw, 82px\" \/><\/a><\/td>\n<\/tr>\n<\/tbody>\n<\/table>\n<\/td>\n<\/tr>\n<tr style=\"height: 95px;\">\n<td style=\"background-color: #fafafa; border-color: #fafafa; height: 95px;\" colspan=\"2\"><strong><a href=\"https:\/\/www.tripadvisor.com\/Profile\/hotelhaciendap?fid=68a18292-24da-47a8-85c2-23ca5f0c08df\"><img loading=\"lazy\" decoding=\"async\" class=\"wp-image-15155 aligncenter\" src=\"https:\/\/nicaragua-travel-guide.com\/site\/wp-content\/uploads\/2017\/09\/Hotel-Boutique-y-Restaurante-Hacieda-SanPedro-Carazo-San-Marcos-Nicaragua-TripAdvisor-Booking-and-Reviews.jpg\" alt=\"\" width=\"489\" height=\"96\" \/><\/a><\/strong><\/td>\n<\/tr>\n<tr style=\"height: 216px;\">\n<td style=\"width: 20px; background-color: #215703; height: 216px;\" colspan=\"2\">\n<p style=\"text-align: center;\"><span style=\"color: #ffffff;\">Todos los derechos reservados<\/span><\/p>\n<p style=\"text-align: center;\"><span style=\"color: #ffffff;\">Hotel Boutique y Restaurante Hacienda San Pedro<\/span><\/p>\n<p style=\"text-align: center;\"><span style=\"color: #ffffff;\">del parque central 350 mts al Norte<\/span><\/p>\n<p style=\"text-align: center;\"><span style=\"color: #ffffff;\">\u00a0Carazo\u00a0 &#8211; San Marcos<\/span><\/p>\n<p style=\"text-align: center;\"><span style=\"color: #ffffff;\">\u00a0Nicaragua, Centroam\u00e9rica<\/span><\/p>\n<\/td>\n<\/tr>\n<\/tbody>\n<\/table>\n<\/td>\n<\/tr>\n<\/tbody>\n<\/table>\n","protected":false},"excerpt":{"rendered":"<p>Hotel del a\u00f1o!!! a tan\u00a0 solo 50 minutos\u00a0 de la capital de Nicaragua!!! En San Marcos, Carazo Categor\u00eda: Estrellas de oro*** Conozca m\u00e1s de nosotros aqu\u00ed *Desayunos \u00a0 \u00a0* Restaurante (men\u00fa) \u00a0 \u00a0* Men\u00fa de evento Especial Organizamos eventos especiales paquetes a la medida \u00a0Eventos Sociales, Pol\u00edticos, Culturales, Religiosos,Educativos Evento Social: * Baby Shower *Comuni\u00f3n [&hellip;]<\/p>\n","protected":false},"author":2,"featured_media":0,"parent":0,"menu_order":0,"comment_status":"closed","ping_status":"closed","template":"","meta":{"footnotes":""},"_links":{"self":[{"href":"https:\/\/nicaragua-travel-guide.com\/site\/wp-json\/wp\/v2\/pages\/15166"}],"collection":[{"href":"https:\/\/nicaragua-travel-guide.com\/site\/wp-json\/wp\/v2\/pages"}],"about":[{"href":"https:\/\/nicaragua-travel-guide.com\/site\/wp-json\/wp\/v2\/types\/page"}],"author":[{"embeddable":true,"href":"https:\/\/nicaragua-travel-guide.com\/site\/wp-json\/wp\/v2\/users\/2"}],"replies":[{"embeddable":true,"href":"https:\/\/nicaragua-travel-guide.com\/site\/wp-json\/wp\/v2\/comments?post=15166"}],"version-history":[{"count":13,"href":"https:\/\/nicaragua-travel-guide.com\/site\/wp-json\/wp\/v2\/pages\/15166\/revisions"}],"predecessor-version":[{"id":15180,"href":"https:\/\/nicaragua-travel-guide.com\/site\/wp-json\/wp\/v2\/pages\/15166\/revisions\/15180"}],"wp:attachment":[{"href":"https:\/\/nicaragua-travel-guide.com\/site\/wp-json\/wp\/v2\/media?parent=15166"}],"curies":[{"name":"wp","href":"https:\/\/api.w.org\/{rel}","templated":true}]}}