{"id":5187,"date":"2016-06-22T23:35:08","date_gmt":"2016-06-22T23:35:08","guid":{"rendered":"http:\/\/nicaragua-travel-guide.com\/site\/?page_id=5187"},"modified":"2016-11-02T05:26:29","modified_gmt":"2016-11-02T05:26:29","slug":"eventos-especiales-desde-granada-nicaragua-organizamos-todo-lo-necesario-para-cumpleanos-celebracion-religiosa-boda-quince-anos-pinatas-y-mas","status":"publish","type":"page","link":"https:\/\/nicaragua-travel-guide.com\/site\/eventos-especiales-desde-granada-nicaragua-organizamos-todo-lo-necesario-para-cumpleanos-celebracion-religiosa-boda-quince-anos-pinatas-y-mas\/","title":{"rendered":"Eventos especiales"},"content":{"rendered":"<table style=\"width: 982.6666870117188px;\" border=\"0\">\n<tbody>\n<tr style=\"height: 5px;\" bgcolor=\"#0066FF\">\n<td style=\"height: 5px; width: 40px; background-color: #ffffff;\" colspan=\"4\" bgcolor=\"#FFFFCC\"><img loading=\"lazy\" decoding=\"async\" class=\"alignnone size-full wp-image-5185\" src=\"http:\/\/nicaragua-travel-guide.com\/site\/wp-content\/uploads\/2016\/06\/header-Organizamos-eventos-especiales.jpg\" alt=\"header Organizamos eventos especiales\" width=\"1025\" height=\"345\" srcset=\"https:\/\/nicaragua-travel-guide.com\/site\/wp-content\/uploads\/2016\/06\/header-Organizamos-eventos-especiales.jpg 1025w, https:\/\/nicaragua-travel-guide.com\/site\/wp-content\/uploads\/2016\/06\/header-Organizamos-eventos-especiales-600x202.jpg 600w\" sizes=\"(max-width: 1025px) 100vw, 1025px\" \/><\/td>\n<\/tr>\n<tr style=\"height: 5px;\" bgcolor=\"#0066FF\">\n<td style=\"height: 5px; width: 40px; background-color: #faefd4;\" colspan=\"4\" bgcolor=\"#FFFFCC\">Ofrecemos una gama de variados servicios para una mejor organizaci\u00f3n de su evento p\u00fablico, privado, social, cultural, religioso, pol\u00edtico, tur\u00edstico, de negocio, etc&#8230;<\/p>\n<p>Dise\u00f1amos paquetes a su gusto y elecci\u00f3n de acuerdo con su presupuesto:<\/p>\n<p>&nbsp;<\/p>\n<p>Evento religioso, cultural, corporativo, ejecutivo, cumplea\u00f1os, congreso, convenci\u00f3n, seminario, graduaci\u00f3n, boda, bautizo, primera comuni\u00f3n, 15 a\u00f1os, aniversarios, funeral y mas&#8230;<\/td>\n<\/tr>\n<tr style=\"height: 5px;\" bgcolor=\"#0066FF\">\n<td style=\"height: 5px; width: 40px; background-color: #f7cf6a;\" colspan=\"4\" bgcolor=\"#FFFF00\"><a href=\"http:\/\/nicaragua-travel-guide.com\/site\/organizacion-de-eventos-salones-y-espacios-cerrados-y-abiertos-nicaragua\/\"><strong>Alquiler de salones y espacios para organizar y realizar eventos privados y p\u00fablicos \u00a0en ambiente cerrado o abierto:<\/strong><\/a><\/td>\n<\/tr>\n<tr style=\"height: 5px;\" bgcolor=\"#0066FF\">\n<td style=\"height: 5px; width: 40px; background-color: #faefd4;\" colspan=\"4\" bgcolor=\"#FFFFCC\"><a href=\"http:\/\/nicaragua-travel-guide.com\/site\/organizacion-de-eventos-salones-y-espacios-cerrados-y-abiertos-nicaragua\/\"><img loading=\"lazy\" decoding=\"async\" class=\"alignnone size-full wp-image-5188\" src=\"http:\/\/nicaragua-travel-guide.com\/site\/wp-content\/uploads\/2016\/06\/header-arreglos-de-sillas-y-mesas.jpg\" alt=\"header arreglos de sillas y mesas\" width=\"1025\" height=\"345\" srcset=\"https:\/\/nicaragua-travel-guide.com\/site\/wp-content\/uploads\/2016\/06\/header-arreglos-de-sillas-y-mesas.jpg 1025w, https:\/\/nicaragua-travel-guide.com\/site\/wp-content\/uploads\/2016\/06\/header-arreglos-de-sillas-y-mesas-600x202.jpg 600w\" sizes=\"(max-width: 1025px) 100vw, 1025px\" \/><\/a><\/td>\n<\/tr>\n<tr style=\"height: 5px;\" bgcolor=\"#0066FF\">\n<td style=\"height: 5px; width: 40px; background-color: #faefd4; border-color: #faefd4;\" colspan=\"4\" bgcolor=\"#FFFFCC\">Hay diversas opciones par elegir el lugar desde hermosos salones de hoteles para eventos , restaurantes al aire libre y mucho m\u00e1s&#8230;<\/p>\n<p>Te invitamos a conocer algunos de los salones y lugares m\u00e1s adecuados para realizar su evento combinados otros servicio necesarios para organizar tu fiesta con la mejor decoraci\u00f3n y equipo de trabajo con nuestra asistencia y asesoramiento, El sal\u00f3n o sitio a tu elecci\u00f3n donde se lleve a cabo el evento, seg\u00fan sea el motivo de celebraci\u00f3n, religiosa, fiesta de aniversario, cumplea\u00f1os, 15 a\u00f1os, boda, Bautizo, Primera comuni\u00f3n, aniversario de bodas, aniversario de difunto y cuerpo presente, con arreglos florales,\u00a0decoraci\u00f3n,\u00a0iluminaci\u00f3n, equipos de audio\u00a0y\u00a0sonido,\u00a0m\u00fasica,\u00a0animaci\u00f3n, servicio de alimentos y bebidas, transporte para los festejados e invitados.<\/p>\n<p>Organizamos a tu elecci\u00f3n seg\u00fan sea tu presupuesto para hacer un evento \u00fanico e inolvidable!<\/td>\n<\/tr>\n<tr style=\"height: 5px;\" bgcolor=\"#0066FF\">\n<td style=\"height: 5px; width: 40px; background-color: #faefd4; border-color: #faefd4;\" colspan=\"4\" bgcolor=\"#FF0000\"><strong>Alquiler de salones y espacios para eventos especiales:<\/strong><\/td>\n<\/tr>\n<tr style=\"height: 5px;\" bgcolor=\"#0066FF\">\n<td style=\"height: 5px; width: 40px; background-color: #faefd4; border-color: #faefd4;\" colspan=\"4\" bgcolor=\"#FFFFCC\">\n<ul>\n<li>Iglesias<\/li>\n<li>Salones de Hotel<\/li>\n<li>Salones de Restaurantes<\/li>\n<li>Salones de Centros Culturales<\/li>\n<li>Centro de convenciones y congresos<\/li>\n<li>Espacios y campos abiertos rodeados de Naturaleza<\/li>\n<\/ul>\n<\/td>\n<\/tr>\n<tr style=\"height: 5px;\" bgcolor=\"#0066FF\">\n<td style=\"height: 5px; width: 40px; background-color: #fad9c5;\" colspan=\"4\" bgcolor=\"#FF0000\"><a href=\"http:\/\/nicaragua-travel-guide.com\/site\/servicio-catering-montaje-buffet-de-alimentos-y-bebidas-coctel-vinos-y-tragos-boquitas-salon-de-evento-sillas-y-mesas-vestidas-organizacion-de-evento-especial-en-nicaragua\/\">Servicio de Alimentos y bebidas en evento especial \u00a0Catering &amp; Buffet<\/a>\u00a0 \u00a0 \u00a0 \u00a0 \u00a0 \u00a0 \u00a0 \u00a0 \u00a0 \u00a0 \u00a0 \u00a0 \u00a0 \u00a0 \u00a0 \u00a0 \u00a0 \u00a0 \u00a0 \u00a0 (Contrataci\u00f3n\u00a0de Cheff )<\/td>\n<\/tr>\n<tr style=\"height: 5px;\" bgcolor=\"#0066FF\">\n<td style=\"height: 5px; width: 40px; background-color: #faefd4;\" colspan=\"4\" bgcolor=\"#FFFFCC\"><a href=\"http:\/\/nicaragua-travel-guide.com\/site\/servicio-catering-montaje-buffet-de-alimentos-y-bebidas-coctel-vinos-y-tragos-boquitas-salon-de-evento-sillas-y-mesas-vestidas-organizacion-de-evento-especial-en-nicaragua\/\"><img loading=\"lazy\" decoding=\"async\" class=\"alignnone size-full wp-image-5361\" src=\"http:\/\/nicaragua-travel-guide.com\/site\/wp-content\/uploads\/2016\/06\/header-catering-servicio-buffet-event-oespecial-caballo-bayo.jpg\" alt=\"header catering servicio buffet event oespecial caballo bayo\" width=\"1025\" height=\"345\" srcset=\"https:\/\/nicaragua-travel-guide.com\/site\/wp-content\/uploads\/2016\/06\/header-catering-servicio-buffet-event-oespecial-caballo-bayo.jpg 1025w, https:\/\/nicaragua-travel-guide.com\/site\/wp-content\/uploads\/2016\/06\/header-catering-servicio-buffet-event-oespecial-caballo-bayo-600x202.jpg 600w\" sizes=\"(max-width: 1025px) 100vw, 1025px\" \/><\/a><\/td>\n<\/tr>\n<tr style=\"height: 5px;\" bgcolor=\"#0066FF\">\n<td style=\"height: 5px; width: 40px; background-color: #faefd4;\" colspan=\"4\" bgcolor=\"#FFFFCC\">\n<ul>\n<li>Cheff profesional, para la preparaci\u00f3n de platos especiales men\u00fa internacional,<\/li>\n<li>Cocineros (as) preparaci\u00f3n de comidas y bebidas r\u00e1pidas, boquitas, pasteles, postres<\/li>\n<li>Servicio de Bartenders y meseros (as).<\/li>\n<li>Servicio Catering, buffet.<\/li>\n<li>Hielo en Cubitos.<\/li>\n<li>Vinos y Ron<\/li>\n<\/ul>\n<p>Para los festejados, homenajeados y comensales de peque\u00f1os, medianos y grandes eventos.<\/td>\n<\/tr>\n<tr style=\"height: 5px;\" bgcolor=\"#0066FF\">\n<td style=\"height: 5px; width: 40px; background-color: #d8edea;\" colspan=\"4\" bgcolor=\"#FFFFCC\"><strong>Alquiler de sillas, mesas, manteles y m\u00e1s&#8230;<\/strong><\/td>\n<\/tr>\n<tr style=\"height: 5px;\" bgcolor=\"#0066FF\">\n<td style=\"height: 5px; width: 40px; background-color: #faefd4;\" colspan=\"4\" bgcolor=\"#FFFFCC\"><img loading=\"lazy\" decoding=\"async\" class=\"alignnone size-full wp-image-5190\" src=\"http:\/\/nicaragua-travel-guide.com\/site\/wp-content\/uploads\/2016\/06\/header-nicaragua-travel-guide-organizamos-eventos-y-fiestas-paquetes.jpg\" alt=\"header nicaragua travel guide organizamos eventos y fiestas paquetes\" width=\"1025\" height=\"345\" srcset=\"https:\/\/nicaragua-travel-guide.com\/site\/wp-content\/uploads\/2016\/06\/header-nicaragua-travel-guide-organizamos-eventos-y-fiestas-paquetes.jpg 1025w, https:\/\/nicaragua-travel-guide.com\/site\/wp-content\/uploads\/2016\/06\/header-nicaragua-travel-guide-organizamos-eventos-y-fiestas-paquetes-600x202.jpg 600w\" sizes=\"(max-width: 1025px) 100vw, 1025px\" \/><\/td>\n<\/tr>\n<tr style=\"height: 5px;\" bgcolor=\"#0066FF\">\n<td style=\"height: 5px; width: 40px; background-color: #e1ceeb;\" colspan=\"4\" bgcolor=\"#CC0000\"><a href=\"http:\/\/nicaragua-travel-guide.com\/site\/organizamos-alquiler-de-equipos-de-sonido-y-audio-en-nicaragua\/\">Alquiler de equipos, sonido y \u00a0audio\u00a0<\/a><\/td>\n<\/tr>\n<tr style=\"height: 5px;\" bgcolor=\"#0066FF\">\n<td style=\"height: 5px; width: 40px; background-color: #faefd4; border-color: #faefd4;\" colspan=\"4\" bgcolor=\"#FFFFCC\"><a href=\"http:\/\/nicaragua-travel-guide.com\/site\/organizamos-alquiler-de-equipos-de-sonido-y-audio-en-nicaragua\/\"><img loading=\"lazy\" decoding=\"async\" class=\"alignnone wp-image-5356\" src=\"http:\/\/nicaragua-travel-guide.com\/site\/wp-content\/uploads\/2016\/06\/header-eventos-especiales-alquiler-de-equipos-de-sonido-y-audio.jpg\" alt=\"header eventos especiales alquiler de equipos de sonido y audio\" width=\"1002\" height=\"338\" srcset=\"https:\/\/nicaragua-travel-guide.com\/site\/wp-content\/uploads\/2016\/06\/header-eventos-especiales-alquiler-de-equipos-de-sonido-y-audio.jpg 1025w, https:\/\/nicaragua-travel-guide.com\/site\/wp-content\/uploads\/2016\/06\/header-eventos-especiales-alquiler-de-equipos-de-sonido-y-audio-600x202.jpg 600w\" sizes=\"(max-width: 1002px) 100vw, 1002px\" \/><\/a><\/td>\n<\/tr>\n<tr style=\"height: 5px;\" bgcolor=\"#0066FF\">\n<td style=\"height: 5px; width: 40px; background-color: #faefd4; border-color: #faefd4;\" colspan=\"4\" bgcolor=\"#FFFFCC\">\n<ul>\n<li>Micr\u00f3fonos, parlantes, maquina de humo, luces, Data show, pantallas y karaoke, tarimas, toldos,<\/li>\n<li>Alquiler de Sillas, mesas, manteleria, menaje y utensilios, manteleria y menaje de cocina,<\/li>\n<\/ul>\n<\/td>\n<\/tr>\n<tr style=\"height: 5px;\" bgcolor=\"#0066FF\">\n<td style=\"height: 5px; width: 40px; background-color: #d1cac9; border-color: #d1cac9;\" colspan=\"4\" bgcolor=\"#FFFFCC\"><strong>Show y Animaci\u00f3n:<\/strong><\/td>\n<\/tr>\n<tr style=\"height: 5px;\" bgcolor=\"#0066FF\">\n<td style=\"height: 5px; width: 40px; background-color: #d1cac9; border-color: #d1cac9;\" colspan=\"4\" bgcolor=\"#FFFFCC\"><a href=\"http:\/\/nicaragua-travel-guide.com\/site\/evento-especial-grupo-de-danza-parejas-e-instructor-desde-granada-se-organiza-y-viaja-en-nicaragua-y-el-exterior\/\">Grupo, pareja e \u00a0instructor \u00a0de Danza Folcl\u00f3rica, Moderna y contempor\u00e1nea a su elecci\u00f3n en \u00a0evento especial \u00a0privado y publico.<\/a><\/td>\n<\/tr>\n<tr style=\"height: 5px;\" bgcolor=\"#0066FF\">\n<td style=\"height: 5px; width: 40px; background-color: #faefd4;\" colspan=\"4\" bgcolor=\"#FFFFCC\"><a href=\"http:\/\/nicaragua-travel-guide.com\/site\/evento-especial-grupo-de-danza-parejas-e-instructor-desde-granada-se-organiza-y-viaja-en-nicaragua-y-el-exterior\/\"><img loading=\"lazy\" decoding=\"async\" class=\"alignnone size-full wp-image-5353\" src=\"http:\/\/nicaragua-travel-guide.com\/site\/wp-content\/uploads\/2016\/06\/header-leon-gigantonas-casa-colonial.jpg\" alt=\"header leon gigantonas casa colonial\" width=\"1025\" height=\"345\" srcset=\"https:\/\/nicaragua-travel-guide.com\/site\/wp-content\/uploads\/2016\/06\/header-leon-gigantonas-casa-colonial.jpg 1025w, https:\/\/nicaragua-travel-guide.com\/site\/wp-content\/uploads\/2016\/06\/header-leon-gigantonas-casa-colonial-600x202.jpg 600w\" sizes=\"(max-width: 1025px) 100vw, 1025px\" \/><\/a><\/td>\n<\/tr>\n<tr style=\"height: 5px;\" bgcolor=\"#0066FF\">\n<td style=\"height: 5px; width: 40px; background-color: #f7cfcb;\" colspan=\"4\" bgcolor=\"#FFFFCC\">Maestro de ceremonia \u00a0 \u00a0 \u00a0 \u00a0 \u00a0 \u00a0 \u00a0 \u00a0 \u00a0Grupos Musicales \u00a0 \u00a0 \u00a0 \u00a0\u00a0Cantantes \u00a0 \u00a0 \u00a0 \u00a0 \u00a0Dj \u00a0 \u00a0 \u00a0Grupos de Danza<\/td>\n<\/tr>\n<tr style=\"height: 5px;\" bgcolor=\"#0066FF\">\n<td style=\"height: 5px; width: 40px; background-color: #faefd4;\" colspan=\"4\" bgcolor=\"#FFFFCC\"><a href=\"http:\/\/nicaragua-travel-guide.com\/site\/musicos-y-equipos-de-sonido-organizamos-eventos-especiales-a-su-eleccion\/\"><img loading=\"lazy\" decoding=\"async\" class=\"alignnone size-full wp-image-5349\" src=\"http:\/\/nicaragua-travel-guide.com\/site\/wp-content\/uploads\/2016\/06\/header-organizamos-la-musica-nicaragua-travle-guide-gioconda-tours-y-eventos-especiales.jpg\" alt=\"header organizamos la musica nicaragua travle guide gioconda tours y eventos especiales\" width=\"1025\" height=\"345\" srcset=\"https:\/\/nicaragua-travel-guide.com\/site\/wp-content\/uploads\/2016\/06\/header-organizamos-la-musica-nicaragua-travle-guide-gioconda-tours-y-eventos-especiales.jpg 1025w, https:\/\/nicaragua-travel-guide.com\/site\/wp-content\/uploads\/2016\/06\/header-organizamos-la-musica-nicaragua-travle-guide-gioconda-tours-y-eventos-especiales-600x202.jpg 600w\" sizes=\"(max-width: 1025px) 100vw, 1025px\" \/><\/a><\/td>\n<\/tr>\n<tr style=\"height: 5px;\" bgcolor=\"#0066FF\">\n<td style=\"height: 5px; width: 40px; background-color: #f7d86f;\" colspan=\"4\" bgcolor=\"#FFFFCC\"><strong>Servicio de florister\u00eda arreglos y decoraci\u00f3n \u00a0para \u00a0eventos especiales \u00a0se organiza y env\u00eda desde Granada<\/strong><\/td>\n<\/tr>\n<tr style=\"height: 5px;\" bgcolor=\"#0066FF\">\n<td style=\"height: 5px; width: 40px; background-color: #faefd4;\" colspan=\"4\" bgcolor=\"#FFFFCC\"><img loading=\"lazy\" decoding=\"async\" class=\"alignnone size-full wp-image-11198\" src=\"http:\/\/nicaragua-travel-guide.com\/site\/wp-content\/uploads\/2016\/06\/decoracion-de-iglesias-y-arreglos-florales-en-nicaragua.jpg\" alt=\"decoracion de iglesias y arreglos florales en nicaragua\" width=\"1025\" height=\"345\" srcset=\"https:\/\/nicaragua-travel-guide.com\/site\/wp-content\/uploads\/2016\/06\/decoracion-de-iglesias-y-arreglos-florales-en-nicaragua.jpg 1025w, https:\/\/nicaragua-travel-guide.com\/site\/wp-content\/uploads\/2016\/06\/decoracion-de-iglesias-y-arreglos-florales-en-nicaragua-600x202.jpg 600w\" sizes=\"(max-width: 1025px) 100vw, 1025px\" \/><\/td>\n<\/tr>\n<tr style=\"height: 5px;\" bgcolor=\"#0066FF\">\n<td style=\"height: 5px; width: 40px; background-color: #faefd4;\" colspan=\"4\" bgcolor=\"#FFFFCC\">Nosotros te contactamos con tu dise\u00f1ador\/a de arreglos florales, para ocasiones especiales, centros de mesa y de pared, coronas florales para difuntos, decoraci\u00f3n de Iglesias, salones, y restaurantes.<\/p>\n<p>Habla largo y tendido acerca de tus colores favoritos y sobre todo del presupuesto, para que el o la florista aporte ideas y nociones, sobre el estilo de arreglos, tambi\u00e9n debes llevar algunas telas que muestren los colores que pueden quedar mejor con cortinas, manteles, y servilletas.<\/td>\n<\/tr>\n<tr style=\"height: 5px;\" bgcolor=\"#0066FF\">\n<td style=\"height: 5px; width: 40px; background-color: #faefd4;\" colspan=\"4\" bgcolor=\"#FFFFCC\"><a href=\"http:\/\/nicaragua-travel-guide.com\/site\/floristeria-nicaragua\/\"><img loading=\"lazy\" decoding=\"async\" class=\"alignnone wp-image-7076\" src=\"http:\/\/nicaragua-travel-guide.com\/site\/wp-content\/uploads\/2016\/07\/headerfloristeriaparaeventosespeciales.jpg\" alt=\"headerfloristeriaparaeventosespeciales\" width=\"1007\" height=\"339\" srcset=\"https:\/\/nicaragua-travel-guide.com\/site\/wp-content\/uploads\/2016\/07\/headerfloristeriaparaeventosespeciales.jpg 1025w, https:\/\/nicaragua-travel-guide.com\/site\/wp-content\/uploads\/2016\/07\/headerfloristeriaparaeventosespeciales-600x202.jpg 600w\" sizes=\"(max-width: 1007px) 100vw, 1007px\" \/><\/a><\/td>\n<\/tr>\n<tr style=\"height: 5px;\" bgcolor=\"#0066FF\">\n<td style=\"height: 5px; width: 40px; background-color: #ebe7d8;\" colspan=\"4\" bgcolor=\"#FFFFCC\"><a href=\"http:\/\/nicaragua-travel-guide.com\/site\/eventos-especiales-organizamos-fiesta-infantil-paquetes-a-su-eleccion\/\"><strong>Evento Infantil:<\/strong><\/a> Baby shower, Pi\u00f1atas, Cumplea\u00f1os, Juegos de Brinca Brinca,\u00a0<a href=\"http:\/\/nicaragua-travel-guide.com\/site\/eventos-para-ninos-animacion-payasos-sankistas-malabares-magia-globo-flexia-brinca-brinca-dulces-y-mas-alegria\/\">Payasos<\/a>,\u00a0Teatro y mimo<\/td>\n<\/tr>\n<tr style=\"height: 5px;\" bgcolor=\"#0066FF\">\n<td style=\"height: 5px; width: 40px; background-color: #faefd4;\" colspan=\"4\" bgcolor=\"#FFFFCC\"><a href=\"http:\/\/nicaragua-travel-guide.com\/site\/eventos-para-ninos-animacion-payasos-sankistas-malabares-magia-globo-flexia-brinca-brinca-dulces-y-mas-alegria\/\"><img loading=\"lazy\" decoding=\"async\" class=\"wp-image-7187 aligncenter\" src=\"http:\/\/nicaragua-travel-guide.com\/site\/wp-content\/uploads\/2016\/06\/headerpayasosanimaciondeeventos.jpg\" alt=\"headerpayasosanimaciondeeventos\" width=\"1000\" height=\"336\" srcset=\"https:\/\/nicaragua-travel-guide.com\/site\/wp-content\/uploads\/2016\/06\/headerpayasosanimaciondeeventos.jpg 1025w, https:\/\/nicaragua-travel-guide.com\/site\/wp-content\/uploads\/2016\/06\/headerpayasosanimaciondeeventos-600x202.jpg 600w\" sizes=\"(max-width: 1000px) 100vw, 1000px\" \/><\/a><\/td>\n<\/tr>\n<tr style=\"height: 5px;\" bgcolor=\"#0066FF\">\n<td style=\"height: 5px; width: 40px; background-color: #f6e8fa;\" colspan=\"4\" bgcolor=\"#FFFFCC\"><a href=\"http:\/\/nicaragua-travel-guide.com\/site\/pasteleria-para-eventos-y-cumpleanos\/\"><strong>Gu\u00eda de Pasteler\u00eda a su elecci\u00f3n y medida \u00a0para \u00a0evento especial en Nicaragua<\/strong><\/a><\/td>\n<\/tr>\n<tr style=\"height: 5px;\" bgcolor=\"#0066FF\">\n<td style=\"height: 5px; width: 40px; background-color: #faefd4;\" colspan=\"4\" bgcolor=\"#FFFFCC\"><a href=\"http:\/\/nicaragua-travel-guide.com\/site\/pasteleria-para-eventos-y-cumpleanos\/\"><img loading=\"lazy\" decoding=\"async\" class=\" wp-image-7208 alignleft\" src=\"http:\/\/nicaragua-travel-guide.com\/site\/wp-content\/uploads\/2016\/06\/headerpasteleria15a\u00f1os.jpg\" alt=\"headerpasteleria15a\u00f1os\" width=\"1007\" height=\"339\" srcset=\"https:\/\/nicaragua-travel-guide.com\/site\/wp-content\/uploads\/2016\/06\/headerpasteleria15a\u00f1os.jpg 1025w, https:\/\/nicaragua-travel-guide.com\/site\/wp-content\/uploads\/2016\/06\/headerpasteleria15a\u00f1os-600x202.jpg 600w\" sizes=\"(max-width: 1007px) 100vw, 1007px\" \/><\/a><\/td>\n<\/tr>\n<tr style=\"height: 5.33349609375px;\" bgcolor=\"#0066FF\">\n<td style=\"height: 5.33349609375px; width: 40px; background-color: #faefd4;\" colspan=\"4\" bgcolor=\"#FFFFCC\">Tarjetas de Invitaci\u00f3n para ocasiones especiales, Eventos religiosos Cumplea\u00f1os, Recuerdos,Postales<\/p>\n<p>Dise\u00f1o Gr\u00e1fico \/ Dise\u00f1o de P\u00e1gina Web \/ Papeler\u00eda impresa \/ Banners \/ publicitario<\/td>\n<\/tr>\n<tr style=\"height: 5px;\" bgcolor=\"#0066FF\">\n<td style=\"height: 5px; width: 40px; background-color: #d5facf;\" colspan=\"4\" bgcolor=\"#FFFFCC\">\u00a0<a href=\"http:\/\/nicaragua-travel-guide.com\/site\/guia-de-compras-por-el-dia\/\"><strong>Gu\u00eda de compras:<\/strong><\/a> \u00a0Productos nacionales e importados \u00a0productos utilitarios, decorativos y mucho mas&#8230;<\/td>\n<\/tr>\n<tr style=\"height: 5px;\" bgcolor=\"#0066FF\">\n<td style=\"height: 5px; width: 40px; background-color: #faefd4;\" colspan=\"4\" bgcolor=\"#FFFFCC\"><a href=\"http:\/\/nicaragua-travel-guide.com\/site\/guia-de-compras-por-el-dia\/\"><img loading=\"lazy\" decoding=\"async\" class=\"alignnone wp-image-7188\" src=\"http:\/\/nicaragua-travel-guide.com\/site\/wp-content\/uploads\/2016\/06\/guiadecomprasnicaragua.jpg\" alt=\"guiadecomprasnicaragua\" width=\"1008\" height=\"338\" \/><\/a><\/td>\n<\/tr>\n<tr style=\"height: 5px;\" bgcolor=\"#0066FF\">\n<td style=\"height: 5px; width: 40px; background-color: #faefd4;\" colspan=\"4\" bgcolor=\"#FFFFCC\">Hacer click sobre el nombre del departamento del pais donde piensa realizar su evento para ver la disponibilidad<\/td>\n<\/tr>\n<tr style=\"height: 5px;\" bgcolor=\"#0066FF\">\n<td style=\"height: 5px; width: 40px; background-color: #22e4f2;\" colspan=\"4\" bgcolor=\"#FFFFCC\"><strong>Regi\u00f3n Pacifico \u00a0 \u00a0 \u00a0<\/strong>\u00a0 \u00a0 \u00a0 \u00a0 \u00a0 \u00a0 \u00a0 \u00a0 \u00a0 \u00a0 \u00a0 \u00a0 \u00a0 \u00a0 \u00a0 \u00a0 \u00a0 \u00a0 \u00a0 \u00a0<strong>\u00a0Regi\u00f3n Central Norte \u00a0 \u00a0<\/strong> \u00a0 \u00a0 \u00a0 \u00a0 \u00a0 \u00a0 \u00a0 \u00a0 \u00a0 \u00a0 \u00a0 \u00a0 \u00a0 \u00a0 \u00a0<strong>Regi\u00f3n Atl\u00e1ntico<\/strong><\/td>\n<\/tr>\n<tr style=\"height: 5px;\" bgcolor=\"#0066FF\">\n<td style=\"height: 5px; width: 40px; background-color: #ffffff;\" colspan=\"4\" bgcolor=\"#FFFFFF\">\n<table style=\"height: 287px; width: 1004.3333740234375px;\" border=\"0\">\n<tbody>\n<tr style=\"height: 21px;\">\n<td style=\"width: 280px; height: 21px; background-color: #ffffff; border-color: #ffffff;\" bgcolor=\"#FFFFFF\">Chinandega<\/td>\n<td style=\"width: 280px; height: 21px; background-color: #ffffff; border-color: #ffffff;\" bgcolor=\"#FFFFFF\">Nueva Segovia<\/td>\n<td style=\"width: 328.3333740234375px; height: 21px; background-color: #ffffff; border-color: #ffffff;\" bgcolor=\"#FFFFFF\">Corn Islands<\/td>\n<\/tr>\n<tr style=\"height: 21px;\">\n<td style=\"width: 280px; height: 21px; background-color: #ffffff; border-color: #ffffff;\" bgcolor=\"#FFFFFF\">Le\u00f3n<\/td>\n<td style=\"width: 280px; height: 21px; background-color: #ffffff; border-color: #ffffff;\" bgcolor=\"#FFFFFF\">Jinotega<\/td>\n<td style=\"width: 328.3333740234375px; height: 21px; background-color: #ffffff; border-color: #ffffff;\" bgcolor=\"#FFFFFF\">Bluefields<\/td>\n<\/tr>\n<tr style=\"height: 21.33349609375px;\">\n<td style=\"width: 280px; height: 21px; background-color: #ffffff; border-color: #ffffff;\" bgcolor=\"#FFFFFF\">Managua<\/td>\n<td style=\"width: 280px; height: 21px; background-color: #ffffff; border-color: #ffffff;\" bgcolor=\"#FFFFFF\">Madriz<\/td>\n<td style=\"width: 328.3333740234375px; height: 21px; background-color: #ffffff; border-color: #ffffff;\" bgcolor=\"#FFFFFF\"><\/td>\n<\/tr>\n<tr style=\"height: 21px;\">\n<td style=\"width: 280px; height: 21px; background-color: #ffffff; border-color: #ffffff;\" bgcolor=\"#FFFFFF\">Carazo<\/td>\n<td style=\"width: 280px; height: 21px; background-color: #ffffff; border-color: #ffffff;\" bgcolor=\"#FFFFFF\">Esteli<\/td>\n<td style=\"width: 328.3333740234375px; height: 21px; background-color: #ffffff; border-color: #ffffff;\" bgcolor=\"#FFFFFF\"><\/td>\n<\/tr>\n<tr style=\"height: 21px;\">\n<td style=\"width: 280px; height: 21px; background-color: #ffffff; border-color: #ffffff;\" bgcolor=\"#FFFFFF\">Masaya<\/td>\n<td style=\"width: 280px; height: 21px; background-color: #ffffff; border-color: #ffffff;\" bgcolor=\"#FFFFFF\">Matagalpa<\/td>\n<td style=\"width: 328.3333740234375px; height: 21px; background-color: #ffffff; border-color: #ffffff;\" bgcolor=\"#FFFFFF\"><\/td>\n<\/tr>\n<tr style=\"height: 21px;\">\n<td style=\"width: 280px; height: 21px; background-color: #ffffff; border-color: #ffffff;\" bgcolor=\"#FFFFCC\"><a href=\"http:\/\/nicaragua-travel-guide.com\/site\/organizacion-de-eventos-alquiler-de-salon-en-espacio-abierto-o-cerrado-mas-otros-servicios\/\"><strong>Granada*<\/strong><\/a><\/td>\n<td style=\"width: 280px; height: 21px; background-color: #ffffff; border-color: #ffffff;\" bgcolor=\"#FFFFFF\">Regi\u00f3n Central<\/td>\n<td style=\"width: 328.3333740234375px; height: 21px; background-color: #ffffff; border-color: #ffffff;\" bgcolor=\"#FFFFFF\"><\/td>\n<\/tr>\n<tr style=\"height: 21px;\">\n<td style=\"width: 280px; height: 21px; background-color: #ffffff; border-color: #ffffff;\" bgcolor=\"#FFFFFF\">Rivas<\/td>\n<td style=\"width: 280px; height: 21px; background-color: #ffffff; border-color: #ffffff;\" bgcolor=\"#FFFFFF\">Boaco<\/td>\n<td style=\"width: 328.3333740234375px; height: 21px; background-color: #ffffff; border-color: #ffffff;\" bgcolor=\"#FFFFFF\">Ver Agenda del d\u00eda<\/td>\n<\/tr>\n<tr style=\"height: 21px;\">\n<td style=\"width: 280px; height: 21px; background-color: #ffffff; border-color: #ffffff;\" bgcolor=\"#FFFFFF\"><\/td>\n<td style=\"width: 280px; height: 21px; background-color: #ffffff; border-color: #ffffff;\" bgcolor=\"#FFFFFF\">Juigalpa<\/td>\n<td style=\"width: 328.3333740234375px; height: 21px; background-color: #ffffff; border-color: #ffffff;\" bgcolor=\"#FFFFFF\">Ver Agenda Cultural<\/td>\n<\/tr>\n<tr style=\"height: 21px;\">\n<td style=\"width: 280px; height: 21px; background-color: #ffffff; border-color: #ffffff;\" bgcolor=\"#FFFFFF\"><\/td>\n<td style=\"width: 280px; height: 21px; background-color: #ffffff; border-color: #ffffff;\" bgcolor=\"#FFFFFF\">Rio San Juan<\/td>\n<td style=\"width: 328.3333740234375px; height: 21px; background-color: #ffffff; border-color: #ffffff;\" bgcolor=\"#FFFFFF\"><\/td>\n<\/tr>\n<\/tbody>\n<\/table>\n<\/td>\n<\/tr>\n<\/tbody>\n<\/table>\n","protected":false},"excerpt":{"rendered":"<p>Ofrecemos una gama de variados servicios para una mejor organizaci\u00f3n de su evento p\u00fablico, privado, social, cultural, religioso, pol\u00edtico, tur\u00edstico, de negocio, etc&#8230; Dise\u00f1amos paquetes a su gusto y elecci\u00f3n de acuerdo con su presupuesto: &nbsp; Evento religioso, cultural, corporativo, ejecutivo, cumplea\u00f1os, congreso, convenci\u00f3n, seminario, graduaci\u00f3n, boda, bautizo, primera comuni\u00f3n, 15 a\u00f1os, aniversarios, funeral y [&hellip;]<\/p>\n","protected":false},"author":2,"featured_media":0,"parent":0,"menu_order":0,"comment_status":"closed","ping_status":"closed","template":"","meta":{"footnotes":""},"_links":{"self":[{"href":"https:\/\/nicaragua-travel-guide.com\/site\/wp-json\/wp\/v2\/pages\/5187"}],"collection":[{"href":"https:\/\/nicaragua-travel-guide.com\/site\/wp-json\/wp\/v2\/pages"}],"about":[{"href":"https:\/\/nicaragua-travel-guide.com\/site\/wp-json\/wp\/v2\/types\/page"}],"author":[{"embeddable":true,"href":"https:\/\/nicaragua-travel-guide.com\/site\/wp-json\/wp\/v2\/users\/2"}],"replies":[{"embeddable":true,"href":"https:\/\/nicaragua-travel-guide.com\/site\/wp-json\/wp\/v2\/comments?post=5187"}],"version-history":[{"count":88,"href":"https:\/\/nicaragua-travel-guide.com\/site\/wp-json\/wp\/v2\/pages\/5187\/revisions"}],"predecessor-version":[{"id":13692,"href":"https:\/\/nicaragua-travel-guide.com\/site\/wp-json\/wp\/v2\/pages\/5187\/revisions\/13692"}],"wp:attachment":[{"href":"https:\/\/nicaragua-travel-guide.com\/site\/wp-json\/wp\/v2\/media?parent=5187"}],"curies":[{"name":"wp","href":"https:\/\/api.w.org\/{rel}","templated":true}]}}