{"id":5236,"date":"2016-06-23T00:38:21","date_gmt":"2016-06-23T00:38:21","guid":{"rendered":"http:\/\/nicaragua-travel-guide.com\/site\/?page_id=5236"},"modified":"2016-08-15T08:07:13","modified_gmt":"2016-08-15T08:07:13","slug":"kayaks-playa-granada","status":"publish","type":"page","link":"https:\/\/nicaragua-travel-guide.com\/site\/kayaks-playa-granada\/","title":{"rendered":"Kayaks \u00abPlaya\u00bb"},"content":{"rendered":"<table style=\"width: 752px;\" border=\"0\">\n<tbody>\n<tr style=\"height: 27px;\">\n<td style=\"width: 326px; height: 27px; background-color: #fcfcfc;\" align=\"center\" valign=\"middle\" bgcolor=\"#CCFF00\"><img loading=\"lazy\" decoding=\"async\" class=\"alignnone wp-image-5059\" src=\"http:\/\/nicaragua-travel-guide.com\/site\/wp-content\/uploads\/2016\/06\/headerkayaksgranadaopciones.jpg\" alt=\"headerkayaksgranadaopciones\" width=\"739\" height=\"249\" srcset=\"https:\/\/nicaragua-travel-guide.com\/site\/wp-content\/uploads\/2016\/06\/headerkayaksgranadaopciones.jpg 1025w, https:\/\/nicaragua-travel-guide.com\/site\/wp-content\/uploads\/2016\/06\/headerkayaksgranadaopciones-600x202.jpg 600w\" sizes=\"(max-width: 739px) 100vw, 739px\" \/><\/td>\n<\/tr>\n<tr style=\"height: 27px;\">\n<td style=\"width: 326px; height: 27px; background-color: #94eb7a;\" align=\"center\" valign=\"middle\" bgcolor=\"#CCFF00\">\n<table style=\"width: 733px;\" border=\"0\">\n<tbody>\n<tr>\n<td style=\"width: 30px; background-color: #fafa28; text-align: center;\" colspan=\"3\" bgcolor=\"#CCFF00\">\n<table style=\"width: 734px;\" border=\"0\">\n<tbody>\n<tr>\n<td style=\"width: 30px; background-color: #1ab309; text-align: center;\" colspan=\"3\" bgcolor=\"#669900\">\u00a0Kayaks Inuit<\/td>\n<\/tr>\n<\/tbody>\n<\/table>\n<\/td>\n<\/tr>\n<tr>\n<td style=\"width: 30px; background-color: #fafa28; text-align: center;\" colspan=\"3\" bgcolor=\"#669900\" height=\"33\">\n<table style=\"width: 729px;\" border=\"0\">\n<tbody>\n<tr style=\"height: 24px;\">\n<td style=\"width: 20px; height: 24px; background-color: #20ab0a; text-align: center;\" colspan=\"2\">\u00a0En el Gran Lago de Nicaragua entre los canales del Archipi\u00e9lago de Isletas de Granada<\/td>\n<\/tr>\n<\/tbody>\n<\/table>\n<\/td>\n<\/tr>\n<\/tbody>\n<\/table>\n<\/td>\n<\/tr>\n<tr style=\"height: 512.969px;\">\n<td style=\"width: 326px; height: 512.969px; background-color: #19820d;\" valign=\"top\" bgcolor=\"#669900\">\n<table style=\"width: 752px; height: 894px;\" border=\"0\">\n<tbody>\n<tr style=\"height: 3px;\">\n<td style=\"width: 345px; height: 3px; background-color: #ffffff; border-color: #ffffff;\" valign=\"top\" bgcolor=\"#669900\">\n<table style=\"width: 335px; background-color: #fcf632; height: 414px;\" border=\"0\">\n<tbody>\n<tr style=\"height: 96px;\">\n<td style=\"width: 327px; height: 96px; background-color: #fcfc14;\" align=\"center\" valign=\"middle\" bgcolor=\"#FFFF00\"><strong>\u00a1Vamos donde las Lanchas no pueden!<\/strong><br \/>\n2 \u00bd horas<br \/>\nobservaci\u00f3n de aves con\u00a0gu\u00eda\u00a0local.<br \/>\nU$ 25 pp<\/td>\n<\/tr>\n<tr style=\"height: 168px;\">\n<td style=\"width: 327px; height: 96px; background-color: #fcfc14;\" align=\"center\" valign=\"top\" bgcolor=\"#FFFF00\"><strong>Kayaks y Observaci\u00f3n de Aves:<\/strong><br \/>\n3 horas<br \/>\nDespacio y veras muchas especias de las 70 especies de lindas aves que habitan entre las isletas!<br \/>\nobservaci\u00f3n de aves con\u00a0gu\u00eda\u00a0local.<br \/>\nU$ 30 pp<\/td>\n<\/tr>\n<tr style=\"height: 216px;\">\n<td style=\"width: 327px; height: 96px; background-color: #fcfc14;\" align=\"center\" valign=\"top\" bgcolor=\"#FFFF00\"><strong>Aventura al dar la Vuelta!<\/strong><br \/>\n4 \u00bd horas<br \/>\nHistoria Natural flora y fauna ver\u00e1n el cementerio<br \/>\nFortaleza hist\u00f3rica + Isla de los monos, restos<br \/>\nde hidrofoils, oportunidad de nadar!<br \/>\nU$ 35 pp<\/td>\n<\/tr>\n<tr style=\"height: 140px;\">\n<td style=\"width: 327px; height: 96px; background-color: #fcfc14;\" align=\"center\" valign=\"top\" bgcolor=\"#FFFF00\">Complementos art\u00edstico: Gioconda gu\u00eda nacional ofrece informaci\u00f3n general antes de salir y cantara dos canciones nacionales. Opci\u00f3n de tomarse fotos con un vestido folcl\u00f3rico nacional que la\u00a0gu\u00eda\u00a0ofrece a las j\u00f3venes turistas.<\/td>\n<\/tr>\n<tr style=\"height: 140px;\">\n<td style=\"width: 327px; height: 96px; background-color: #fcfc14;\" align=\"center\" valign=\"top\" bgcolor=\"#FFFF00\">\n<p style=\"text-align: center;\"><strong>M\u00ednimo: 2 personas<\/strong><\/p>\n<p style=\"text-align: center;\">Desde las 5:30 am o m\u00e1s tarde!<\/p>\n<p style=\"text-align: center;\">\u00a1T\u00fa decides la hora y el d\u00eda!!<\/p>\n<p style=\"text-align: center;\">Lo m\u00e1s tarde para terminar el tour a las 6:00 pm.<\/p>\n<\/td>\n<\/tr>\n<tr style=\"height: 140px;\">\n<td style=\"width: 327px; height: 96px; background-color: #fcfc14;\" align=\"center\" valign=\"top\" bgcolor=\"#FFFF00\">\n<p style=\"text-align: center;\"><img loading=\"lazy\" decoding=\"async\" class=\"wp-image-10522 aligncenter\" style=\"background-color: #669900;\" src=\"http:\/\/nicaragua-travel-guide.com\/site\/wp-content\/uploads\/2016\/06\/isla-de-los-monos.jpg\" alt=\"isla de los monos\" width=\"290\" height=\"202\" \/><\/p>\n<\/td>\n<\/tr>\n<\/tbody>\n<\/table>\n<p style=\"text-align: center;\">\n<\/td>\n<td style=\"width: 305px; height: 3px; border-color: #bbe6b8; background-color: #bbe6b8;\" valign=\"top\">\n<table style=\"height: 642px;\" width=\"396\">\n<tbody>\n<tr>\n<td style=\"width: 386px;\"><img loading=\"lazy\" decoding=\"async\" class=\"alignnone wp-image-11115\" src=\"http:\/\/nicaragua-travel-guide.com\/site\/wp-content\/uploads\/2016\/06\/kayakinuit.jpg\" alt=\"kayakinuit\" width=\"391\" height=\"465\" \/><\/td>\n<\/tr>\n<tr>\n<td style=\"width: 386px;\"><img loading=\"lazy\" decoding=\"async\" class=\"alignnone wp-image-11116\" src=\"http:\/\/nicaragua-travel-guide.com\/site\/wp-content\/uploads\/2016\/06\/kayakinuitb.jpg\" alt=\"kayakinuitb\" width=\"394\" height=\"311\" \/><\/td>\n<\/tr>\n<tr>\n<td style=\"width: 386px;\"><img loading=\"lazy\" decoding=\"async\" class=\"alignnone size-full wp-image-11117\" src=\"http:\/\/nicaragua-travel-guide.com\/site\/wp-content\/uploads\/2016\/06\/kayakinuitu-1.jpg\" alt=\"kayakinuitu\" width=\"454\" height=\"340\" \/><\/td>\n<\/tr>\n<\/tbody>\n<\/table>\n<p style=\"text-align: center;\">\n<\/td>\n<\/tr>\n<\/tbody>\n<\/table>\n<\/td>\n<\/tr>\n<\/tbody>\n<\/table>\n","protected":false},"excerpt":{"rendered":"<p>\u00a0Kayaks Inuit \u00a0En el Gran Lago de Nicaragua entre los canales del Archipi\u00e9lago de Isletas de Granada \u00a1Vamos donde las Lanchas no pueden! 2 \u00bd horas observaci\u00f3n de aves con\u00a0gu\u00eda\u00a0local. U$ 25 pp Kayaks y Observaci\u00f3n de Aves: 3 horas Despacio y veras muchas especias de las 70 especies de lindas aves que habitan entre [&hellip;]<\/p>\n","protected":false},"author":2,"featured_media":0,"parent":0,"menu_order":0,"comment_status":"closed","ping_status":"closed","template":"","meta":{"footnotes":""},"_links":{"self":[{"href":"https:\/\/nicaragua-travel-guide.com\/site\/wp-json\/wp\/v2\/pages\/5236"}],"collection":[{"href":"https:\/\/nicaragua-travel-guide.com\/site\/wp-json\/wp\/v2\/pages"}],"about":[{"href":"https:\/\/nicaragua-travel-guide.com\/site\/wp-json\/wp\/v2\/types\/page"}],"author":[{"embeddable":true,"href":"https:\/\/nicaragua-travel-guide.com\/site\/wp-json\/wp\/v2\/users\/2"}],"replies":[{"embeddable":true,"href":"https:\/\/nicaragua-travel-guide.com\/site\/wp-json\/wp\/v2\/comments?post=5236"}],"version-history":[{"count":34,"href":"https:\/\/nicaragua-travel-guide.com\/site\/wp-json\/wp\/v2\/pages\/5236\/revisions"}],"predecessor-version":[{"id":11134,"href":"https:\/\/nicaragua-travel-guide.com\/site\/wp-json\/wp\/v2\/pages\/5236\/revisions\/11134"}],"wp:attachment":[{"href":"https:\/\/nicaragua-travel-guide.com\/site\/wp-json\/wp\/v2\/media?parent=5236"}],"curies":[{"name":"wp","href":"https:\/\/api.w.org\/{rel}","templated":true}]}}