{"id":5264,"date":"2016-06-23T01:22:46","date_gmt":"2016-06-23T01:22:46","guid":{"rendered":"http:\/\/nicaragua-travel-guide.com\/site\/?page_id=5264"},"modified":"2016-07-27T17:43:04","modified_gmt":"2016-07-27T17:43:04","slug":"restaurantes-bar-cafeterias-servicios-de-alimentos-y-bebidas-en-nicaragua","status":"publish","type":"page","link":"https:\/\/nicaragua-travel-guide.com\/site\/restaurantes-bar-cafeterias-servicios-de-alimentos-y-bebidas-en-nicaragua\/","title":{"rendered":"Restaurantes"},"content":{"rendered":"<table style=\"width: 844px;\" border=\"0\">\n<tbody>\n<tr style=\"height: 24.5764px;\">\n<td style=\"width: 1341px; height: 24.5764px;\" colspan=\"4\" bgcolor=\"#FFFFFF\"><img loading=\"lazy\" decoding=\"async\" class=\"alignnone size-full wp-image-5265\" src=\"http:\/\/nicaragua-travel-guide.com\/site\/wp-content\/uploads\/2016\/06\/header-guia-de-donde-comer-en-granada.jpg\" alt=\"header guia de donde comer en granada\" width=\"1025\" height=\"345\" srcset=\"https:\/\/nicaragua-travel-guide.com\/site\/wp-content\/uploads\/2016\/06\/header-guia-de-donde-comer-en-granada.jpg 1025w, https:\/\/nicaragua-travel-guide.com\/site\/wp-content\/uploads\/2016\/06\/header-guia-de-donde-comer-en-granada-600x202.jpg 600w\" sizes=\"(max-width: 1025px) 100vw, 1025px\" \/><\/td>\n<\/tr>\n<tr style=\"height: 21px;\">\n<td style=\"width: 1341px; height: 21px;\" colspan=\"4\" bgcolor=\"#990000\">Gu\u00eda de Bar &#8211; Restaurantes &#8211; Cafeter\u00edas \u00a0 \u00a0 \u00a0 \u00a0 \u00a0 \u00a0 \u00a0 \u00a0 \u00a0 \u00a0 \u00a0 \u00a0 \u00a0 \u00a0 \u00a0 \u00a0 \u00a0 \u00a0 \u00a0 \u00a0 \u00a0 \u00a0 \u00a0 \u00a0 \u00a0 \u00a0 \u00a0 \u00a0 \u00a0 \u00a0 \u00a0 \u00a0 \u00a0 donde comer y beber en Nicaragua?<\/td>\n<\/tr>\n<tr style=\"height: 21px;\">\n<td style=\"width: 314px; height: 21px;\" bgcolor=\"#FFFFFF\"><strong>Regi\u00f3n Pacifico<\/strong><\/td>\n<td style=\"width: 332.267px; height: 21px;\" bgcolor=\"#FFFFFF\"><strong>Regi\u00f3n Central Norte<\/strong><\/td>\n<td style=\"width: 304.733px; height: 21px;\" bgcolor=\"#FFFFFF\"><strong>Regi\u00f3n Atl\u00e1ntico<\/strong><\/td>\n<td style=\"width: 390px; height: 21px;\" bgcolor=\"#FFFFFF\"><\/td>\n<\/tr>\n<tr style=\"height: 21px;\">\n<td style=\"width: 314px; height: 21px;\" bgcolor=\"#FFFFFF\">Chinandega<\/td>\n<td style=\"width: 332.267px; height: 21px;\" bgcolor=\"#FFFFFF\">Nueva Segovia<\/td>\n<td style=\"width: 304.733px; height: 21px;\" bgcolor=\"#FFFFFF\">Corn Islands<\/td>\n<td style=\"width: 390px; height: 21px;\" bgcolor=\"#FFFFFF\"><\/td>\n<\/tr>\n<tr style=\"height: 21px;\">\n<td style=\"width: 314px; height: 21px;\" bgcolor=\"#FFFFFF\">Leon<\/td>\n<td style=\"width: 332.267px; height: 21px;\" bgcolor=\"#FFFFFF\">Jinotega<\/td>\n<td style=\"width: 304.733px; height: 21px;\" bgcolor=\"#FFFFFF\">Bluefields<\/td>\n<td style=\"width: 390px; height: 21px;\" bgcolor=\"#FFFFFF\"><\/td>\n<\/tr>\n<tr style=\"height: 21px;\">\n<td style=\"width: 314px; height: 21px;\" bgcolor=\"#FFFFFF\">Managua<\/td>\n<td style=\"width: 332.267px; height: 21px;\" bgcolor=\"#FFFFFF\">Madriz<\/td>\n<td style=\"width: 304.733px; height: 21px;\" bgcolor=\"#FFFFFF\"><\/td>\n<td style=\"width: 390px; height: 21px;\" bgcolor=\"#FFFFFF\"><\/td>\n<\/tr>\n<tr style=\"height: 21px;\">\n<td style=\"width: 314px; height: 21px;\" bgcolor=\"#FFFFFF\">Carazo<\/td>\n<td style=\"width: 332.267px; height: 21px;\" bgcolor=\"#FFFFFF\">Esteli<\/td>\n<td style=\"width: 304.733px; height: 21px;\" bgcolor=\"#FFFFFF\"><\/td>\n<td style=\"width: 390px; height: 21px;\" bgcolor=\"#FFFFFF\"><\/td>\n<\/tr>\n<tr style=\"height: 21px;\">\n<td style=\"width: 314px; height: 21px;\" bgcolor=\"#FFFFFF\">Masaya<\/td>\n<td style=\"width: 332.267px; height: 21px;\" bgcolor=\"#FFFFFF\"><strong>Regi\u00f3n Central<\/strong><\/td>\n<td style=\"width: 304.733px; height: 21px;\"><\/td>\n<td style=\"width: 390px; height: 21px;\"><\/td>\n<\/tr>\n<tr style=\"height: 21px;\">\n<td style=\"width: 314px; height: 21px;\" bgcolor=\"#FFFF00\"><a href=\"http:\/\/nicaragua-travel-guide.com\/site\/guia-de-restaurantes-bar-y-cafeterias-servicio-de-alimentos-y-bebidas-en-granada-y-sus-alrededores\/\">Granada*<\/a><\/td>\n<td style=\"width: 332.267px; height: 21px;\" bgcolor=\"#FFFFFF\">Matagalpa<\/td>\n<td style=\"width: 304.733px; height: 21px;\"><\/td>\n<td style=\"width: 390px; height: 21px;\"><\/td>\n<\/tr>\n<tr style=\"height: 21px;\">\n<td style=\"width: 314px; height: 21px;\" bgcolor=\"#FFFFFF\">Rivas<\/td>\n<td style=\"width: 332.267px; height: 21px;\" bgcolor=\"#FFFFFF\">Juigalpa<\/td>\n<td style=\"width: 304.733px; height: 21px;\" bgcolor=\"#FFFFFF\">Ver Agenda del dia<\/td>\n<td style=\"width: 390px; height: 21px;\" bgcolor=\"#FFFFFF\"><\/td>\n<\/tr>\n<tr style=\"height: 21px;\">\n<td style=\"width: 314px; height: 21px;\" bgcolor=\"#FFFFFF\"><\/td>\n<td style=\"width: 332.267px; height: 21px;\" bgcolor=\"#FFFFFF\">Boaco<\/td>\n<td style=\"width: 304.733px; height: 21px;\" bgcolor=\"#FFFFFF\">Ver Agenda Cultural<\/td>\n<td style=\"width: 390px; height: 21px;\" bgcolor=\"#FFFFFF\"><\/td>\n<\/tr>\n<tr style=\"height: 21px;\">\n<td style=\"width: 314px; height: 21px;\" bgcolor=\"#FFFFFF\"><\/td>\n<td style=\"width: 332.267px; height: 21px;\" bgcolor=\"#FFFFFF\">Rio San Juan<\/td>\n<td style=\"width: 304.733px; height: 21px;\" bgcolor=\"#FFFFFF\"><\/td>\n<td style=\"width: 390px; height: 21px;\" bgcolor=\"#FFFFFF\"><\/td>\n<\/tr>\n<tr style=\"height: 159px;\">\n<td style=\"width: 314px; height: 159px;\" bgcolor=\"#FFFFFF\"><img loading=\"lazy\" decoding=\"async\" class=\"aligncenter\" src=\"http:\/\/www.nicaragua-travel-guide.com\/imangenestres\/comidatipicamasatpsopademondongo.jpg\" width=\"192\" height=\"144\" \/><\/td>\n<td style=\"width: 332.267px; height: 159px;\" bgcolor=\"#FFFFFF\"><img loading=\"lazy\" decoding=\"async\" class=\"aligncenter\" src=\"http:\/\/www.nicaragua-travel-guide.com\/imangenestres\/comidatipicanacatamal.jpg\" width=\"198\" height=\"150\" \/><\/td>\n<td style=\"width: 304.733px; height: 159px;\" bgcolor=\"#FFFFFF\"><img loading=\"lazy\" decoding=\"async\" class=\"aligncenter\" src=\"http:\/\/www.nicaragua-travel-guide.com\/imangenestres\/comipescadofrito.jpg\" width=\"207\" height=\"150\" \/><\/td>\n<td style=\"width: 390px; height: 159px;\" bgcolor=\"#FFFFFF\"><img loading=\"lazy\" decoding=\"async\" class=\"alignnone\" src=\"http:\/\/www.nicaragua-travel-guide.com\/imangenestres\/comibaho.jpg\" width=\"206\" height=\"155\" \/><\/td>\n<\/tr>\n<tr style=\"height: 21px;\">\n<th style=\"width: 1341px; height: 21px;\" colspan=\"4\" scope=\"row\" align=\"left\" valign=\"middle\" bgcolor=\"#FFFFFF\">\u00abNicaragua Tan Peque\u00f1a, y Tan Grande\u00bb \u00a0 Viajes &#8211; Excursiones &#8211; Tours<\/th>\n<\/tr>\n<tr style=\"height: 25px;\">\n<th style=\"width: 1341px; height: 25px;\" colspan=\"4\" scope=\"row\" align=\"left\" bgcolor=\"#990000\">Por mayor informaci\u00f3n y reservacion Contactarnos<\/th>\n<\/tr>\n<\/tbody>\n<\/table>\n","protected":false},"excerpt":{"rendered":"<p>Gu\u00eda de Bar &#8211; Restaurantes &#8211; Cafeter\u00edas \u00a0 \u00a0 \u00a0 \u00a0 \u00a0 \u00a0 \u00a0 \u00a0 \u00a0 \u00a0 \u00a0 \u00a0 \u00a0 \u00a0 \u00a0 \u00a0 \u00a0 \u00a0 \u00a0 \u00a0 \u00a0 \u00a0 \u00a0 \u00a0 \u00a0 \u00a0 \u00a0 \u00a0 \u00a0 \u00a0 \u00a0 \u00a0 \u00a0 donde comer y beber en Nicaragua? Regi\u00f3n Pacifico Regi\u00f3n Central Norte Regi\u00f3n Atl\u00e1ntico Chinandega Nueva [&hellip;]<\/p>\n","protected":false},"author":2,"featured_media":0,"parent":0,"menu_order":0,"comment_status":"closed","ping_status":"closed","template":"","meta":{"footnotes":""},"_links":{"self":[{"href":"https:\/\/nicaragua-travel-guide.com\/site\/wp-json\/wp\/v2\/pages\/5264"}],"collection":[{"href":"https:\/\/nicaragua-travel-guide.com\/site\/wp-json\/wp\/v2\/pages"}],"about":[{"href":"https:\/\/nicaragua-travel-guide.com\/site\/wp-json\/wp\/v2\/types\/page"}],"author":[{"embeddable":true,"href":"https:\/\/nicaragua-travel-guide.com\/site\/wp-json\/wp\/v2\/users\/2"}],"replies":[{"embeddable":true,"href":"https:\/\/nicaragua-travel-guide.com\/site\/wp-json\/wp\/v2\/comments?post=5264"}],"version-history":[{"count":5,"href":"https:\/\/nicaragua-travel-guide.com\/site\/wp-json\/wp\/v2\/pages\/5264\/revisions"}],"predecessor-version":[{"id":8013,"href":"https:\/\/nicaragua-travel-guide.com\/site\/wp-json\/wp\/v2\/pages\/5264\/revisions\/8013"}],"wp:attachment":[{"href":"https:\/\/nicaragua-travel-guide.com\/site\/wp-json\/wp\/v2\/media?parent=5264"}],"curies":[{"name":"wp","href":"https:\/\/api.w.org\/{rel}","templated":true}]}}