{"id":5279,"date":"2016-06-23T01:40:21","date_gmt":"2016-06-23T01:40:21","guid":{"rendered":"http:\/\/nicaragua-travel-guide.com\/site\/?page_id=5279"},"modified":"2016-08-20T07:10:23","modified_gmt":"2016-08-20T07:10:23","slug":"medicos-especialistas-en-nicaragua-managua-masaya-granada","status":"publish","type":"page","link":"https:\/\/nicaragua-travel-guide.com\/site\/medicos-especialistas-en-nicaragua-managua-masaya-granada\/","title":{"rendered":"M\u00e9dicos  especialistas"},"content":{"rendered":"<table style=\"width: 962px;\" border=\"0\">\n<tbody>\n<tr style=\"height: 334px;\">\n<td style=\"width: 50px; height: 334px;\" colspan=\"5\" valign=\"top\" bgcolor=\"#FFFFFF\"><img loading=\"lazy\" decoding=\"async\" class=\"alignnone size-full wp-image-5280\" src=\"http:\/\/nicaragua-travel-guide.com\/site\/wp-content\/uploads\/2016\/06\/header-guia-de-especialidades-de-salud-y-belleza-nicaragua.jpg\" alt=\"header guia de especialidades de salud y belleza nicaragua\" width=\"1025\" height=\"345\" srcset=\"https:\/\/nicaragua-travel-guide.com\/site\/wp-content\/uploads\/2016\/06\/header-guia-de-especialidades-de-salud-y-belleza-nicaragua.jpg 1025w, https:\/\/nicaragua-travel-guide.com\/site\/wp-content\/uploads\/2016\/06\/header-guia-de-especialidades-de-salud-y-belleza-nicaragua-600x202.jpg 600w\" sizes=\"(max-width: 1025px) 100vw, 1025px\" \/><\/td>\n<\/tr>\n<tr style=\"height: 174px;\">\n<td style=\"width: 50px; height: 174px; background-color: #e1f7f0;\" colspan=\"5\" valign=\"top\" bgcolor=\"#FFFFFF\">Nicaragua travel guide.com es su\u00a0gu\u00eda\u00a0donde podr\u00e1 consultar, hacemos reservacion de consulta y previa cita, servicio guiado hasta \u00a0ponerlo en manos del medico especialista, laboratorios, farmacias, cl\u00ednicas,, hospitales y mucho mas del as ciudades de Managua, Masaya y Granada.<\/p>\n<p>Con atenci\u00f3n personalizada m\u00e9dicos profesionales de distintas especialidades de belleza y salud con asistencia privada seg\u00fan sea tu necesidad con la tecnolog\u00eda m\u00e1s moderna y avanzada. si todo lo que necesitas es mucha fe, oraci\u00f3n y agua milagrosa para tomar y sanar tambien.<\/td>\n<\/tr>\n<tr style=\"height: 597px;\">\n<td style=\"width: 50px; height: 597px;\" colspan=\"5\" valign=\"top\" bgcolor=\"#FFFFFF\">\n<table style=\"height: 615px; width: 965px;\">\n<tbody>\n<tr style=\"height: 6px;\">\n<td style=\"width: 307.3333435058594px; height: 6px;\">\u00a0M\u00e9dicos\u00a0Especialistas<\/td>\n<td style=\"width: 363.3333435058594px; height: 6px;\">Cl\u00ednica\u00a0de Belleza<\/td>\n<td style=\"width: 268.6666564941406px; height: 6px;\">Masages<\/td>\n<\/tr>\n<tr style=\"height: 6px;\">\n<td style=\"width: 307.3333435058594px; height: 6px;\"><a href=\"http:\/\/nicaragua-travel-guide.com\/site\/dr-ulises-alejandro-huete-maltez-especialista-en-medicina-interna-y-cardiologia-clinica-privada-y-visita-a-domicilio-en-nicaragua\/\">Cardiologia<\/a><\/td>\n<td style=\"width: 363.3333435058594px; height: 6px;\"><a href=\"http:\/\/nicaragua-travel-guide.com\/site\/salud-y-belleza-depilacion-laser-paquetes-especiales-por-sesion-liposuccion-sin-cirugia-eliminacion-de-celulitis-y-flacidez-levantamiento-de-gluteos-y-bustos-tratamiento-facial-lifting-y-mas\/\">Depilaci\u00f3n l\u00e1ser<\/a><\/td>\n<td style=\"width: 268.6666564941406px; height: 6px;\">Psicoterapia<\/td>\n<\/tr>\n<tr style=\"height: 8px;\">\n<td style=\"width: 307.3333435058594px; height: 8px;\">Cirujano general<\/td>\n<td style=\"width: 363.3333435058594px; height: 8px;\">Combo para todo el a\u00f1o<\/td>\n<td style=\"width: 268.6666564941406px; height: 8px;\">Reflexology<\/td>\n<\/tr>\n<tr style=\"height: 12px;\">\n<td style=\"width: 307.3333435058594px; height: 12px;\">Cirujano pl\u00e1stico<\/td>\n<td style=\"width: 363.3333435058594px; height: 12px;\">Lifting Facial \u00a0\u00a0(acn\u00e9)<\/td>\n<td style=\"width: 268.6666564941406px; height: 12px;\"><strong>Masaje Terap\u00e9utico<\/strong><\/td>\n<\/tr>\n<tr style=\"height: 4px;\">\n<td style=\"width: 307.3333435058594px; height: 4px;\">Cl\u00ednica<\/td>\n<td style=\"width: 363.3333435058594px; height: 4px;\">Rejuvenecimiento<\/td>\n<td style=\"width: 268.6666564941406px; height: 4px;\">Masaje Quiropractico<\/td>\n<\/tr>\n<tr style=\"height: 4px;\">\n<td style=\"width: 307.3333435058594px; height: 4px;\">Colonocoscopia<\/td>\n<td style=\"width: 363.3333435058594px; height: 4px;\">Levantamiento de bustos y gl\u00fateo<\/td>\n<td style=\"width: 268.6666564941406px; height: 4px;\"><strong>Hot Stone Therapy<\/strong><\/td>\n<\/tr>\n<tr style=\"height: 3px;\">\n<td style=\"width: 307.3333435058594px; height: 3px;\">Diabetologia<\/td>\n<td style=\"width: 363.3333435058594px; height: 3px;\">Eliminaci\u00f3n de ara\u00f1itas Vasculares<\/td>\n<td style=\"width: 268.6666564941406px; height: 3px;\"><strong>Shiatsu Massage<\/strong><\/td>\n<\/tr>\n<tr style=\"height: 3px;\">\n<td style=\"width: 307.3333435058594px; height: 3px;\">Dermatologia<\/td>\n<td style=\"width: 363.3333435058594px; height: 3px;\">Varices<\/td>\n<td style=\"width: 268.6666564941406px; height: 3px;\">Apucuntura<\/td>\n<\/tr>\n<tr style=\"height: 5px;\">\n<td style=\"width: 307.3333435058594px; height: 5px;\">Farmacia<\/td>\n<td style=\"width: 363.3333435058594px; height: 5px;\">Flacidez y Celulitis<\/td>\n<td style=\"width: 268.6666564941406px; height: 5px;\"><\/td>\n<\/tr>\n<tr style=\"height: 5px;\">\n<td style=\"width: 307.3333435058594px; height: 5px;\">Flebologia, Linfologia<\/td>\n<td style=\"width: 363.3333435058594px; height: 5px;\">Liposucci\u00f3n<\/td>\n<td style=\"width: 268.6666564941406px; height: 5px;\"><strong><a href=\"http:\/\/nicaragua-travel-guide.com\/site\/masaje-spa-sesion-relajante-shiatsu-reflexology-aromatherapy-prenatal-massage-deep-tissue-acupuncture-fusion-special-combos\/\">Masajes &amp; Spa<\/a><\/strong><\/td>\n<\/tr>\n<tr style=\"height: 5px;\">\n<td style=\"width: 307.3333435058594px; height: 5px;\">Ginecologia<\/td>\n<td style=\"width: 363.3333435058594px; height: 5px;\">Criolipolisis<\/td>\n<td style=\"width: 268.6666564941406px; height: 5px;\"><\/td>\n<\/tr>\n<tr style=\"height: 13px;\">\n<td style=\"width: 307.3333435058594px; height: 13px;\">Laboratorio<\/td>\n<td style=\"width: 363.3333435058594px; height: 13px;\"><\/td>\n<td style=\"width: 268.6666564941406px; height: 13px;\">Tratamiento de limpieza<\/td>\n<\/tr>\n<tr style=\"height: 15px;\">\n<td style=\"width: 307.3333435058594px; height: 15px;\"><a href=\"http:\/\/nicaragua-travel-guide.com\/site\/dr-ulises-alejandro-huete-maltez-especialista-en-medicina-interna-y-cardiologia-clinica-privada-y-visita-a-domicilio-en-nicaragua\/\">Medicina Interna<\/a><\/td>\n<td style=\"width: 363.3333435058594px; height: 15px;\"><\/td>\n<td style=\"width: 268.6666564941406px; height: 15px;\">Plan Nutricional \u00a0Dieta<\/td>\n<\/tr>\n<tr style=\"height: 15px;\">\n<td style=\"width: 307.3333435058594px; height: 15px;\">\u00d3ptometrista<\/td>\n<td style=\"width: 363.3333435058594px; height: 15px;\"><\/td>\n<td style=\"width: 268.6666564941406px; height: 15px;\">Paquete para bajar de peso<\/td>\n<\/tr>\n<tr style=\"height: 15px;\">\n<td style=\"width: 307.3333435058594px; height: 15px;\">Odontolog\u00eda<\/td>\n<td style=\"width: 363.3333435058594px; height: 15px;\"><\/td>\n<td style=\"width: 268.6666564941406px; height: 15px;\"><\/td>\n<\/tr>\n<tr style=\"height: 15px;\">\n<td style=\"width: 307.3333435058594px; height: 15px;\">Ortopedia y \u00a0Traumatologia<\/td>\n<td style=\"width: 363.3333435058594px; height: 15px;\"><\/td>\n<td style=\"width: 268.6666564941406px; height: 15px;\"><\/td>\n<\/tr>\n<tr style=\"height: 15px;\">\n<td style=\"width: 307.3333435058594px; height: 15px;\">Pediatr\u00eda<\/td>\n<td style=\"width: 363.3333435058594px; height: 15px;\"><\/td>\n<td style=\"width: 268.6666564941406px; height: 15px;\"><\/td>\n<\/tr>\n<tr style=\"height: 15px;\">\n<td style=\"width: 307.3333435058594px; height: 15px;\">Radiolog\u00eda<\/td>\n<td style=\"width: 363.3333435058594px; height: 15px;\"><\/td>\n<td style=\"width: 268.6666564941406px; height: 15px;\"><\/td>\n<\/tr>\n<tr style=\"height: 15px;\">\n<td style=\"width: 307.3333435058594px; height: 15px;\">Rehabilitaci\u00f3n f\u00edsica<\/td>\n<td style=\"width: 363.3333435058594px; height: 15px;\"><\/td>\n<td style=\"width: 268.6666564941406px; height: 15px;\"><\/td>\n<\/tr>\n<tr style=\"height: 15px;\">\n<td style=\"width: 307.3333435058594px; height: 15px;\">Psicolog\u00eda<\/td>\n<td style=\"width: 363.3333435058594px; height: 15px;\"><\/td>\n<td style=\"width: 268.6666564941406px; height: 15px;\"><\/td>\n<\/tr>\n<tr style=\"height: 15px;\">\n<td style=\"width: 307.3333435058594px; height: 15px;\">Psiquiatr\u00eda<\/td>\n<td style=\"width: 363.3333435058594px; height: 15px;\"><\/td>\n<td style=\"width: 268.6666564941406px; height: 15px;\"><\/td>\n<\/tr>\n<tr style=\"height: 13.3333740234375px;\">\n<td style=\"width: 307.3333435058594px; height: 13.3333740234375px; background-color: #e1f7f0;\" colspan=\"3\">Por informaci\u00f3n y reservacion <strong>Contactarnos<\/strong><\/td>\n<\/tr>\n<\/tbody>\n<\/table>\n<\/td>\n<\/tr>\n<\/tbody>\n<\/table>\n","protected":false},"excerpt":{"rendered":"<p>Nicaragua travel guide.com es su\u00a0gu\u00eda\u00a0donde podr\u00e1 consultar, hacemos reservacion de consulta y previa cita, servicio guiado hasta \u00a0ponerlo en manos del medico especialista, laboratorios, farmacias, cl\u00ednicas,, hospitales y mucho mas del as ciudades de Managua, Masaya y Granada. Con atenci\u00f3n personalizada m\u00e9dicos profesionales de distintas especialidades de belleza y salud con asistencia privada seg\u00fan sea [&hellip;]<\/p>\n","protected":false},"author":2,"featured_media":0,"parent":0,"menu_order":0,"comment_status":"closed","ping_status":"closed","template":"","meta":{"footnotes":""},"_links":{"self":[{"href":"https:\/\/nicaragua-travel-guide.com\/site\/wp-json\/wp\/v2\/pages\/5279"}],"collection":[{"href":"https:\/\/nicaragua-travel-guide.com\/site\/wp-json\/wp\/v2\/pages"}],"about":[{"href":"https:\/\/nicaragua-travel-guide.com\/site\/wp-json\/wp\/v2\/types\/page"}],"author":[{"embeddable":true,"href":"https:\/\/nicaragua-travel-guide.com\/site\/wp-json\/wp\/v2\/users\/2"}],"replies":[{"embeddable":true,"href":"https:\/\/nicaragua-travel-guide.com\/site\/wp-json\/wp\/v2\/comments?post=5279"}],"version-history":[{"count":23,"href":"https:\/\/nicaragua-travel-guide.com\/site\/wp-json\/wp\/v2\/pages\/5279\/revisions"}],"predecessor-version":[{"id":11693,"href":"https:\/\/nicaragua-travel-guide.com\/site\/wp-json\/wp\/v2\/pages\/5279\/revisions\/11693"}],"wp:attachment":[{"href":"https:\/\/nicaragua-travel-guide.com\/site\/wp-json\/wp\/v2\/media?parent=5279"}],"curies":[{"name":"wp","href":"https:\/\/api.w.org\/{rel}","templated":true}]}}