{"id":5355,"date":"2016-06-23T15:44:29","date_gmt":"2016-06-23T15:44:29","guid":{"rendered":"http:\/\/nicaragua-travel-guide.com\/site\/?page_id=5355"},"modified":"2016-08-29T06:30:30","modified_gmt":"2016-08-29T06:30:30","slug":"organizamos-decoracion-de-iglesias-y-salon-de-eventos","status":"publish","type":"page","link":"https:\/\/nicaragua-travel-guide.com\/site\/organizamos-decoracion-de-iglesias-y-salon-de-eventos\/","title":{"rendered":"Organizamos decoracion de Iglesias y salon de eventos"},"content":{"rendered":"<table style=\"width: 1002.6666870117188px;\" border=\"0\">\n<tbody>\n<tr style=\"height: 8.666671752929688px;\">\n<td style=\"height: 8.666671752929688px; width: 1004.6666870117188px;\" valign=\"top\" bgcolor=\"#FFFF00\"><img loading=\"lazy\" decoding=\"async\" class=\"alignnone size-full wp-image-11198\" src=\"http:\/\/nicaragua-travel-guide.com\/site\/wp-content\/uploads\/2016\/06\/decoracion-de-iglesias-y-arreglos-florales-en-nicaragua.jpg\" alt=\"decoracion de iglesias y arreglos florales en nicaragua\" width=\"1025\" height=\"345\" srcset=\"https:\/\/nicaragua-travel-guide.com\/site\/wp-content\/uploads\/2016\/06\/decoracion-de-iglesias-y-arreglos-florales-en-nicaragua.jpg 1025w, https:\/\/nicaragua-travel-guide.com\/site\/wp-content\/uploads\/2016\/06\/decoracion-de-iglesias-y-arreglos-florales-en-nicaragua-600x202.jpg 600w\" sizes=\"(max-width: 1025px) 100vw, 1025px\" \/><\/td>\n<\/tr>\n<tr style=\"height: 46px;\">\n<td style=\"height: 46px; width: 1004.6666870117188px;\" valign=\"top\" bgcolor=\"#FFFF00\">Organizamos la decoraci\u00f3n de Iglesias para eventos religiosos Bodas, bautizos, primeras comuniones, cumplea\u00f1os, 15 a\u00f1os, graduaciones, misas de difuntos, aniversarios y mas&#8230;<\/td>\n<\/tr>\n<tr style=\"height: 22px;\">\n<td style=\"height: 22px; width: 1004.6666870117188px;\" valign=\"top\" bgcolor=\"#FFFFFF\"><img loading=\"lazy\" decoding=\"async\" class=\"alignnone wp-image-12724\" src=\"http:\/\/nicaragua-travel-guide.com\/site\/wp-content\/uploads\/2016\/06\/floristeria-paquetes-por-evento.jpg\" alt=\"floristeria paquetes por evento\" width=\"991\" height=\"347\" \/><\/td>\n<\/tr>\n<tr style=\"height: 326px;\">\n<td style=\"height: 326px; width: 1004.6666870117188px;\" valign=\"top\" bgcolor=\"#FFFFFF\">Todos sabemos que decorar la iglesia para el d\u00eda de nuestra celebraci\u00f3n religiosa es necesario que luzca perfecta, y el sal\u00f3n tambi\u00e9n debe tener sus arreglos florales y decorativos seg\u00fan sea la ocasi\u00f3n, as\u00ed mismo el tipo de iluminaci\u00f3n.<\/p>\n<p>Arreglos florales y decorativos para celebraciones religiosas en iglesias y salones, en la casa y recepci\u00f3n, es un tema que no debe tomarse a la ligera, pues los arreglos florales son una parte muy importante en la decoraci\u00f3n, cualquiera sea su tem\u00e1tica.<\/p>\n<p>&nbsp;<\/p>\n<p>Para diferentes tipos de eventos y ceremonias religiosas hay arreglos florales, corsache y ramo de buque, el carruaje berlina con arreglos, cuando llegue el momentolo id\u00f3neo es que seleccione a un profesional que se encargue de la decoraci\u00f3n, que tenga buenas referencias y muchas fotos de trabajos anteriores. No dejes que hagan experimentos en un d\u00eda tan importante para ti.<\/p>\n<p>Con el dise\u00f1ador(a) de arreglos florales, habla claro para aportar ideas y nociones de acuerdo al motivo el estilo de arreglos es diferente; Para celebraci\u00f3n religiosa, bautizo, primera comuni\u00f3n, confirmaci\u00f3n, boda, 15 a\u00f1os,tambi\u00e9n para damas e invitados de honor,tambi\u00e9n debes llevar algunas telas con los colores que te gustan, y escoja sus colores favoritos para manteles, cortinas y decorar el o los salones para la\u00a0recepci\u00f3n. tomando m<span style=\"font-family: inherit; font-size: inherit; line-height: 1.5;\">uy en cuenta tu presupuesto.<\/span><\/td>\n<\/tr>\n<tr style=\"height: 15px;\">\n<td style=\"height: 15px; width: 1004.6666870117188px;\" valign=\"top\" bgcolor=\"#FFFFFF\">Podemos trasladarnos para organizar tu evento en cualquier lugar de Granada para los arreglos florales decorativos y equipos.<\/td>\n<\/tr>\n<tr style=\"height: 15px;\">\n<td style=\"height: 15px; width: 1004.6666870117188px;\" valign=\"top\" bgcolor=\"#FFFFFF\">Ver\u00a0Secci\u00f3n\u00a0<a href=\"http:\/\/nicaragua-travel-guide.com\/site\/floristeria-nicaragua\/\"><strong>Florister\u00eda<\/strong><\/a><\/td>\n<\/tr>\n<tr style=\"height: 15px;\">\n<td style=\"height: 15px; width: 1004.6666870117188px;\" valign=\"top\" bgcolor=\"#FFFFFF\"><img loading=\"lazy\" decoding=\"async\" class=\"alignnone size-medium wp-image-12721\" src=\"http:\/\/nicaragua-travel-guide.com\/site\/wp-content\/uploads\/2016\/06\/floristeria-decoracion-de-iglesia-y-canto-paquete.jpg\" alt=\"floristeria decoracion de iglesia y canto paquete\" width=\"1025\" height=\"345\" srcset=\"https:\/\/nicaragua-travel-guide.com\/site\/wp-content\/uploads\/2016\/06\/floristeria-decoracion-de-iglesia-y-canto-paquete.jpg 1025w, https:\/\/nicaragua-travel-guide.com\/site\/wp-content\/uploads\/2016\/06\/floristeria-decoracion-de-iglesia-y-canto-paquete-600x202.jpg 600w\" sizes=\"(max-width: 1025px) 100vw, 1025px\" \/><\/td>\n<\/tr>\n<tr style=\"height: 15px;\">\n<td style=\"height: 15px; width: 1004.6666870117188px;\" valign=\"top\" bgcolor=\"#FFFFFF\">Ramos y buquet \u00a0 \u00a0 \u00a0 \u00a0 \u00a0 \u00a0 \u00a0 \u00a0 \u00a0 \u00a0 \u00a0 \u00a0 \u00a0 \u00a0 \u00a0\u00a0centro de mesa \u00a0 \u00a0 \u00a0 \u00a0 \u00a0 \u00a0 \u00a0\u00a0regalos florales \u00a0 \u00a0 \u00a0 \u00a0 \u00a0 \u00a0 \u00a0 \u00a0 \u00a0 \u00a0\u00a0cruces y coronas de funeral<\/td>\n<\/tr>\n<tr style=\"height: 15px;\">\n<td style=\"height: 15px; width: 1004.6666870117188px;\" valign=\"top\" bgcolor=\"#FFFFFF\"><img loading=\"lazy\" decoding=\"async\" class=\"alignnone size-medium wp-image-12723\" src=\"http:\/\/nicaragua-travel-guide.com\/site\/wp-content\/uploads\/2016\/06\/floristeria-para-bebe-y-funeral.jpg\" alt=\"floristeria para bebe y funeral\" width=\"1025\" height=\"345\" srcset=\"https:\/\/nicaragua-travel-guide.com\/site\/wp-content\/uploads\/2016\/06\/floristeria-para-bebe-y-funeral.jpg 1025w, https:\/\/nicaragua-travel-guide.com\/site\/wp-content\/uploads\/2016\/06\/floristeria-para-bebe-y-funeral-600x202.jpg 600w\" sizes=\"(max-width: 1025px) 100vw, 1025px\" \/><\/td>\n<\/tr>\n<tr style=\"height: 15px;\">\n<td style=\"height: 15px; width: 1004.6666870117188px;\" valign=\"top\" bgcolor=\"#FFFFFF\">arreglos florales \u00a0 \u00a0 \u00a0 \u00a0 \u00a0 \u00a0 \u00a0 \u00a0 \u00a0 \u00a0 \u00a0 \u00a0 \u00a0 \u00a0 \u00a0\u00a0arreglos de pergola \u00a0 \u00a0 \u00a0 \u00a0 \u00a0 \u00a0 \u00a0 \u00a0 \u00a0 \u00a0 \u00a0 \u00a0 \u00a0 \u00a0 \u00a0 \u00a0 \u00a0 \u00a0 \u00a0 \u00a0 \u00a0 \u00a0 \u00a0 \u00a0 \u00a0 \u00a0 \u00a0 \u00a0 \u00a0 \u00a0\u00a0alquiler de manteleria<\/td>\n<\/tr>\n<tr style=\"height: 15px;\">\n<td style=\"height: 15px; width: 1004.6666870117188px;\" valign=\"top\" bgcolor=\"#FFFFFF\"><img loading=\"lazy\" decoding=\"async\" class=\"alignnone wp-image-12726\" src=\"http:\/\/nicaragua-travel-guide.com\/site\/wp-content\/uploads\/2016\/06\/arreglo-floral-pergola-en-iglesia.jpg\" alt=\"arreglo floral pergola en iglesia\" width=\"990\" height=\"659\" srcset=\"https:\/\/nicaragua-travel-guide.com\/site\/wp-content\/uploads\/2016\/06\/arreglo-floral-pergola-en-iglesia.jpg 275w, https:\/\/nicaragua-travel-guide.com\/site\/wp-content\/uploads\/2016\/06\/arreglo-floral-pergola-en-iglesia-180x120.jpg 180w\" sizes=\"(max-width: 990px) 100vw, 990px\" \/><\/td>\n<\/tr>\n<tr style=\"height: 15px;\">\n<td style=\"height: 15px; width: 1004.6666870117188px;\" valign=\"top\" bgcolor=\"#FFFFFF\"><b><a href=\"http:\/\/nicaragua-travel-guide.com\/site\/iglesias-principales-de-granada-nicaragua\/\">Ver Iglesias principales de Granada<\/a>\u00a0<\/b> Nicaragua<\/td>\n<\/tr>\n<tr style=\"height: 15px;\">\n<td style=\"height: 15px; width: 1004.6666870117188px;\" valign=\"top\" bgcolor=\"#FFFFFF\"><\/td>\n<\/tr>\n<tr style=\"height: 15px;\">\n<td style=\"height: 15px; width: 1004.6666870117188px;\" valign=\"top\" bgcolor=\"#FFFFFF\">Otros Servicios:Alquiler de sillas mesas, manteles, platos, vasos, copas, cubiertos, servilletas y m\u00e1s&#8230;<\/td>\n<\/tr>\n<tr style=\"height: 15px;\">\n<td style=\"height: 15px; width: 1004.6666870117188px;\" valign=\"top\" bgcolor=\"#FFFFFF\"><img loading=\"lazy\" decoding=\"async\" class=\"alignnone size-medium wp-image-12727\" src=\"http:\/\/nicaragua-travel-guide.com\/site\/wp-content\/uploads\/2016\/06\/floristeria-centro-de-mesa-y-buffet.jpg\" alt=\"floristeria centro de mesa y buffet\" width=\"1025\" height=\"345\" srcset=\"https:\/\/nicaragua-travel-guide.com\/site\/wp-content\/uploads\/2016\/06\/floristeria-centro-de-mesa-y-buffet.jpg 1025w, https:\/\/nicaragua-travel-guide.com\/site\/wp-content\/uploads\/2016\/06\/floristeria-centro-de-mesa-y-buffet-600x202.jpg 600w\" sizes=\"(max-width: 1025px) 100vw, 1025px\" \/><\/td>\n<\/tr>\n<tr style=\"height: 6px;\">\n<td style=\"height: 6px; width: 1004.6666870117188px;\" valign=\"top\" bgcolor=\"#FFFFFF\"><\/td>\n<\/tr>\n<tr style=\"height: 22px;\">\n<td style=\"height: 22px; width: 1004.6666870117188px;\" valign=\"top\" bgcolor=\"#FFFF00\">Por mayor informaci\u00f3n y reservaci\u00f3n Contactarnos<\/td>\n<\/tr>\n<\/tbody>\n<\/table>\n","protected":false},"excerpt":{"rendered":"<p>Organizamos la decoraci\u00f3n de Iglesias para eventos religiosos Bodas, bautizos, primeras comuniones, cumplea\u00f1os, 15 a\u00f1os, graduaciones, misas de difuntos, aniversarios y mas&#8230; Todos sabemos que decorar la iglesia para el d\u00eda de nuestra celebraci\u00f3n religiosa es necesario que luzca perfecta, y el sal\u00f3n tambi\u00e9n debe tener sus arreglos florales y decorativos seg\u00fan sea la ocasi\u00f3n, [&hellip;]<\/p>\n","protected":false},"author":2,"featured_media":0,"parent":0,"menu_order":0,"comment_status":"closed","ping_status":"closed","template":"","meta":{"footnotes":""},"_links":{"self":[{"href":"https:\/\/nicaragua-travel-guide.com\/site\/wp-json\/wp\/v2\/pages\/5355"}],"collection":[{"href":"https:\/\/nicaragua-travel-guide.com\/site\/wp-json\/wp\/v2\/pages"}],"about":[{"href":"https:\/\/nicaragua-travel-guide.com\/site\/wp-json\/wp\/v2\/types\/page"}],"author":[{"embeddable":true,"href":"https:\/\/nicaragua-travel-guide.com\/site\/wp-json\/wp\/v2\/users\/2"}],"replies":[{"embeddable":true,"href":"https:\/\/nicaragua-travel-guide.com\/site\/wp-json\/wp\/v2\/comments?post=5355"}],"version-history":[{"count":12,"href":"https:\/\/nicaragua-travel-guide.com\/site\/wp-json\/wp\/v2\/pages\/5355\/revisions"}],"predecessor-version":[{"id":12729,"href":"https:\/\/nicaragua-travel-guide.com\/site\/wp-json\/wp\/v2\/pages\/5355\/revisions\/12729"}],"wp:attachment":[{"href":"https:\/\/nicaragua-travel-guide.com\/site\/wp-json\/wp\/v2\/media?parent=5355"}],"curies":[{"name":"wp","href":"https:\/\/api.w.org\/{rel}","templated":true}]}}