{"id":5454,"date":"2016-06-25T17:20:41","date_gmt":"2016-06-25T17:20:41","guid":{"rendered":"http:\/\/nicaragua-travel-guide.com\/site\/?page_id=5454"},"modified":"2016-08-24T21:19:14","modified_gmt":"2016-08-24T21:19:14","slug":"granada-caminando-iglesias-principales","status":"publish","type":"page","link":"https:\/\/nicaragua-travel-guide.com\/site\/granada-caminando-iglesias-principales\/","title":{"rendered":"Granada Tour  \u00abIglesias principales\u00bb"},"content":{"rendered":"<table style=\"width: 956.3333740234375px;\" border=\"0\">\n<tbody>\n<tr style=\"height: 340px;\">\n<td style=\"width: 30px; height: 340px;\" colspan=\"3\" bgcolor=\"#0000CC\"><img loading=\"lazy\" decoding=\"async\" class=\"alignnone size-full wp-image-5455\" src=\"http:\/\/nicaragua-travel-guide.com\/site\/wp-content\/uploads\/2016\/06\/granadawalkingcitytourmainchurches.jpg\" alt=\"granadawalkingcitytourmainchurches\" width=\"1025\" height=\"345\" srcset=\"https:\/\/nicaragua-travel-guide.com\/site\/wp-content\/uploads\/2016\/06\/granadawalkingcitytourmainchurches.jpg 1025w, https:\/\/nicaragua-travel-guide.com\/site\/wp-content\/uploads\/2016\/06\/granadawalkingcitytourmainchurches-600x202.jpg 600w\" sizes=\"(max-width: 1025px) 100vw, 1025px\" \/><\/td>\n<\/tr>\n<tr style=\"height: 22px;\">\n<td style=\"background-color: #20b9fa; width: 30px; height: 22px;\" colspan=\"3\" bgcolor=\"#0000CC\">Tours de las Iglesias Principales:<\/td>\n<\/tr>\n<tr style=\"height: 22px;\">\n<td style=\"background-color: #f5b81d; width: 30px; height: 22px;\" colspan=\"3\" bgcolor=\"#0000CC\">Descripci\u00f3n:<\/p>\n<p>Caminando por la ciudad de Granada para apreciar edificios \u00a0de distintos estilos Colonial,\u00a0neo cl\u00e1sicos\u00a0 barrocos, g\u00f3ticos, modernos con diferentes \u00a0contraste de colores fachadas e interiores principalmente sus iglesias donde entraremos para apreciar sus\u00a0decoraciones.<\/p>\n<p>&nbsp;<\/p>\n<p>\u2022 Iglesia de Guadalupe ( la gu\u00eda cantara una canci\u00f3n)<br \/>\n\u2022 Iglesia de San Francisco + Museo ( la gu\u00eda cantara una canci\u00f3n)<br \/>\n\u2022 Catedral + Subir a la torre (la gu\u00eda cantara una canci\u00f3n)<br \/>\n\u2022 Iglesia La Merced + subir a la torre(La gu\u00eda cantara una canci\u00f3n)<br \/>\n\u2022 Capilla de la casa de la beata sor Mar\u00eda Romero (La gu\u00eda cantara una canci\u00f3n)<br \/>\n\u2022 Iglesia de Xalteva , Los Muros, Plaza y Parque (La gu\u00eda cantara una canci\u00f3n)<br \/>\n\u2022 Capilla de las Animas \u00a0del Cementerio Municipal (La gu\u00eda cantara una canci\u00f3n)<\/td>\n<\/tr>\n<tr style=\"height: 22px;\">\n<td style=\"background-color: #0ac4f7; width: 30px; height: 22px; border-color: #0ac4f7;\" colspan=\"3\" bgcolor=\"#0000CC\">\n<table style=\"width: 967px;\" border=\"0\">\n<tbody>\n<tr style=\"height: 16.3333740234375px;\">\n<td style=\"width: 20px; height: 16.3333740234375px;\" colspan=\"2\"><img loading=\"lazy\" decoding=\"async\" class=\"wp-image-12301 aligncenter\" src=\"http:\/\/nicaragua-travel-guide.com\/site\/wp-content\/uploads\/2016\/06\/granada-catedral-altar.jpg\" alt=\"granada catedral altar\" width=\"980\" height=\"343\" \/><\/td>\n<\/tr>\n<tr style=\"height: 16.3333740234375px;\">\n<td style=\"width: 20px; height: 16.3333740234375px;\" colspan=\"2\"><img loading=\"lazy\" decoding=\"async\" class=\"wp-image-12302 aligncenter\" src=\"http:\/\/nicaragua-travel-guide.com\/site\/wp-content\/uploads\/2016\/06\/granada-capilla-maria-auxiliadora-altar.jpg\" alt=\"granada capilla maria auxiliadora altar\" width=\"974\" height=\"341\" \/><\/td>\n<\/tr>\n<\/tbody>\n<\/table>\n<\/td>\n<\/tr>\n<tr style=\"height: 22px;\">\n<td style=\"background-color: #0ac4f7; width: 30px; height: 22px; border-color: #0ac4f7;\" colspan=\"3\" bgcolor=\"#0000CC\">\n<table style=\"height: 30px; width: 962.6666870117188px;\">\n<tbody>\n<tr>\n<td style=\"width: 266px;\"><img loading=\"lazy\" decoding=\"async\" class=\"alignnone wp-image-12294\" style=\"background-color: #ffffff;\" src=\"http:\/\/nicaragua-travel-guide.com\/site\/wp-content\/uploads\/2016\/06\/granada-iglesia-de-la-merced-torre.jpg\" alt=\"granada iglesia de la merced torre\" width=\"263\" height=\"351\" \/><\/td>\n<td style=\"width: 239px; background-color: #0ac4f7; border-color: #0ac4f7;\"><\/td>\n<td style=\"width: 476.66668701171875px;\"><img loading=\"lazy\" decoding=\"async\" class=\"alignnone wp-image-12297\" style=\"background-color: #ffffff;\" src=\"http:\/\/nicaragua-travel-guide.com\/site\/wp-content\/uploads\/2016\/06\/granada-city-tour-iglesia-de-xalteva-la-asuncion-de-maria.jpg\" alt=\"granada city tour iglesia de xalteva la asuncion de maria\" width=\"460\" height=\"345\" srcset=\"https:\/\/nicaragua-travel-guide.com\/site\/wp-content\/uploads\/2016\/06\/granada-city-tour-iglesia-de-xalteva-la-asuncion-de-maria.jpg 1024w, https:\/\/nicaragua-travel-guide.com\/site\/wp-content\/uploads\/2016\/06\/granada-city-tour-iglesia-de-xalteva-la-asuncion-de-maria-600x450.jpg 600w\" sizes=\"(max-width: 460px) 100vw, 460px\" \/><\/td>\n<\/tr>\n<\/tbody>\n<\/table>\n<\/td>\n<\/tr>\n<tr style=\"height: 14.3333740234375px;\">\n<td style=\"width: 30px; height: 14.3333740234375px; background-color: #fac20a;\" colspan=\"3\" align=\"center\" valign=\"top\" bgcolor=\"#0000CC\">Por reservacion <strong>Contactar<\/strong><\/td>\n<\/tr>\n<\/tbody>\n<\/table>\n","protected":false},"excerpt":{"rendered":"<p>Tours de las Iglesias Principales: Descripci\u00f3n: Caminando por la ciudad de Granada para apreciar edificios \u00a0de distintos estilos Colonial,\u00a0neo cl\u00e1sicos\u00a0 barrocos, g\u00f3ticos, modernos con diferentes \u00a0contraste de colores fachadas e interiores principalmente sus iglesias donde entraremos para apreciar sus\u00a0decoraciones. &nbsp; \u2022 Iglesia de Guadalupe ( la gu\u00eda cantara una canci\u00f3n) \u2022 Iglesia de San Francisco [&hellip;]<\/p>\n","protected":false},"author":2,"featured_media":0,"parent":0,"menu_order":0,"comment_status":"closed","ping_status":"closed","template":"","meta":{"footnotes":""},"_links":{"self":[{"href":"https:\/\/nicaragua-travel-guide.com\/site\/wp-json\/wp\/v2\/pages\/5454"}],"collection":[{"href":"https:\/\/nicaragua-travel-guide.com\/site\/wp-json\/wp\/v2\/pages"}],"about":[{"href":"https:\/\/nicaragua-travel-guide.com\/site\/wp-json\/wp\/v2\/types\/page"}],"author":[{"embeddable":true,"href":"https:\/\/nicaragua-travel-guide.com\/site\/wp-json\/wp\/v2\/users\/2"}],"replies":[{"embeddable":true,"href":"https:\/\/nicaragua-travel-guide.com\/site\/wp-json\/wp\/v2\/comments?post=5454"}],"version-history":[{"count":10,"href":"https:\/\/nicaragua-travel-guide.com\/site\/wp-json\/wp\/v2\/pages\/5454\/revisions"}],"predecessor-version":[{"id":12308,"href":"https:\/\/nicaragua-travel-guide.com\/site\/wp-json\/wp\/v2\/pages\/5454\/revisions\/12308"}],"wp:attachment":[{"href":"https:\/\/nicaragua-travel-guide.com\/site\/wp-json\/wp\/v2\/media?parent=5454"}],"curies":[{"name":"wp","href":"https:\/\/api.w.org\/{rel}","templated":true}]}}