{"id":5495,"date":"2016-06-25T20:12:21","date_gmt":"2016-06-25T20:12:21","guid":{"rendered":"http:\/\/nicaragua-travel-guide.com\/site\/?page_id=5495"},"modified":"2016-08-16T00:41:23","modified_gmt":"2016-08-16T00:41:23","slug":"recorrido-turistico-en-coche-o-berlina-por-hora-por-la-ciudad-de-granada-centro-turistico-se-organiza-evento-especial","status":"publish","type":"page","link":"https:\/\/nicaragua-travel-guide.com\/site\/recorrido-turistico-en-coche-o-berlina-por-hora-por-la-ciudad-de-granada-centro-turistico-se-organiza-evento-especial\/","title":{"rendered":"Tour en coche o berlina  una hora \u00abhacia el lago\u00bb centro turistico"},"content":{"rendered":"<table style=\"width: 1100.3333740234375px;\" border=\"0\">\n<tbody>\n<tr style=\"height: 13.666667938232422px;\">\n<td style=\"width: 469.3333740234375px; height: 13.666667938232422px;\" colspan=\"2\" bgcolor=\"#0033FF\"><img loading=\"lazy\" decoding=\"async\" class=\"alignnone wp-image-5082\" src=\"http:\/\/nicaragua-travel-guide.com\/site\/wp-content\/uploads\/2016\/06\/headertourencocheporhorasengranada.jpg\" alt=\"headertourencocheporhorasengranada\" width=\"1144\" height=\"386\" srcset=\"https:\/\/nicaragua-travel-guide.com\/site\/wp-content\/uploads\/2016\/06\/headertourencocheporhorasengranada.jpg 1025w, https:\/\/nicaragua-travel-guide.com\/site\/wp-content\/uploads\/2016\/06\/headertourencocheporhorasengranada-600x202.jpg 600w\" sizes=\"(max-width: 1144px) 100vw, 1144px\" \/><\/td>\n<\/tr>\n<tr style=\"height: 4px;\">\n<td style=\"width: 469.3333740234375px; height: 4px;\" colspan=\"2\" valign=\"top\" bgcolor=\"#0099FF\"><strong>Tour en coche o berlina por la ciudad de Granada \u00a0 \u00a0 \u00a0 \u00a0\u00a8Centro\u00a0Tur\u00edstico\u00a8\u00a0 \u00a0 \u00a0 \u00a0 \u00a0 \u00a0 \u00a0 \u00a0 \u00a0 \u00a0 \u00a0 \u00a0 \u00a0 \u00a0 \u00a0 \u00a0 \u00a0 \u00a0 \u00a0 \u00a0 \u00a0 \u00a0 \u00a0 \u00a0 \u00a0 \u00a0 \u00a0 \u00a0 4 \u00a0 \u00a0 \u00a0 \u00a0 \u00a0 \u00a0 \u00a0 \u00a0 \u00a0 \u00a0 \u00a0 \u00a0 \u00a0 \u00a0 \u00a0 \u00a0 \u00a0 \u00a0 \u00a0 \u00a0 \u00a0 \u00a0 \u00a0 \u00a0 \u00a0 \u00a0 \u00a0 \u00a0 \u00a0 \u00a0 \u00a0 \u00a0 \u00a0 \u00a0 \u00a0 \u00a0 \u00a0 \u00a0 \u00a0 \u00a0 \u00a0 \u00a0 \u00a0 \u00a0 \u00a0 \u00a0 \u00a0 \u00a0 \u00a0 \u00a0 \u00a0 \u00a0 \u00a0 \u00a0 \u00a0 \u00a0 \u00a0 \u00a0 \u00a0 \u00a0 \u00a0 \u00a0 \u00a0 \u00a0 \u00a0 \u00a0 \u00a0\u00a0<\/strong><\/td>\n<\/tr>\n<tr style=\"height: 36px;\">\n<td style=\"width: 293px; height: 36px; background-color: #ffffff; border-color: #ffffff;\" valign=\"top\" bgcolor=\"#0099FF\">Saliendo del centro hist\u00f3rico tenemos la opci\u00f3n de caminar antes o despu\u00e9s de abordar nuestro carruaje o berlina.Elegir si caminamos antes o despu\u00e9s del tour en carruaje.<\/p>\n<p>&nbsp;<\/p>\n<p>En nuestro coche o berlina iremos rumbo norte por la avenida principal donde se aprecian las fachadas de las mansiones principales y despu\u00e9s vamos al puerto principal.<\/p>\n<p>&nbsp;<\/p>\n<p>Caminaremos con nuestro gu\u00eda por el centro hist\u00f3rico en el coraz\u00f3n de la ciudad por el parque y plazas principales donde sabr\u00e1s mas detalles de los edificios hist\u00f3ricos y monumentos de la poblaci\u00f3n y su historia de antes y despu\u00e9s de la fundaci\u00f3n de la ciudad apreciando diferentes estilos de edificios y sus contrastes.<\/td>\n<td style=\"width: 176.3333740234375px; height: 36px; background-color: #ffffff; border-color: #ffffff;\" valign=\"top\" bgcolor=\"#0099FF\">\n<table style=\"width: 400px;\" border=\"0\">\n<tbody>\n<tr style=\"height: 25px;\">\n<td style=\"height: 25px; width: 179.3333282470703px;\" bgcolor=\"#FFFFFF\">Calle Atravesada<\/td>\n<td style=\"height: 25px; width: 204.6666717529297px;\" bgcolor=\"#FFFFFF\">Estaci\u00f3n de tren<\/td>\n<\/tr>\n<tr style=\"height: 25px;\">\n<td style=\"height: 25px; width: 179.3333282470703px;\" bgcolor=\"#FFFFFF\">Iglesia San Francisco<\/td>\n<td style=\"height: 25px; width: 204.6666717529297px;\" bgcolor=\"#FFFFFF\">Plaza Espa\u00f1a + Monumentos<\/td>\n<\/tr>\n<tr style=\"height: 25px;\">\n<td style=\"height: 25px; width: 179.3333282470703px;\" bgcolor=\"#FFFFFF\">Calle La Calzada<\/td>\n<td style=\"height: 25px; width: 204.6666717529297px;\" bgcolor=\"#FFFFFF\">Puerto Principal (bodega)<\/td>\n<\/tr>\n<tr style=\"height: 25px;\">\n<td style=\"height: 25px; width: 179.3333282470703px;\" bgcolor=\"#FFFFFF\">Iglesia de Guadalupe<\/td>\n<td style=\"height: 25px; width: 204.6666717529297px;\" bgcolor=\"#FFFFFF\">Hasta El Malec\u00f3n<\/td>\n<\/tr>\n<tr style=\"height: 25px;\">\n<td style=\"height: 25px; width: 179.3333282470703px;\" bgcolor=\"#FFFFFF\">Calle de los Mangos<\/td>\n<td style=\"height: 25px; width: 204.6666717529297px;\" bgcolor=\"#FFFFFF\"><\/td>\n<\/tr>\n<\/tbody>\n<\/table>\n<\/td>\n<\/tr>\n<tr style=\"height: 6px;\">\n<td style=\"width: 469.3333740234375px; height: 6px;\" colspan=\"2\" valign=\"top\" bgcolor=\"#0099FF\">\n<table style=\"height: 110px; width: 1121px;\">\n<tbody>\n<tr style=\"height: 514px;\">\n<td style=\"width: 384px; height: 514px;\"><img loading=\"lazy\" decoding=\"async\" class=\"wp-image-11308 aligncenter\" src=\"http:\/\/nicaragua-travel-guide.com\/site\/wp-content\/uploads\/2016\/06\/granadamonumentofcohernandezdecordoba.jpg\" alt=\"granadamonumentofcohernandezdecordoba\" width=\"363\" height=\"545\" \/><\/td>\n<td style=\"width: 746px; height: 514px;\"><img loading=\"lazy\" decoding=\"async\" class=\"wp-image-11307 aligncenter\" src=\"http:\/\/nicaragua-travel-guide.com\/site\/wp-content\/uploads\/2016\/06\/granadacochelago.jpg.gif\" alt=\"granadacochelago.jpg\" width=\"745\" height=\"562\" \/><\/td>\n<\/tr>\n<\/tbody>\n<\/table>\n<\/td>\n<\/tr>\n<tr style=\"height: 6px;\">\n<td style=\"width: 469.3333740234375px; height: 6px;\" colspan=\"2\" valign=\"top\" bgcolor=\"#0099FF\">Por mayor\u00a0informaci\u00f3n\u00a0y reservacion <strong>Contactarnos<\/strong><\/td>\n<\/tr>\n<\/tbody>\n<\/table>\n","protected":false},"excerpt":{"rendered":"<p>Tour en coche o berlina por la ciudad de Granada \u00a0 \u00a0 \u00a0 \u00a0\u00a8Centro\u00a0Tur\u00edstico\u00a8\u00a0 \u00a0 \u00a0 \u00a0 \u00a0 \u00a0 \u00a0 \u00a0 \u00a0 \u00a0 \u00a0 \u00a0 \u00a0 \u00a0 \u00a0 \u00a0 \u00a0 \u00a0 \u00a0 \u00a0 \u00a0 \u00a0 \u00a0 \u00a0 \u00a0 \u00a0 \u00a0 \u00a0 4 \u00a0 \u00a0 \u00a0 \u00a0 \u00a0 \u00a0 \u00a0 \u00a0 \u00a0 \u00a0 \u00a0 \u00a0 \u00a0 [&hellip;]<\/p>\n","protected":false},"author":2,"featured_media":0,"parent":0,"menu_order":0,"comment_status":"closed","ping_status":"closed","template":"","meta":{"footnotes":""},"_links":{"self":[{"href":"https:\/\/nicaragua-travel-guide.com\/site\/wp-json\/wp\/v2\/pages\/5495"}],"collection":[{"href":"https:\/\/nicaragua-travel-guide.com\/site\/wp-json\/wp\/v2\/pages"}],"about":[{"href":"https:\/\/nicaragua-travel-guide.com\/site\/wp-json\/wp\/v2\/types\/page"}],"author":[{"embeddable":true,"href":"https:\/\/nicaragua-travel-guide.com\/site\/wp-json\/wp\/v2\/users\/2"}],"replies":[{"embeddable":true,"href":"https:\/\/nicaragua-travel-guide.com\/site\/wp-json\/wp\/v2\/comments?post=5495"}],"version-history":[{"count":9,"href":"https:\/\/nicaragua-travel-guide.com\/site\/wp-json\/wp\/v2\/pages\/5495\/revisions"}],"predecessor-version":[{"id":11315,"href":"https:\/\/nicaragua-travel-guide.com\/site\/wp-json\/wp\/v2\/pages\/5495\/revisions\/11315"}],"wp:attachment":[{"href":"https:\/\/nicaragua-travel-guide.com\/site\/wp-json\/wp\/v2\/media?parent=5495"}],"curies":[{"name":"wp","href":"https:\/\/api.w.org\/{rel}","templated":true}]}}