{"id":5705,"date":"2016-07-05T17:14:39","date_gmt":"2016-07-05T17:14:39","guid":{"rendered":"http:\/\/nicaragua-travel-guide.com\/site\/?page_id=5705"},"modified":"2016-08-17T14:37:13","modified_gmt":"2016-08-17T14:37:13","slug":"camisetas-de-algodon-serigrafia-nacional-disenos-tipicos-de-nicaragua-se-hacen-logotipos-disenos-personalizados-por-docena-se-distribuyen-por-mayor","status":"publish","type":"page","link":"https:\/\/nicaragua-travel-guide.com\/site\/camisetas-de-algodon-serigrafia-nacional-disenos-tipicos-de-nicaragua-se-hacen-logotipos-disenos-personalizados-por-docena-se-distribuyen-por-mayor\/","title":{"rendered":"Camisetas de algod\u00f3n serigraf\u00eda nacional dise\u00f1os t\u00edpicos de Nicaragua"},"content":{"rendered":"<table style=\"width: 929px; height: 8528px;\">\n<tbody>\n<tr style=\"height: 16px;\">\n<td style=\"width: 968.6666870117188px; height: 16px;\"><img loading=\"lazy\" decoding=\"async\" class=\"alignnone wp-image-11428\" src=\"http:\/\/nicaragua-travel-guide.com\/site\/wp-content\/uploads\/2016\/07\/headercamisetasnacionalesserigrafiadas.jpg\" alt=\"headercamisetasnacionalesserigrafiadas\" width=\"1025\" height=\"345\" srcset=\"https:\/\/nicaragua-travel-guide.com\/site\/wp-content\/uploads\/2016\/07\/headercamisetasnacionalesserigrafiadas.jpg 1025w, https:\/\/nicaragua-travel-guide.com\/site\/wp-content\/uploads\/2016\/07\/headercamisetasnacionalesserigrafiadas-600x202.jpg 600w\" sizes=\"(max-width: 1025px) 100vw, 1025px\" \/><\/td>\n<\/tr>\n<tr style=\"height: 147px;\">\n<td style=\"width: 968.6666870117188px; height: 147px; background-color: #d5f7d7; text-align: left;\">Se venden camisetas serigrafiadas, con dise\u00f1os t\u00edpicos populares de nicaragua, precio por unidad, hacemos precio por docena, ordene y se los llevamos hasta su lugar.<\/p>\n<p>Impresi\u00f3n de serigraf\u00eda, logotipos empresariales y dise\u00f1os originales, env\u00edenos su dise\u00f1o en formato psd, tambien hacemos dise\u00f1os personalizados, por unidad y cantidad.<\/td>\n<\/tr>\n<tr style=\"height: 22px;\">\n<td style=\"width: 968.6666870117188px; text-align: left; height: 22px;\">\n<table style=\"height: 95px;\" width=\"964\">\n<tbody>\n<tr>\n<td style=\"width: 100.66666412353516px; background-color: #f5f10a;\"><strong>Size:<\/strong><\/td>\n<td style=\"width: 100.66666412353516px; background-color: #f5faaa;\">XXL:<\/td>\n<td style=\"width: 100.66666412353516px; background-color: #f5faaa;\">XL:<\/td>\n<td style=\"width: 100.66666412353516px; background-color: #f5faaa;\">Large:<\/td>\n<td style=\"width: 100.66666412353516px; background-color: #f5faaa;\">Small:<\/td>\n<td style=\"width: 100.66666412353516px; background-color: #f5faaa;\">Medium:<\/td>\n<td style=\"width: 100.66666412353516px; background-color: #f5faaa;\">Juvenil:<\/td>\n<td style=\"width: 100.66666412353516px; background-color: #f5faaa;\">Ni\u00f1os:<\/td>\n<td style=\"width: 100.66666412353516px; background-color: #f5faaa;\">Infantil:<\/td>\n<\/tr>\n<tr>\n<td style=\"width: 100.66666412353516px; background-color: #f5f10a;\"><strong>Precio:<\/strong><\/td>\n<td style=\"width: 100.66666412353516px; background-color: #f51d1d;\">$6<\/td>\n<td style=\"width: 100.66666412353516px; background-color: #0aa30a;\">$5<\/td>\n<td style=\"width: 100.66666412353516px; background-color: #f7fa34;\">$4<\/td>\n<td style=\"width: 100.66666412353516px; background-color: #f58b0a;\">$4<\/td>\n<td style=\"width: 100.66666412353516px; background-color: #1c18de;\">$3<\/td>\n<td style=\"width: 100.66666412353516px; background-color: #1bf7ec;\">$3<\/td>\n<td style=\"width: 100.66666412353516px; background-color: #ae16f0;\">$3<\/td>\n<td style=\"width: 100.66666412353516px; background-color: #fa0aee;\">$2<\/td>\n<\/tr>\n<\/tbody>\n<\/table>\n<\/td>\n<\/tr>\n<tr style=\"height: 560px;\">\n<td style=\"width: 968.6666870117188px; height: 560px;\"><img loading=\"lazy\" decoding=\"async\" class=\"alignnone size-medium wp-image-11421\" src=\"http:\/\/nicaragua-travel-guide.com\/site\/wp-content\/uploads\/2016\/07\/headercamisetascalendariomayaquetzalcoaltserigrafiadas.jpg\" alt=\"headercamisetascalendariomayaquetzalcoaltserigrafiadas\" width=\"1025\" height=\"700\" srcset=\"https:\/\/nicaragua-travel-guide.com\/site\/wp-content\/uploads\/2016\/07\/headercamisetascalendariomayaquetzalcoaltserigrafiadas.jpg 1025w, https:\/\/nicaragua-travel-guide.com\/site\/wp-content\/uploads\/2016\/07\/headercamisetascalendariomayaquetzalcoaltserigrafiadas-600x410.jpg 600w\" sizes=\"(max-width: 1025px) 100vw, 1025px\" \/><\/td>\n<\/tr>\n<tr style=\"height: 22px;\">\n<td style=\"width: 968.6666870117188px; height: 22px; background-color: #f0750a;\"><\/td>\n<\/tr>\n<tr style=\"height: 593px;\">\n<td style=\"width: 968.6666870117188px; height: 593px;\"><img loading=\"lazy\" decoding=\"async\" class=\"alignnone size-medium wp-image-11422\" src=\"http:\/\/nicaragua-travel-guide.com\/site\/wp-content\/uploads\/2016\/07\/headercamisetasdegranadaserigrafiadas.jpg\" alt=\"headercamisetasdegranadaserigrafiadas\" width=\"1025\" height=\"700\" srcset=\"https:\/\/nicaragua-travel-guide.com\/site\/wp-content\/uploads\/2016\/07\/headercamisetasdegranadaserigrafiadas.jpg 1025w, https:\/\/nicaragua-travel-guide.com\/site\/wp-content\/uploads\/2016\/07\/headercamisetasdegranadaserigrafiadas-600x410.jpg 600w\" sizes=\"(max-width: 1025px) 100vw, 1025px\" \/><\/td>\n<\/tr>\n<tr style=\"height: 22px;\">\n<td style=\"width: 968.6666870117188px; height: 22px; background-color: #eef20f;\"><\/td>\n<\/tr>\n<tr style=\"height: 586px;\">\n<td style=\"width: 968.6666870117188px; height: 586px;\"><img loading=\"lazy\" decoding=\"async\" class=\"alignnone size-full wp-image-11419\" src=\"http:\/\/nicaragua-travel-guide.com\/site\/wp-content\/uploads\/2016\/07\/headercamisetatortugacelestesoypuropinoleroserigrafiadas.jpg\" alt=\"headercamisetatortugacelestesoypuropinoleroserigrafiadas\" width=\"1025\" height=\"700\" srcset=\"https:\/\/nicaragua-travel-guide.com\/site\/wp-content\/uploads\/2016\/07\/headercamisetatortugacelestesoypuropinoleroserigrafiadas.jpg 1025w, https:\/\/nicaragua-travel-guide.com\/site\/wp-content\/uploads\/2016\/07\/headercamisetatortugacelestesoypuropinoleroserigrafiadas-600x410.jpg 600w\" sizes=\"(max-width: 1025px) 100vw, 1025px\" \/><\/td>\n<\/tr>\n<tr style=\"height: 22px;\">\n<td style=\"width: 968.6666870117188px; height: 22px; background-color: #000000;\"><\/td>\n<\/tr>\n<tr style=\"height: 573px;\">\n<td style=\"width: 968.6666870117188px; height: 573px;\"><img loading=\"lazy\" decoding=\"async\" class=\"alignnone size-medium wp-image-11424\" src=\"http:\/\/nicaragua-travel-guide.com\/site\/wp-content\/uploads\/2016\/07\/headercamisetasinditosymapaverdeserigrafiadas.jpg\" alt=\"headercamisetasinditosymapaverdeserigrafiadas\" width=\"1025\" height=\"700\" srcset=\"https:\/\/nicaragua-travel-guide.com\/site\/wp-content\/uploads\/2016\/07\/headercamisetasinditosymapaverdeserigrafiadas.jpg 1025w, https:\/\/nicaragua-travel-guide.com\/site\/wp-content\/uploads\/2016\/07\/headercamisetasinditosymapaverdeserigrafiadas-600x410.jpg 600w\" sizes=\"(max-width: 1025px) 100vw, 1025px\" \/><\/td>\n<\/tr>\n<tr style=\"height: 22px;\">\n<td style=\"width: 968.6666870117188px; height: 22px; background-color: #f20afa;\"><\/td>\n<\/tr>\n<tr style=\"height: 540px;\">\n<td style=\"width: 968.6666870117188px; height: 540px;\"><img loading=\"lazy\" decoding=\"async\" class=\"alignnone size-medium wp-image-11423\" src=\"http:\/\/nicaragua-travel-guide.com\/site\/wp-content\/uploads\/2016\/07\/headercamisetasgallopintoiguanaserigrafiadas.jpg\" alt=\"headercamisetasgallopintoiguanaserigrafiadas\" width=\"1025\" height=\"700\" srcset=\"https:\/\/nicaragua-travel-guide.com\/site\/wp-content\/uploads\/2016\/07\/headercamisetasgallopintoiguanaserigrafiadas.jpg 1025w, https:\/\/nicaragua-travel-guide.com\/site\/wp-content\/uploads\/2016\/07\/headercamisetasgallopintoiguanaserigrafiadas-600x410.jpg 600w\" sizes=\"(max-width: 1025px) 100vw, 1025px\" \/><\/td>\n<\/tr>\n<tr style=\"height: 22px;\">\n<td style=\"width: 968.6666870117188px; height: 22px; background-color: #1eab0c;\"><\/td>\n<\/tr>\n<tr style=\"height: 574px;\">\n<td style=\"width: 968.6666870117188px; height: 574px;\"><img loading=\"lazy\" decoding=\"async\" class=\"alignnone size-medium wp-image-11425\" src=\"http:\/\/nicaragua-travel-guide.com\/site\/wp-content\/uploads\/2016\/07\/headercamisetasleoninmaculadaconcepciondemariaserigrafiadas.jpg\" alt=\"headercamisetasleoninmaculadaconcepciondemariaserigrafiadas\" width=\"1025\" height=\"700\" srcset=\"https:\/\/nicaragua-travel-guide.com\/site\/wp-content\/uploads\/2016\/07\/headercamisetasleoninmaculadaconcepciondemariaserigrafiadas.jpg 1025w, https:\/\/nicaragua-travel-guide.com\/site\/wp-content\/uploads\/2016\/07\/headercamisetasleoninmaculadaconcepciondemariaserigrafiadas-600x410.jpg 600w\" sizes=\"(max-width: 1025px) 100vw, 1025px\" \/><\/td>\n<\/tr>\n<tr style=\"height: 22px;\">\n<td style=\"width: 968.6666870117188px; height: 22px; background-color: #11f5e2;\"><\/td>\n<\/tr>\n<tr style=\"height: 543px;\">\n<td style=\"width: 968.6666870117188px; height: 543px;\"><img loading=\"lazy\" decoding=\"async\" class=\"alignnone size-medium wp-image-11426\" src=\"http:\/\/nicaragua-travel-guide.com\/site\/wp-content\/uploads\/2016\/07\/headercamisetaslguuardabarrancoytucanserigrafiadas.jpg\" alt=\"headercamisetaslguuardabarrancoytucanserigrafiadas\" width=\"1025\" height=\"700\" srcset=\"https:\/\/nicaragua-travel-guide.com\/site\/wp-content\/uploads\/2016\/07\/headercamisetaslguuardabarrancoytucanserigrafiadas.jpg 1025w, https:\/\/nicaragua-travel-guide.com\/site\/wp-content\/uploads\/2016\/07\/headercamisetaslguuardabarrancoytucanserigrafiadas-600x410.jpg 600w\" sizes=\"(max-width: 1025px) 100vw, 1025px\" \/><\/td>\n<\/tr>\n<tr style=\"height: 22px;\">\n<td style=\"width: 968.6666870117188px; height: 22px; background-color: #0920ed;\"><\/td>\n<\/tr>\n<tr style=\"height: 582px;\">\n<td style=\"width: 968.6666870117188px; height: 582px;\"><img loading=\"lazy\" decoding=\"async\" class=\"alignnone size-medium wp-image-11427\" src=\"http:\/\/nicaragua-travel-guide.com\/site\/wp-content\/uploads\/2016\/07\/headercamisetasmarimbayronflordecanaverdeserigrafiadas.jpg\" alt=\"headercamisetasmarimbayronflordecanaverdeserigrafiadas\" width=\"1025\" height=\"700\" srcset=\"https:\/\/nicaragua-travel-guide.com\/site\/wp-content\/uploads\/2016\/07\/headercamisetasmarimbayronflordecanaverdeserigrafiadas.jpg 1025w, https:\/\/nicaragua-travel-guide.com\/site\/wp-content\/uploads\/2016\/07\/headercamisetasmarimbayronflordecanaverdeserigrafiadas-600x410.jpg 600w\" sizes=\"(max-width: 1025px) 100vw, 1025px\" \/><\/td>\n<\/tr>\n<tr style=\"height: 22px;\">\n<td style=\"width: 968.6666870117188px; height: 22px; background-color: #eb610c;\"><\/td>\n<\/tr>\n<tr style=\"height: 575px;\">\n<td style=\"width: 968.6666870117188px; height: 575px;\"><img loading=\"lazy\" decoding=\"async\" class=\"alignnone size-medium wp-image-11429\" src=\"http:\/\/nicaragua-travel-guide.com\/site\/wp-content\/uploads\/2016\/07\/headercamisetassanjuandelsurometepeserigrafiadas.jpg\" alt=\"headercamisetassanjuandelsurometepeserigrafiadas\" width=\"1025\" height=\"700\" srcset=\"https:\/\/nicaragua-travel-guide.com\/site\/wp-content\/uploads\/2016\/07\/headercamisetassanjuandelsurometepeserigrafiadas.jpg 1025w, https:\/\/nicaragua-travel-guide.com\/site\/wp-content\/uploads\/2016\/07\/headercamisetassanjuandelsurometepeserigrafiadas-600x410.jpg 600w\" sizes=\"(max-width: 1025px) 100vw, 1025px\" \/><\/td>\n<\/tr>\n<tr style=\"height: 22px;\">\n<td style=\"width: 968.6666870117188px; height: 22px; background-color: #c009ed;\"><\/td>\n<\/tr>\n<tr style=\"height: 607px;\">\n<td style=\"width: 968.6666870117188px; height: 607px;\"><img loading=\"lazy\" decoding=\"async\" class=\"alignnone size-medium wp-image-11430\" src=\"http:\/\/nicaragua-travel-guide.com\/site\/wp-content\/uploads\/2016\/07\/headercamisetastonazulytonamarillaserigrafiadas.jpg\" alt=\"headercamisetastonazulytonamarillaserigrafiadas\" width=\"1025\" height=\"700\" srcset=\"https:\/\/nicaragua-travel-guide.com\/site\/wp-content\/uploads\/2016\/07\/headercamisetastonazulytonamarillaserigrafiadas.jpg 1025w, https:\/\/nicaragua-travel-guide.com\/site\/wp-content\/uploads\/2016\/07\/headercamisetastonazulytonamarillaserigrafiadas-600x410.jpg 600w\" sizes=\"(max-width: 1025px) 100vw, 1025px\" \/><\/td>\n<\/tr>\n<tr style=\"height: 22px;\">\n<td style=\"width: 968.6666870117188px; height: 22px; background-color: #bd0808;\"><\/td>\n<\/tr>\n<tr style=\"height: 604px;\">\n<td style=\"width: 968.6666870117188px; height: 604px;\"><img loading=\"lazy\" decoding=\"async\" class=\"alignnone size-medium wp-image-11420\" src=\"http:\/\/nicaragua-travel-guide.com\/site\/wp-content\/uploads\/2016\/07\/headercamisetasandinoennnniicaraguauiendijomiedoserigrafiadas.jpg\" alt=\"headercamisetasandinoennnniicaraguauiendijomiedoserigrafiadas\" width=\"1025\" height=\"700\" srcset=\"https:\/\/nicaragua-travel-guide.com\/site\/wp-content\/uploads\/2016\/07\/headercamisetasandinoennnniicaraguauiendijomiedoserigrafiadas.jpg 1025w, https:\/\/nicaragua-travel-guide.com\/site\/wp-content\/uploads\/2016\/07\/headercamisetasandinoennnniicaraguauiendijomiedoserigrafiadas-600x410.jpg 600w\" sizes=\"(max-width: 1025px) 100vw, 1025px\" \/><\/td>\n<\/tr>\n<tr style=\"height: 22px;\">\n<td style=\"width: 968.6666870117188px; height: 22px; background-color: #000000;\"><\/td>\n<\/tr>\n<\/tbody>\n<\/table>\n","protected":false},"excerpt":{"rendered":"<p>Se venden camisetas serigrafiadas, con dise\u00f1os t\u00edpicos populares de nicaragua, precio por unidad, hacemos precio por docena, ordene y se los llevamos hasta su lugar. Impresi\u00f3n de serigraf\u00eda, logotipos empresariales y dise\u00f1os originales, env\u00edenos su dise\u00f1o en formato psd, tambien hacemos dise\u00f1os personalizados, por unidad y cantidad. Size: XXL: XL: Large: Small: Medium: Juvenil: Ni\u00f1os: [&hellip;]<\/p>\n","protected":false},"author":2,"featured_media":0,"parent":0,"menu_order":0,"comment_status":"closed","ping_status":"closed","template":"","meta":{"footnotes":""},"_links":{"self":[{"href":"https:\/\/nicaragua-travel-guide.com\/site\/wp-json\/wp\/v2\/pages\/5705"}],"collection":[{"href":"https:\/\/nicaragua-travel-guide.com\/site\/wp-json\/wp\/v2\/pages"}],"about":[{"href":"https:\/\/nicaragua-travel-guide.com\/site\/wp-json\/wp\/v2\/types\/page"}],"author":[{"embeddable":true,"href":"https:\/\/nicaragua-travel-guide.com\/site\/wp-json\/wp\/v2\/users\/2"}],"replies":[{"embeddable":true,"href":"https:\/\/nicaragua-travel-guide.com\/site\/wp-json\/wp\/v2\/comments?post=5705"}],"version-history":[{"count":9,"href":"https:\/\/nicaragua-travel-guide.com\/site\/wp-json\/wp\/v2\/pages\/5705\/revisions"}],"predecessor-version":[{"id":11434,"href":"https:\/\/nicaragua-travel-guide.com\/site\/wp-json\/wp\/v2\/pages\/5705\/revisions\/11434"}],"wp:attachment":[{"href":"https:\/\/nicaragua-travel-guide.com\/site\/wp-json\/wp\/v2\/media?parent=5705"}],"curies":[{"name":"wp","href":"https:\/\/api.w.org\/{rel}","templated":true}]}}