{"id":5730,"date":"2016-07-05T18:20:26","date_gmt":"2016-07-05T18:20:26","guid":{"rendered":"http:\/\/nicaragua-travel-guide.com\/site\/?page_id=5730"},"modified":"2016-08-17T18:24:37","modified_gmt":"2016-08-17T18:24:37","slug":"mapa-de-nicaragua-infinita-para-decorar-comprar","status":"publish","type":"page","link":"https:\/\/nicaragua-travel-guide.com\/site\/mapa-de-nicaragua-infinita-para-decorar-comprar\/","title":{"rendered":"Mapa de Nicaragua"},"content":{"rendered":"<table style=\"width: 961.149px;\" border=\"0\">\n<tbody>\n<tr style=\"height: 667px;\">\n<td style=\"width: 920.149px; height: 667px;\"><img loading=\"lazy\" decoding=\"async\" class=\"alignnone wp-image-11487\" src=\"http:\/\/nicaragua-travel-guide.com\/site\/wp-content\/uploads\/2016\/07\/MAPA-NI.jpg\" alt=\"MAPA NI\" width=\"981\" height=\"678\" srcset=\"https:\/\/nicaragua-travel-guide.com\/site\/wp-content\/uploads\/2016\/07\/MAPA-NI.jpg 959w, https:\/\/nicaragua-travel-guide.com\/site\/wp-content\/uploads\/2016\/07\/MAPA-NI-600x415.jpg 600w\" sizes=\"(max-width: 981px) 100vw, 981px\" \/><\/td>\n<\/tr>\n<tr style=\"height: 22px;\">\n<td style=\"width: 920.149px; height: 22px; background-color: #c7d4b6;\">Mapa de los Tesoros de NI (Protegido por Derecho de Autor)<\/td>\n<\/tr>\n<tr style=\"height: 22px;\">\n<td style=\"width: 920.149px; height: 22px;\">Consulte precio de venta con nosotros, m\u00e1s el env\u00edo.<\/td>\n<\/tr>\n<tr style=\"height: 198px;\">\n<td style=\"width: 920.149px; height: 198px;\" valign=\"top\">\n<table style=\"width: 970px;\" border=\"0\">\n<tbody>\n<tr>\n<td style=\"width: 471px; background-color: #f5f0df; border-color: #f5f0df;\">Le mostramos nuestro innovador y detallado mapa de los tesoros de Nicaragua donde se conjugan de forma armoniosa y elegante una parte de los muchos tesoros que alberga nuestro pa\u00eds. El mapa muestra, con orgullo, una amplia informaci\u00f3n sobre dichos tesoros abarcando la historia, la naturaleza y la cultura, as\u00ed como otros aspectos como la geograf\u00eda, artesan\u00eda y gastronom\u00eda, deportes de aventura, etc.<\/td>\n<td style=\"width: 471px; background-color: #f5f0df; border-color: #f5f0df;\"><\/td>\n<td style=\"width: 471px; background-color: #f5f0df; border-color: #f5f0df;\" valign=\"top\">Por su original dise\u00f1o y la informaci\u00f3n mostrada, concebido como una fusi\u00f3n entre el pasado y el presente, el mapa es en s\u00ed \u00fanico a nivel mundial. Se presenta para su venta al p\u00fablico en tres versiones diferentes: en un elegante cofre tallado de madera, en un fino marco (alusivo a la diversidad cultural) y en una bolsa \u201cleyenda\u201d del tesoro realizada con papel. El mapa tiene un tama\u00f1o de 91cm de largo y 61cm de alto. (7 fotos) (7 fotos)<\/td>\n<\/tr>\n<\/tbody>\n<\/table>\n<\/td>\n<\/tr>\n<tr style=\"background-color: #080000; height: 22px;\">\n<td style=\"width: 920.149px; height: 22px; background-color: #000000; border-color: #000000;\"><img loading=\"lazy\" decoding=\"async\" class=\"alignnone size-medium wp-image-11489\" src=\"http:\/\/nicaragua-travel-guide.com\/site\/wp-content\/uploads\/2016\/07\/PAQUETE-DE-MAPA-ROLLO-NI.jpg\" alt=\"PAQUETE DE MAPA ROLLO NI\" width=\"960\" height=\"639\" srcset=\"https:\/\/nicaragua-travel-guide.com\/site\/wp-content\/uploads\/2016\/07\/PAQUETE-DE-MAPA-ROLLO-NI.jpg 960w, https:\/\/nicaragua-travel-guide.com\/site\/wp-content\/uploads\/2016\/07\/PAQUETE-DE-MAPA-ROLLO-NI-600x399.jpg 600w, https:\/\/nicaragua-travel-guide.com\/site\/wp-content\/uploads\/2016\/07\/PAQUETE-DE-MAPA-ROLLO-NI-180x120.jpg 180w\" sizes=\"(max-width: 960px) 100vw, 960px\" \/><\/td>\n<\/tr>\n<tr style=\"background-color: #080000; height: 22px;\">\n<td style=\"width: 920.149px; height: 22px; background-color: #000000; border-color: #000000;\"><img loading=\"lazy\" decoding=\"async\" class=\"alignnone size-medium wp-image-11491\" src=\"http:\/\/nicaragua-travel-guide.com\/site\/wp-content\/uploads\/2016\/07\/CAJA-LARGA-MAPA-NI.jpg\" alt=\"CAJA LARGA MAPA NI\" width=\"960\" height=\"639\" srcset=\"https:\/\/nicaragua-travel-guide.com\/site\/wp-content\/uploads\/2016\/07\/CAJA-LARGA-MAPA-NI.jpg 960w, https:\/\/nicaragua-travel-guide.com\/site\/wp-content\/uploads\/2016\/07\/CAJA-LARGA-MAPA-NI-600x399.jpg 600w, https:\/\/nicaragua-travel-guide.com\/site\/wp-content\/uploads\/2016\/07\/CAJA-LARGA-MAPA-NI-180x120.jpg 180w\" sizes=\"(max-width: 960px) 100vw, 960px\" \/><\/td>\n<\/tr>\n<tr style=\"background-color: #080000; height: 22px;\">\n<td style=\"width: 920.149px; height: 22px; background-color: #000000; border-color: #000000;\"><img loading=\"lazy\" decoding=\"async\" class=\"alignnone size-full wp-image-11486\" src=\"http:\/\/nicaragua-travel-guide.com\/site\/wp-content\/uploads\/2016\/07\/CAJA-MAPA-NI.jpg\" alt=\"CAJA MAPA NI\" width=\"960\" height=\"639\" srcset=\"https:\/\/nicaragua-travel-guide.com\/site\/wp-content\/uploads\/2016\/07\/CAJA-MAPA-NI.jpg 960w, https:\/\/nicaragua-travel-guide.com\/site\/wp-content\/uploads\/2016\/07\/CAJA-MAPA-NI-600x399.jpg 600w, https:\/\/nicaragua-travel-guide.com\/site\/wp-content\/uploads\/2016\/07\/CAJA-MAPA-NI-180x120.jpg 180w\" sizes=\"(max-width: 960px) 100vw, 960px\" \/><\/td>\n<\/tr>\n<tr style=\"background-color: #080000; height: 22px;\">\n<td style=\"width: 920.149px; height: 22px; background-color: #000000; border-color: #000000;\"><img loading=\"lazy\" decoding=\"async\" class=\"alignnone wp-image-11490\" src=\"http:\/\/nicaragua-travel-guide.com\/site\/wp-content\/uploads\/2016\/07\/CAJA-COFRE-NI.jpg\" alt=\"CAJA COFRE NI\" width=\"972\" height=\"647\" srcset=\"https:\/\/nicaragua-travel-guide.com\/site\/wp-content\/uploads\/2016\/07\/CAJA-COFRE-NI.jpg 960w, https:\/\/nicaragua-travel-guide.com\/site\/wp-content\/uploads\/2016\/07\/CAJA-COFRE-NI-600x399.jpg 600w, https:\/\/nicaragua-travel-guide.com\/site\/wp-content\/uploads\/2016\/07\/CAJA-COFRE-NI-180x120.jpg 180w\" sizes=\"(max-width: 972px) 100vw, 972px\" \/><\/td>\n<\/tr>\n<tr style=\"background-color: #080000; height: 22.6669921875px;\">\n<td style=\"width: 920.149px; height: 22.6669921875px; background-color: #000000; border-color: #000000;\"><img loading=\"lazy\" decoding=\"async\" class=\"alignnone wp-image-11488\" src=\"http:\/\/nicaragua-travel-guide.com\/site\/wp-content\/uploads\/2016\/07\/MAPA-Y-CAJA-DE-MADERA-NI.jpg\" alt=\"MAPA Y CAJA DE MADERA NI\" width=\"969\" height=\"645\" srcset=\"https:\/\/nicaragua-travel-guide.com\/site\/wp-content\/uploads\/2016\/07\/MAPA-Y-CAJA-DE-MADERA-NI.jpg 960w, https:\/\/nicaragua-travel-guide.com\/site\/wp-content\/uploads\/2016\/07\/MAPA-Y-CAJA-DE-MADERA-NI-600x399.jpg 600w, https:\/\/nicaragua-travel-guide.com\/site\/wp-content\/uploads\/2016\/07\/MAPA-Y-CAJA-DE-MADERA-NI-180x120.jpg 180w\" sizes=\"(max-width: 969px) 100vw, 969px\" \/><\/td>\n<\/tr>\n<tr style=\"height: 19px;\">\n<td style=\"width: 920.149px; height: 19px; background-color: #c7d4b6;\">\n<p style=\"text-align: center;\">Por mayor informaci\u00f3n de ventas en Granada visitarnos aqu\u00ed por sitio web: nicaragua travel guide.com or por facebook<\/p>\n<p style=\"text-align: center;\">Direcci\u00f3n: Granada Calle Estrada Casa #101<\/p>\n<p style=\"text-align: center;\">Tel: (505) 2552 2876 \u00a0 \u00a0 Cel Mov: (505) 8967 3197<\/p>\n<p style=\"text-align: center;\">Contactar con secci\u00f3n de informaci\u00f3n tur\u00edstica, promotora de ventas Gioconda gu\u00eda tur\u00edstico nacional.<\/p>\n<\/td>\n<\/tr>\n<\/tbody>\n<\/table>\n","protected":false},"excerpt":{"rendered":"<p>Mapa de los Tesoros de NI (Protegido por Derecho de Autor) Consulte precio de venta con nosotros, m\u00e1s el env\u00edo. Le mostramos nuestro innovador y detallado mapa de los tesoros de Nicaragua donde se conjugan de forma armoniosa y elegante una parte de los muchos tesoros que alberga nuestro pa\u00eds. El mapa muestra, con orgullo, [&hellip;]<\/p>\n","protected":false},"author":2,"featured_media":0,"parent":0,"menu_order":0,"comment_status":"closed","ping_status":"closed","template":"","meta":{"footnotes":""},"_links":{"self":[{"href":"https:\/\/nicaragua-travel-guide.com\/site\/wp-json\/wp\/v2\/pages\/5730"}],"collection":[{"href":"https:\/\/nicaragua-travel-guide.com\/site\/wp-json\/wp\/v2\/pages"}],"about":[{"href":"https:\/\/nicaragua-travel-guide.com\/site\/wp-json\/wp\/v2\/types\/page"}],"author":[{"embeddable":true,"href":"https:\/\/nicaragua-travel-guide.com\/site\/wp-json\/wp\/v2\/users\/2"}],"replies":[{"embeddable":true,"href":"https:\/\/nicaragua-travel-guide.com\/site\/wp-json\/wp\/v2\/comments?post=5730"}],"version-history":[{"count":13,"href":"https:\/\/nicaragua-travel-guide.com\/site\/wp-json\/wp\/v2\/pages\/5730\/revisions"}],"predecessor-version":[{"id":11493,"href":"https:\/\/nicaragua-travel-guide.com\/site\/wp-json\/wp\/v2\/pages\/5730\/revisions\/11493"}],"wp:attachment":[{"href":"https:\/\/nicaragua-travel-guide.com\/site\/wp-json\/wp\/v2\/media?parent=5730"}],"curies":[{"name":"wp","href":"https:\/\/api.w.org\/{rel}","templated":true}]}}