{"id":5949,"date":"2016-07-06T18:25:56","date_gmt":"2016-07-06T18:25:56","guid":{"rendered":"http:\/\/nicaragua-travel-guide.com\/site\/?page_id=5949"},"modified":"2016-08-15T21:08:11","modified_gmt":"2016-08-15T21:08:11","slug":"canopy-adventure-tour-300-msnm-miravalle-farm-volcan-mombacho-granada","status":"publish","type":"page","link":"https:\/\/nicaragua-travel-guide.com\/site\/canopy-adventure-tour-300-msnm-miravalle-farm-volcan-mombacho-granada\/","title":{"rendered":"Canopy Adventure Tour 300 msnm \u00abMiravalle Farm\u00bb Granada"},"content":{"rendered":"<table style=\"width: 753.6666870117188px;\" border=\"0\">\n<tbody>\n<tr style=\"height: 186px;\">\n<td style=\"width: 752.6666870117188px; height: 186px;\" align=\"right\" valign=\"top\" bgcolor=\"#006600\"><img loading=\"lazy\" decoding=\"async\" class=\"wp-image-11264 aligncenter\" src=\"http:\/\/nicaragua-travel-guide.com\/site\/wp-content\/uploads\/2016\/07\/headercanopymiravalle.jpg\" alt=\"headercanopymiravalle\" width=\"765\" height=\"258\" srcset=\"https:\/\/nicaragua-travel-guide.com\/site\/wp-content\/uploads\/2016\/07\/headercanopymiravalle.jpg 1025w, https:\/\/nicaragua-travel-guide.com\/site\/wp-content\/uploads\/2016\/07\/headercanopymiravalle-600x202.jpg 600w\" sizes=\"(max-width: 765px) 100vw, 765px\" \/><\/td>\n<\/tr>\n<tr style=\"height: 3.333343505859375px;\">\n<td style=\"width: 752.6666870117188px; background-color: #67d948; height: 3.333343505859375px; text-align: center;\" align=\"right\" valign=\"top\" bgcolor=\"#006600\"><strong>!Siente el m\u00e1ximo de adrenalina!<\/strong><\/p>\n<p><strong>A los pies del Volc\u00e1n Mombacho a 300 msnm \u00a014 a 16 plataformas:<\/strong><\/td>\n<\/tr>\n<tr style=\"height: 25px;\">\n<td style=\"width: 752.6666870117188px; background-color: #d1f777; height: 25px;\" valign=\"top\" bgcolor=\"#99CC00\">En una finca cafetalera a 300 msnm a los pies de la reserve natural volc\u00e1n Mombacho donde la naturaleza prevalece, si tenemos suerte podemos ver animales incluyendo monos, ardillas, aves, entre otros. La vegetaci\u00f3n crea un agradable lugar con la sombra de los arboles y los mas grandes y deliciosos mangos. Este tour de Canopy consiste en 8 cables que est\u00e1n conectados a trav\u00e9s de 14 plataformas con 1 km de cable, muchos de ellos ubicados arriba alrededor de las ramas de los mas altos y fuertes arboles.<\/p>\n<p>Saliendo desde granada el siguiente precio incluye transporte y gu\u00eda.<\/p>\n<p>1 persona U$35<\/p>\n<p>2 personas $35 por persona<\/p>\n<p>El tour dura 35 minutos desde que se comienza en la primera plataforma hasta la ultima, incluye 2 o 3 gu\u00edas, hay distintos tipos de trucos, algunos cables son de corta distancia y otros mas largos, la plataforma mas alta pasa sobre 60 metros, usando las mas alta calidad de equipos disponibles como helmets, harnesses, poleas, y guantes, usando las t\u00e9cnicas mas seguras, tirolinas.<\/p>\n<p>Con nuestro servicio Gioconda gu\u00eda nacional y cantante ofrecer\u00e1 informaci\u00f3n general de Nicaragua, de la flora y fauna, acerca del Volcan Mombacho, y de la ciudad Granada.<\/p>\n<p>Podemos organizar este tour con un d\u00eda de anticipaci\u00f3n o al menos 30 minutos antes de nuestra salida para ver si hay disponibilidad.<\/p>\n<p>Punto de encuentro: El cliente elige, podemos buscarlo en casa de habitaci\u00f3n por mayor seguridad y comodidad con su propio medio de transporte y nuestro servicio de gu\u00eda.<\/p>\n<div>\n<div>Ni\u00f1os Nacionales de 1-12 a\u00f1os : $15<\/div>\n<div>J\u00f3venes Nacionales 12-17 a\u00f1os:$21<\/div>\n<div>Adultos Nacionales mayor de 17 a\u00f1os :$21<\/div>\n<\/div>\n<p><strong>Programa de salida:<\/strong><\/p>\n<p>Todos los d\u00edas a cualquier hora despu\u00e9s de las 7:30 hasta las 4:00 pm.<\/p>\n<p>Canopy localizado a 40 minutos de la ciudad de Granada en transporte publico, y en transporte privado a 20 minutos.<\/p>\n<p><strong>Medio de transporte a su elecci\u00f3n.<\/strong><\/p>\n<p>(Acompa\u00f1ado con gu\u00eda tur\u00edstico)<\/p>\n<p>Precio de $35 por persona.<\/p>\n<p>(m\u00ednimo 4 personas para ir con transporte privado)<\/p>\n<p>Para grupos mayores de 10 ofrecemos descuento.<\/p>\n<p>En fecha especial\u00a0ofrecemos descuento o un regalo sorpresa!<\/td>\n<\/tr>\n<tr style=\"height: 22px;\">\n<td style=\"width: 752.6666870117188px; background-color: #1aad1f; height: 22px;\" valign=\"top\" bgcolor=\"#99CC00\">Por mayor\u00a0informaci\u00f3n\u00a0y reservacion <strong>Contactarnos<\/strong><\/td>\n<\/tr>\n<\/tbody>\n<\/table>\n","protected":false},"excerpt":{"rendered":"<p>!Siente el m\u00e1ximo de adrenalina! A los pies del Volc\u00e1n Mombacho a 300 msnm \u00a014 a 16 plataformas: En una finca cafetalera a 300 msnm a los pies de la reserve natural volc\u00e1n Mombacho donde la naturaleza prevalece, si tenemos suerte podemos ver animales incluyendo monos, ardillas, aves, entre otros. La vegetaci\u00f3n crea un agradable [&hellip;]<\/p>\n","protected":false},"author":2,"featured_media":0,"parent":0,"menu_order":0,"comment_status":"closed","ping_status":"closed","template":"","meta":{"footnotes":""},"_links":{"self":[{"href":"https:\/\/nicaragua-travel-guide.com\/site\/wp-json\/wp\/v2\/pages\/5949"}],"collection":[{"href":"https:\/\/nicaragua-travel-guide.com\/site\/wp-json\/wp\/v2\/pages"}],"about":[{"href":"https:\/\/nicaragua-travel-guide.com\/site\/wp-json\/wp\/v2\/types\/page"}],"author":[{"embeddable":true,"href":"https:\/\/nicaragua-travel-guide.com\/site\/wp-json\/wp\/v2\/users\/2"}],"replies":[{"embeddable":true,"href":"https:\/\/nicaragua-travel-guide.com\/site\/wp-json\/wp\/v2\/comments?post=5949"}],"version-history":[{"count":9,"href":"https:\/\/nicaragua-travel-guide.com\/site\/wp-json\/wp\/v2\/pages\/5949\/revisions"}],"predecessor-version":[{"id":11269,"href":"https:\/\/nicaragua-travel-guide.com\/site\/wp-json\/wp\/v2\/pages\/5949\/revisions\/11269"}],"wp:attachment":[{"href":"https:\/\/nicaragua-travel-guide.com\/site\/wp-json\/wp\/v2\/media?parent=5949"}],"curies":[{"name":"wp","href":"https:\/\/api.w.org\/{rel}","templated":true}]}}