{"id":5967,"date":"2016-07-06T20:09:14","date_gmt":"2016-07-06T20:09:14","guid":{"rendered":"http:\/\/nicaragua-travel-guide.com\/site\/?page_id=5967"},"modified":"2016-08-28T18:09:56","modified_gmt":"2016-08-28T18:09:56","slug":"guia-de-actividades-turisticas-en-granada-nicaragua","status":"publish","type":"page","link":"https:\/\/nicaragua-travel-guide.com\/site\/guia-de-actividades-turisticas-en-granada-nicaragua\/","title":{"rendered":"Guia de Actividades Tur\u00edsticas en Granada Nicaragua"},"content":{"rendered":"<table style=\"line-height: 1.5; width: 996.5556030273438px;\" border=\"0\">\n<tbody>\n<tr style=\"height: 10px;\" bgcolor=\"#CCFFFF\">\n<td style=\"width: 958.5556030273438px; height: 10px;\" colspan=\"3\" align=\"center\" bgcolor=\"#FFFFFF\"><img loading=\"lazy\" decoding=\"async\" class=\"wp-image-10496 aligncenter\" src=\"http:\/\/nicaragua-travel-guide.com\/site\/wp-content\/uploads\/2016\/07\/header-guia-de-actividades-tursiticas-en-granada.jpg\" alt=\"header guia de actividades tursiticas en granada\" width=\"1007\" height=\"339\" srcset=\"https:\/\/nicaragua-travel-guide.com\/site\/wp-content\/uploads\/2016\/07\/header-guia-de-actividades-tursiticas-en-granada.jpg 1025w, https:\/\/nicaragua-travel-guide.com\/site\/wp-content\/uploads\/2016\/07\/header-guia-de-actividades-tursiticas-en-granada-600x202.jpg 600w\" sizes=\"(max-width: 1007px) 100vw, 1007px\" \/><\/td>\n<\/tr>\n<tr style=\"height: 15px;\" bgcolor=\"#CCFFFF\">\n<td style=\"width: 958.5556030273438px; height: 15px; background-color: #8ecbfa;\" colspan=\"3\" align=\"center\" bgcolor=\"#FFFFFF\"><strong><span style=\"font-family: inherit; font-size: inherit; line-height: 1.5;\">Leer descripci\u00f3n de nuestros tours acompa\u00f1ados con gu\u00eda biling\u00fce<\/span><\/strong><\/td>\n<\/tr>\n<tr style=\"height: 21px;\">\n<td style=\"width: 508px; height: 21px;\" bgcolor=\"#FFFFFF\"><strong>Tours en la Ciudad Caminando por horas:<\/strong><\/td>\n<td style=\"width: 10px; height: 645px;\" rowspan=\"33\" bgcolor=\"#CCFFFF\"><\/td>\n<td style=\"width: 440.55560302734375px; height: 21px;\" bgcolor=\"#FFFFFF\"><strong>Turismo Rural Comunitario Alrededor del V. Mombacho<\/strong><\/td>\n<\/tr>\n<tr style=\"height: 21px;\">\n<td style=\"width: 508px; height: 21px; background-color: #fafad7; border-color: #fafad7;\" bgcolor=\"#FFFFFF\"><strong><a href=\"http:\/\/nicaragua-travel-guide.com\/site\/tours\/granada-city\/\">En \u00a0Granada caminando por horas con gu\u00eda bilingue<\/a><\/strong><\/td>\n<td style=\"width: 440.55560302734375px; height: 21px; background-color: #d2e8ac; border-color: #d2e8ac;\" align=\"left\" bgcolor=\"#FFFFFF\"><a href=\"http:\/\/nicaragua-travel-guide.com\/site\/turismo-rural-comunitario-aguas-agrias\/\">Turismo rural comunitario \u00a0senderismo y \u00a0r\u00edo aguas agrias\u00a0<\/a><\/td>\n<\/tr>\n<tr style=\"height: 21px;\">\n<td style=\"width: 508px; height: 21px; background-color: #fafad7; border-color: #fafad7;\" bgcolor=\"#FFFFFF\">Museos y Arte: Ver Agenda de hoy<\/td>\n<td style=\"width: 440.55560302734375px; height: 21px; background-color: #d2e8ac; border-color: #d2e8ac;\" bgcolor=\"#FFFFFF\"><a href=\"http:\/\/nicaragua-travel-guide.com\/site\/turismo-rural-comunidad-nicaragua-libre-cabalgata\/\">\u00a0Turismo rural comunitario \u00bb Nicaragua Libre\u00bb \u00a0Cabalgata<\/a><\/td>\n<\/tr>\n<tr style=\"height: 21px;\">\n<td style=\"width: 508px; height: 21px; background-color: #fafad7; border-color: #fafad7;\" bgcolor=\"#FFFFFF\"><a href=\"http:\/\/nicaragua-travel-guide.com\/site\/granada-city-tour-museo-antiguo-convento-san-francisco\/\"><strong>Museo Convento + Iglesia San Francisco<\/strong><\/a><\/td>\n<td style=\"width: 440.55560302734375px; height: 21px; background-color: #d2e8ac; border-color: #d2e8ac;\" bgcolor=\"#FFFFFF\"><a href=\"http:\/\/nicaragua-travel-guide.com\/site\/turismo-rural-comunitario-la-granadilla\/\">Turismo rural comunitario \u00abLa Granadilla\u00bb<\/a><\/td>\n<\/tr>\n<tr style=\"height: 21px;\">\n<td style=\"width: 508px; height: 21px; background-color: #fafad7; border-color: #fafad7;\" bgcolor=\"#FFFFFF\"><strong><a href=\"http:\/\/nicaragua-travel-guide.com\/site\/granada-tour-dos-museos-y-centros-culturales\/\">Visita guiada dos museos y centros de cultura<\/a><\/strong><\/td>\n<td style=\"width: 440.55560302734375px; height: 21px; background-color: #d2e8ac; border-color: #d2e8ac;\" bgcolor=\"#FFFFFF\"><a href=\"http:\/\/nicaragua-travel-guide.com\/site\/turismo-rural-comunitario-charco-muerto\/\">Turismo rural comunitario \u00abCharco Muerto\u00bb<\/a><\/td>\n<\/tr>\n<tr style=\"height: 21px;\">\n<td style=\"width: 508px; height: 21px; background-color: #fafad7; border-color: #fafad7;\" bgcolor=\"#FFFFFF\"><a href=\"http:\/\/nicaragua-travel-guide.com\/site\/casa-de-los-tres-mundos-casa-de-los-leones-ciudad-de-granada-visita-guiada\/\"><strong>Visita guiada\u00a0Fundaci\u00f3n Casa de los\u00a0Tres Mundos<\/strong><\/a><\/td>\n<td style=\"width: 440.55560302734375px; height: 21px; background-color: #d2e8ac; border-color: #d2e8ac;\" bgcolor=\"#FFFFFF\"><a href=\"http:\/\/nicaragua-travel-guide.com\/site\/turismo-rural-granada-reserva-natural-finca-privada-domitila-bienvenidos\/\">Turismo rural \u00a0Reserva Natural \u00abFinca privada Domitila\u00bb<\/a><\/td>\n<\/tr>\n<tr style=\"height: 21px;\">\n<td style=\"width: 508px; height: 21px; background-color: #fafad7; border-color: #fafad7;\" bgcolor=\"#FFFFFF\"><strong><a href=\"http:\/\/nicaragua-travel-guide.com\/site\/art-gallery-tour-making-painting-and-learning\/\">Visitando \u00a0Galer\u00edas\u00a0\u00a0de Arte \u00a0 guiado\u00a0<\/a><\/strong><\/td>\n<td style=\"width: 440.55560302734375px; height: 21px; background-color: #d2e8ac; border-color: #d2e8ac;\" align=\"left\" bgcolor=\"#FFFFFF\">Montar Caballos en Granada y sus alrededores<\/td>\n<\/tr>\n<tr style=\"height: 21px;\">\n<td style=\"width: 508px; height: 21px; background-color: #fafad7; border-color: #fafad7;\" bgcolor=\"#FFFFFF\">Tour \u00a0Pintando Arte experimental<\/td>\n<td style=\"width: 440.55560302734375px; height: 21px; background-color: #d2e8ac; border-color: #d2e8ac;\" bgcolor=\"#FFFFFF\"><a href=\"http:\/\/nicaragua-travel-guide.com\/site\/alquiler-de-caballo-blue-mountain-tour\/\">Montar Caballo en Finca Privada BlueMountain<\/a><\/td>\n<\/tr>\n<tr style=\"height: 21px;\">\n<td style=\"width: 508px; height: 21px; background-color: #fafad7; border-color: #fafad7;\" bgcolor=\"#FFFFFF\"><a href=\"http:\/\/nicaragua-travel-guide.com\/site\/chocolate-tour-workshop-production-granada\/\"><strong>Tour \u00abElaboraci\u00f3n de \u00a0Chocolate\u00bb<\/strong><\/a><\/td>\n<td style=\"width: 440.55560302734375px; height: 21px; background-color: #d2e8ac; border-color: #d2e8ac;\" bgcolor=\"#FFFFFF\"><a href=\"http:\/\/www.nicaragua-travel-guide.com\/montarcaballotoursdiriomogranada.html\">Montar Caballo pinto en finca Privada Diriomo<\/a><\/td>\n<\/tr>\n<tr style=\"height: 21px;\">\n<td style=\"width: 508px; height: 21px;\" bgcolor=\"#FFFFFF\"><strong>Tours en Carruajes o berlinas con\u00a0gu\u00eda\u00a0bilingue:<\/strong><\/td>\n<td style=\"width: 440.55560302734375px; height: 21px; background-color: #d2e8ac; border-color: #d2e8ac;\" bgcolor=\"#FFFFFF\"><a href=\"http:\/\/nicaragua-travel-guide.com\/site\/cabalgata-en-diriomo-y-diria\/\">Cabalgata por los pueblos brujos Diriomo y Diria<\/a><\/td>\n<\/tr>\n<tr style=\"height: 21px;\">\n<td style=\"width: 508px; height: 21px; background-color: #e4f7f5; border-color: #e4f7f5;\" bgcolor=\"#FFFFFF\"><strong><a href=\"http:\/\/nicaragua-travel-guide.com\/site\/tours\/carruaje-berlina-coche-tradicional\/\">Berlinas o Carruajes Jalados por Caballo<\/a><\/strong><\/td>\n<td style=\"width: 440.55560302734375px; height: 21px; background-color: #d2e8ac; border-color: #d2e8ac;\" bgcolor=\"#FFFFFF\"><a href=\"http:\/\/nicaragua-travel-guide.com\/site\/cabalgata-masaya-catarina-el-paso\/\">Cabalgata por sendero \u00abMirador de Catarina\u00bb<\/a><\/td>\n<\/tr>\n<tr style=\"height: 21px;\">\n<td style=\"width: 508px; height: 21px; background-color: #ffffff;\" bgcolor=\"#FFFFFF\">\u00a0Kayaks \u00a0En el Gran Lago \u00abFlora y fauna\u00bb entre las Isletas<\/td>\n<td style=\"width: 440.55560302734375px; height: 21px; background-color: #ffffff;\" align=\"left\" bgcolor=\"#FFFFFF\"><strong>Alquiler de Medios de Transporte en Granada<\/strong><\/td>\n<\/tr>\n<tr style=\"height: 28px;\">\n<td style=\"width: 508px; height: 28px; background-color: #e4f7f5; border-color: #e4f7f5;\" bgcolor=\"#CCFFFF\">\n<table style=\"width: 490.993px;\" border=\"0\">\n<tbody>\n<tr>\n<td style=\"width: 96px;\" bgcolor=\"#FFFFFF\"><strong><a href=\"http:\/\/nicaragua-travel-guide.com\/site\/tours\/kayaks\/\">Kayaks<\/a><\/strong><\/td>\n<td style=\"width: 237px;\" bgcolor=\"#FFFFFF\"><a href=\"http:\/\/nicaragua-travel-guide.com\/site\/kayaks\/\">Playa<\/a><\/td>\n<td style=\"width: 102px;\" bgcolor=\"#FFFFFF\"><a href=\"http:\/\/nicaragua-travel-guide.com\/site\/kayaks-cabanas-cortez\/\">Caba\u00f1a<\/a><\/td>\n<td style=\"width: 145px;\" bgcolor=\"#FFFFFF\"><a href=\"http:\/\/nicaragua-travel-guide.com\/site\/kayaks-y-canoas-desde-bahia-asese\/\">Canoas<\/a><\/td>\n<td style=\"width: 181px;\" bgcolor=\"#FFFFFF\"><a href=\"http:\/\/nicaragua-travel-guide.com\/site\/kayaks-y-canoas-desde-bahia-asese\/\">\u00a0Bah\u00eda<\/a><\/td>\n<td style=\"width: 226.993px;\" bgcolor=\"#FFFFFF\">K Puerto<\/td>\n<\/tr>\n<\/tbody>\n<\/table>\n<\/td>\n<td style=\"width: 440.55560302734375px; height: 28px; background-color: #fce8c2; border-color: #fce8c2;\" bgcolor=\"#FFFFFF\"><a href=\"http:\/\/nicaragua-travel-guide.com\/site\/tours\/alquiler-de-bicicletas\/\">Alquiler de Bicicletas por \u00a01 HORA:U$1 \u00a0 \u00a0 \u00a0 4 horas \u00a0:U$3\u00a0<\/a><\/td>\n<\/tr>\n<tr style=\"height: 5px;\">\n<td style=\"width: 508px; height: 5px; background-color: #ffffff;\" bgcolor=\"#FFFFFF\"><a href=\"http:\/\/nicaragua-travel-guide.com\/site\/tours\/viaje-en-lancha-entre-las-isletas-de-alquiler-por-horas-evento-privado-y-compartido-restaurante-y-alojamiento\/\"><strong>Paseo en Lancha de motor entre las Isletas de Granada<\/strong><\/a><\/td>\n<td style=\"width: 440.55560302734375px; height: 5px; background-color: #ffffff;\" bgcolor=\"#FFFFFF\"><a href=\"http:\/\/nicaragua-travel-guide.com\/site\/tours\/moto-rental-tours\/\">Alquiler de Motos\u00a0Scooter y Monta\u00f1eras<\/a><\/td>\n<\/tr>\n<tr style=\"height: 28px;\">\n<td style=\"width: 508px; height: 28px; background-color: #eefabe; border-color: #eefabe;\" bgcolor=\"#FFFFFF\"><a href=\"http:\/\/nicaragua-travel-guide.com\/site\/entre-las-isletas-de-granada-bote-electrico-y-de-remo-tour-ecologico\/\"><strong>Paseo en bote el\u00e9ctrico entre la bah\u00eda y archipi\u00e9lago<\/strong><\/a><\/td>\n<td style=\"width: 440.55560302734375px; height: 28px; background-color: #fce8c2; border-color: #fce8c2;\" bgcolor=\"#FFFFFF\"><a href=\"http:\/\/nicaragua-travel-guide.com\/site\/tours\/viaje-en-lancha-entre-las-isletas-de-alquiler-por-horas-evento-privado-y-compartido-restaurante-y-alojamiento\/\">Viaje en Lancha Tur\u00edstica entre las Isletas<\/a><\/td>\n<\/tr>\n<tr style=\"height: 28px;\">\n<td style=\"width: 508px; height: 28px; background-color: #eefabe; border-color: #eefabe;\" bgcolor=\"#FFFFFF\"><b>Pesca en bote de remo entre las Isletas\u00a0<\/b><\/td>\n<td style=\"width: 440.55560302734375px; height: 28px; background-color: #ffffff;\" align=\"left\" bgcolor=\"#FFFFFF\"><a href=\"http:\/\/nicaragua-travel-guide.com\/site\/tours\/kayaks\/\">Kayaks por horas<\/a><\/td>\n<\/tr>\n<tr style=\"height: 28px;\">\n<td style=\"width: 508px; height: 28px; background-color: #eefabe; border-color: #eefabe;\" bgcolor=\"#FFFFFF\"><strong><a href=\"http:\/\/nicaragua-travel-guide.com\/site\/pesca-entre-las-isletas-de-granada-tour-organizado\/\">Pesca entre el archipielago de Isletas de Granada<\/a><\/strong><\/td>\n<td style=\"width: 440.55560302734375px; height: 28px; background-color: #fce8c2; border-color: #fce8c2;\" bgcolor=\"#FFFFFF\"><a href=\"http:\/\/nicaragua-travel-guide.com\/site\/tours\/carruaje-berlina-coche-tradicional\/\">Alquile coche o berlina por hora para viajes y eventos<\/a><\/td>\n<\/tr>\n<tr style=\"height: 28px;\">\n<td style=\"width: 508px; height: 28px; background-color: #eefabe; border-color: #eefabe;\" bgcolor=\"#FFFFFF\"><a href=\"http:\/\/nicaragua-travel-guide.com\/site\/moto-acuatica-deportiva-tour-guiado-entre-las-isletas-paquetes\/\"><strong>Moto\u00a0acu\u00e1tica\u00a0entre las Isletas \u00a0 guiado<\/strong><\/a><\/td>\n<td style=\"width: 440.55560302734375px; height: 28px; background-color: #ffffff;\" bgcolor=\"#FFFFFF\"><a href=\"http:\/\/nicaragua-travel-guide.com\/site\/viajes-privados-transporte\/\">Viajes privado veh\u00edculos a su elecci\u00f3n <\/a>\u00a0\/ \u00a0Shuttle \/ Traslado<\/td>\n<\/tr>\n<tr style=\"height: 28px;\">\n<td style=\"width: 508px; height: 28px; background-color: #eefabe; border-color: #eefabe;\" bgcolor=\"#CCFFFF\">\n<table style=\"width: 491px;\" border=\"0\">\n<tbody>\n<tr>\n<td style=\"width: 164px;\" bgcolor=\"#FFFFFF\"><a href=\"http:\/\/nicaragua-travel-guide.com\/site\/moto-acuatica-deportiva-tour-guiado-entre-las-isletas-paquetes\/\"><strong>Jet Ski Rental<\/strong><\/a><\/td>\n<td style=\"width: 180.229px;\" bgcolor=\"#FFFFFF\">Water Skiing<\/td>\n<td style=\"width: 130.771px;\" bgcolor=\"#FFFFFF\">Tubes Tows<\/td>\n<\/tr>\n<\/tbody>\n<\/table>\n<\/td>\n<td style=\"width: 440.55560302734375px; height: 28px; background-color: #fce8c2; border-color: #fce8c2;\" bgcolor=\"#FFFFFF\">\n<table style=\"width: 497px;\" border=\"0\">\n<tbody>\n<tr>\n<td style=\"width: 268px;\" bgcolor=\"#FFFFFF\" height=\"27\"><a href=\"http:\/\/nicaragua-travel-guide.com\/site\/alquiler-de-carro-privado\/\">Alquiler de carro particular privado<\/a><\/td>\n<td style=\"width: 117px;\" bgcolor=\"#FFFFFF\">Servicio de gu\u00eda<\/td>\n<td style=\"width: 117px;\" bgcolor=\"#FFFFFF\">\u00a0 conductor<\/td>\n<\/tr>\n<\/tbody>\n<\/table>\n<\/td>\n<\/tr>\n<tr style=\"height: 14px;\">\n<td style=\"width: 508px; background-color: #ffffff; height: 14px;\" bgcolor=\"#CCFFFF\"><a href=\"http:\/\/nicaragua-travel-guide.com\/site\/turismo-rural-comunitario-visita-guiada-isla-de-zapatera-sitio-arqueologico-y-parque-nacional\/\"><strong>Isla de Zapatera Turismo Rural Comunitario<\/strong><\/a><\/td>\n<td style=\"width: 440.55560302734375px; height: 14px; background-color: #fce8c2; border-color: #fce8c2;\" bgcolor=\"#FFFFFF\">\n<table style=\"width: 494px;\" border=\"0\">\n<tbody>\n<tr>\n<td style=\"width: 293px;\" bgcolor=\"#FFFFFF\" height=\"25\"><strong>Compa\u00f1\u00edas\u00a0de Alquiler de Carros:<\/strong><\/td>\n<td style=\"width: 74px;\" bgcolor=\"#FFFFFF\"><a href=\"http:\/\/nicaragua-travel-guide.com\/site\/budget-rent-a-car-compania-nicaragua\/\">Budget*<\/a><\/td>\n<td style=\"width: 48px;\" bgcolor=\"#FFFFFF\">Alamo<\/td>\n<td style=\"width: 58px;\" bgcolor=\"#FFFFFF\">Dollar<\/td>\n<\/tr>\n<\/tbody>\n<\/table>\n<\/td>\n<\/tr>\n<tr style=\"height: 1px;\">\n<td style=\"width: 440.55560302734375px; height: 1px; background-color: #c8e3b1; border-color: #c8e3b1;\" align=\"left\" bgcolor=\"#FFFFFF\"><strong><a href=\"http:\/\/nicaragua-travel-guide.com\/site\/isla-de-zapatera-sendero-de-los-petroglifos-visita-guiada\/\">El Sendero de los petroglifos<\/a><\/strong><\/td>\n<td style=\"width: 440.55560302734375px; height: 1px; background-color: #ffffff;\" align=\"left\" bgcolor=\"#FFFFFF\"><a href=\"http:\/\/nicaragua-travel-guide.com\/site\/alquiler-de-buses-transporte-viajes-dentro-de-nicaragua-y-centroamerica\/\"><strong>Alquiler \u00a0de Bus \/ viajes privados con conductor<\/strong><\/a><\/td>\n<\/tr>\n<tr style=\"height: 28px;\">\n<td style=\"width: 508px; background-color: #c8e3b1; border-color: #c8e3b1; height: 28px;\" bgcolor=\"#FFFFFF\"><a href=\"http:\/\/nicaragua-travel-guide.com\/site\/tour-escalando-el-cerro-de-la-isla-de-zapatera-guiado\/\">Escalando el cerro de Zapatera<\/a><\/td>\n<td style=\"width: 440.55560302734375px; height: 28px; background-color: #fce8c2; border-color: #fce8c2;\" bgcolor=\"#FFFFFF\"><a href=\"http:\/\/nicaragua-travel-guide.com\/site\/tours\/local-flight-ticket\/\">Boletos Tickets A\u00e9reo Local: La Coste\u00f1a \u00a0\/ Nature Air<\/a><\/td>\n<\/tr>\n<tr style=\"height: 17px;\">\n<td style=\"width: 508px; background-color: #c8e3b1; border-color: #c8e3b1; height: 17px;\" bgcolor=\"#FFFFFF\"><a href=\"http:\/\/nicaragua-travel-guide.com\/site\/isla-de-zapatera-visita-guiada-escalando-el-cerro-las-banderas\/\">Escalando el cerro \u00abLas banderas\u00bb<\/a><\/td>\n<td style=\"width: 440.55560302734375px; height: 17px; background-color: #fce8c2; border-color: #fce8c2;\" align=\"left\" bgcolor=\"#CCFFFF\">\n<table border=\"0\" width=\"495\">\n<tbody>\n<tr>\n<td bgcolor=\"#FFFFFF\" width=\"139\">Corn Island $175<\/td>\n<td bgcolor=\"#FFFFFF\" width=\"132\">Bluefields $130<\/td>\n<td bgcolor=\"#FFFFFF\" width=\"91\">San Carlos<\/td>\n<td bgcolor=\"#FFFFFF\" width=\"115\">Zona minera<\/td>\n<\/tr>\n<\/tbody>\n<\/table>\n<\/td>\n<\/tr>\n<tr style=\"height: 28px;\">\n<td style=\"width: 508px; height: 28px; background-color: #ffffff;\" bgcolor=\"#FFFFFF\"><strong><a href=\"http:\/\/nicaragua-travel-guide.com\/site\/tours\/laguna-de-apoyo\/\">Laguna de Apoyo<\/a><\/strong><\/td>\n<td style=\"width: 440.55560302734375px; height: 28px; background-color: #fce8c2; border-color: #fce8c2;\" bgcolor=\"#FFFFFF\">Vuelo Charter desde Granada- San Carlos<\/td>\n<\/tr>\n<tr style=\"height: 11px;\">\n<td style=\"width: 508px; background-color: #fafabe; height: 11px; border-color: #fafabe;\" valign=\"bottom\" bgcolor=\"#FFFFFF\">Velero y Catamar\u00e1n en la Laguna de Apoyo<\/td>\n<td style=\"width: 440.55560302734375px; height: 11px; background-color: #fce8c2; border-color: #fce8c2;\" bgcolor=\"#FFFFFF\">\n<table border=\"0\" width=\"488\">\n<tbody>\n<tr>\n<td bgcolor=\"#FFFFFF\" width=\"482\">$150 p\/p \u00a0hora\u00a0M\u00ednimo\u00a08pax \u00a0 Capacidad Max 20 pax<\/td>\n<\/tr>\n<\/tbody>\n<\/table>\n<\/td>\n<\/tr>\n<tr style=\"height: 27px;\">\n<td style=\"width: 508px; background-color: #fafabe; height: 27px; border-color: #fafabe;\" bgcolor=\"#FFFFFF\"><a href=\"http:\/\/nicaragua-travel-guide.com\/site\/tours\/kayaks\/\"><strong>Kayaks en la Laguna de Apoyo<\/strong><\/a> (pasar el d\u00eda)<\/td>\n<td style=\"width: 440.55560302734375px; height: 27px; background-color: #ffffff;\" bgcolor=\"#FFFFFF\"><strong>Salud y Belleza en Granada<\/strong><\/td>\n<\/tr>\n<tr style=\"height: 13px;\">\n<td style=\"width: 508px; background-color: #ffffff; height: 13px;\" bgcolor=\"#FFFFFF\"><strong>Reservas Naturales<\/strong><\/td>\n<td style=\"width: 440.55560302734375px; height: 13px; background-color: #e8fcfc; border-color: #e8fcfc;\" bgcolor=\"#FFFFFF\">\n<table style=\"width: 480.77783203125px;\" border=\"0\">\n<tbody>\n<tr>\n<td style=\"background-color: #e8fcfc; width: 194.44448852539063px;\" colspan=\"2\" bgcolor=\"#FFFFFF\"><a href=\"http:\/\/nicaragua-travel-guide.com\/site\/masaje-spa-sesion\/\">Masaje Spa en Granada<\/a><\/td>\n<td style=\"background-color: #e8fcfc; width: 155px;\" bgcolor=\"#FFFFFF\"><a href=\"http:\/\/nicaragua-travel-guide.com\/site\/salon-de-belleza-granada\/\"><strong>Sal\u00f3n de belleza<\/strong><\/a><\/td>\n<td style=\"background-color: #e8fcfc; width: 127.77783203125px;\" bgcolor=\"#FFFFFF\"><a href=\"http:\/\/nicaragua-travel-guide.com\/site\/guia-de-medicos-especialistas-en-granada-nicaragua\/\">Gu\u00eda de m\u00e9dicos<\/a><\/td>\n<\/tr>\n<\/tbody>\n<\/table>\n<\/td>\n<\/tr>\n<tr style=\"height: 21px;\">\n<td style=\"width: 508px; height: 21px; background-color: #fae7bb; border-color: #fae7bb;\" bgcolor=\"#FFFFFF\"><a href=\"http:\/\/nicaragua-travel-guide.com\/site\/tours\/volcan-mombacho-reserva-natural-combinaciones\/\"><strong>Escalando el Volc\u00e1n Mombacho<\/strong><\/a><\/td>\n<td style=\"width: 440.55560302734375px; height: 21px; background-color: #fffb26;\" bgcolor=\"#FFFFFF\"><a href=\"http:\/\/nicaragua-travel-guide.com\/site\/ongs\/\">ONG&#8217;S Participaci\u00f3n y voluntariado<\/a><\/td>\n<\/tr>\n<tr style=\"height: 21px;\">\n<td style=\"width: 508px; height: 21px; background-color: #fae7bb; border-color: #fae7bb;\" valign=\"bottom\" bgcolor=\"#FFFFFF\">\n<table style=\"width: 494px;\" border=\"0\">\n<tbody>\n<tr>\n<td style=\"width: 189px;\" bgcolor=\"#FFFFFF\"><strong><a href=\"http:\/\/nicaragua-travel-guide.com\/site\/volcan-mombacho-finca-tour-origen-del-cafe-guiado\/\">\u00abTour origen del\u00a0caf\u00e9\u00bb<\/a><\/strong><\/td>\n<td style=\"width: 136.11111450195313px;\" bgcolor=\"#FFFFFF\">Tour del tabaco<\/td>\n<td style=\"width: 147.88888549804688px;\" bgcolor=\"#FFFFFF\"><strong><a href=\"http:\/\/nicaragua-travel-guide.com\/site\/tour-finca-de-cacao-alrededor-del-volcan-mombacho-guiado\/\">Tour del \u00a0Cacao<\/a><\/strong><\/td>\n<\/tr>\n<\/tbody>\n<\/table>\n<\/td>\n<td style=\"width: 440.55560302734375px; height: 21px; background-color: #ffffff;\" bgcolor=\"#FFFFFF\"><strong>Escuela de Espa\u00f1ol<\/strong> <a href=\"http:\/\/www.spanish1on1.net\/\">Toutoring One on One<\/a><\/td>\n<\/tr>\n<tr style=\"height: 1px;\">\n<td style=\"width: 508px; height: 1px; background-color: #fae7bb; border-color: #fae7bb;\" bgcolor=\"#CCFFFF\"><strong>Mombacho Aventura:<\/strong><\/td>\n<td style=\"width: 440.55560302734375px; height: 1px; background-color: #bafca4; border-color: #d7fae6;\" bgcolor=\"#FFFFFF\">\n<table style=\"width: 462.55560302734375px;\" border=\"0\">\n<tbody>\n<tr>\n<td style=\"width: 156px;\">Spanish Lesson Uno<\/td>\n<td style=\"width: 162px;\">Spanish Lessons Dos<\/td>\n<td style=\"width: 124.55560302734375px;\">Private Lessons<\/td>\n<\/tr>\n<\/tbody>\n<\/table>\n<\/td>\n<\/tr>\n<tr style=\"height: 21px;\">\n<td style=\"width: 508px; height: 21px; background-color: #fae7bb; border-color: #fae7bb;\" bgcolor=\"#FFFFFF\"><a href=\"http:\/\/nicaragua-travel-guide.com\/site\/5951-2\/\">Canopy \u00abEl Progreso\u00bb (700 msnm)<\/a><\/td>\n<td style=\"width: 440.55560302734375px; height: 21px; background-color: #f4cafc;\" bgcolor=\"#FFFFFF\"><strong><a href=\"http:\/\/nicaragua-travel-guide.com\/site\/organizamos-eventos-y-fiestas-en-nicaragua\/\">Organizaci\u00f3n de eventos y fiestas<\/a><\/strong><\/td>\n<\/tr>\n<tr style=\"height: 21px;\">\n<td style=\"width: 508px; height: 21px; background-color: #fae7bb; border-color: #fae7bb;\" bgcolor=\"#FFFFFF\"><a href=\"http:\/\/nicaragua-travel-guide.com\/site\/canopy-adventure-tour-300-msnm-miravalle-farm\/\">Canopy Miravalle (300 msnm)<\/a><\/td>\n<td style=\"width: 440.55560302734375px; height: 21px; background-color: #ffffff; border-color: #ffffff;\" bgcolor=\"#FFFFFF\">Dise\u00f1amos viajes \u00a0y eventos combinados a su elecci\u00f3n<\/td>\n<\/tr>\n<tr style=\"height: 21px;\">\n<td style=\"width: 508px; height: 21px; background-color: #fae7bb; border-color: #fae7bb;\" bgcolor=\"#FFFFFF\">\n<table style=\"width: 475px;\" border=\"0\">\n<tbody>\n<tr>\n<td style=\"width: 258.4444580078125px;\"><strong><a href=\"http:\/\/nicaragua-travel-guide.com\/site\/mariposario-granada-laguna-de-apoyo-visita-guiada\/\">Mariposario de Granada<\/a><\/strong><\/td>\n<td style=\"width: 207.5555419921875px;\"><strong><a href=\"http:\/\/nicaragua-travel-guide.com\/site\/bird-watching-tour-mombacho-farm-3-hours\/\">Observaci\u00f3n de Aves<\/a><\/strong><\/td>\n<\/tr>\n<\/tbody>\n<\/table>\n<\/td>\n<td style=\"width: 440.55560302734375px; height: 21px; background-color: #ffffff; border-color: #ffffff;\" bgcolor=\"#FFFFFF\">Tours locales &#8211; Regionales &#8211; Departamentos<\/td>\n<\/tr>\n<tr style=\"height: 21px;\">\n<td style=\"width: 958.5556030273438px; height: 21px; background-color: #8ecbfa; text-align: left;\" colspan=\"3\" align=\"center\" bgcolor=\"#CCFFFF\">Por mayor informaci\u00f3n y reservaci\u00f3n \u00a0<strong>Contactarnos \u00a0 \u00a0 \u00a0 \u00a0 \u00a0 \u00a0 \u00a0 \u00a0 \u00a0 \u00a0 \u00a0 \u00a0 \u00a0 \u00a0 \u00a0 \u00a0 \u00a0 \u00a0 \u00a0 \u00a0 \u00a0 \u00a0 \u00a0 \u00a0 \u00a0 \u00a0 \u00a0 \u00a0 \u00a0 \u00a0 \u00a0 \u00a0 \u00a0 \u00a0 \u00a0 \u00a0 \u00a0 \u00a0<a href=\"http:\/\/nicaragua-travel-guide.com\/site\/\">&lt;&lt; Volver a INICIO<\/a><\/strong><\/td>\n<\/tr>\n<\/tbody>\n<\/table>\n","protected":false},"excerpt":{"rendered":"<p>Leer descripci\u00f3n de nuestros tours acompa\u00f1ados con gu\u00eda biling\u00fce Tours en la Ciudad Caminando por horas: Turismo Rural Comunitario Alrededor del V. Mombacho En \u00a0Granada caminando por horas con gu\u00eda bilingue Turismo rural comunitario \u00a0senderismo y \u00a0r\u00edo aguas agrias\u00a0 Museos y Arte: Ver Agenda de hoy \u00a0Turismo rural comunitario \u00bb Nicaragua Libre\u00bb \u00a0Cabalgata Museo Convento [&hellip;]<\/p>\n","protected":false},"author":2,"featured_media":0,"parent":0,"menu_order":0,"comment_status":"closed","ping_status":"closed","template":"","meta":{"footnotes":""},"_links":{"self":[{"href":"https:\/\/nicaragua-travel-guide.com\/site\/wp-json\/wp\/v2\/pages\/5967"}],"collection":[{"href":"https:\/\/nicaragua-travel-guide.com\/site\/wp-json\/wp\/v2\/pages"}],"about":[{"href":"https:\/\/nicaragua-travel-guide.com\/site\/wp-json\/wp\/v2\/types\/page"}],"author":[{"embeddable":true,"href":"https:\/\/nicaragua-travel-guide.com\/site\/wp-json\/wp\/v2\/users\/2"}],"replies":[{"embeddable":true,"href":"https:\/\/nicaragua-travel-guide.com\/site\/wp-json\/wp\/v2\/comments?post=5967"}],"version-history":[{"count":125,"href":"https:\/\/nicaragua-travel-guide.com\/site\/wp-json\/wp\/v2\/pages\/5967\/revisions"}],"predecessor-version":[{"id":12698,"href":"https:\/\/nicaragua-travel-guide.com\/site\/wp-json\/wp\/v2\/pages\/5967\/revisions\/12698"}],"wp:attachment":[{"href":"https:\/\/nicaragua-travel-guide.com\/site\/wp-json\/wp\/v2\/media?parent=5967"}],"curies":[{"name":"wp","href":"https:\/\/api.w.org\/{rel}","templated":true}]}}