{"id":6055,"date":"2016-07-07T18:02:11","date_gmt":"2016-07-07T18:02:11","guid":{"rendered":"http:\/\/nicaragua-travel-guide.com\/site\/?page_id=6055"},"modified":"2016-08-22T19:14:26","modified_gmt":"2016-08-22T19:14:26","slug":"alquiler-de-caballo-blue-mountain-tour","status":"publish","type":"page","link":"https:\/\/nicaragua-travel-guide.com\/site\/alquiler-de-caballo-blue-mountain-tour\/","title":{"rendered":"Alquiler de Caballo \u00abBlue Mountain Tour\u00bb"},"content":{"rendered":"<table style=\"width: 765.3333740234375px;\" border=\"0\">\n<tbody>\n<tr style=\"height: 23px;\" bgcolor=\"#0000FF\">\n<td style=\"width: 10px; height: 23px;\" align=\"center\" valign=\"top\"><img loading=\"lazy\" decoding=\"async\" class=\"alignnone wp-image-11905\" src=\"http:\/\/nicaragua-travel-guide.com\/site\/wp-content\/uploads\/2016\/07\/granadamontarcaballofincabluemountaintour.jpg\" alt=\"granadamontarcaballofincabluemountaintour\" width=\"774\" height=\"261\" srcset=\"https:\/\/nicaragua-travel-guide.com\/site\/wp-content\/uploads\/2016\/07\/granadamontarcaballofincabluemountaintour.jpg 1025w, https:\/\/nicaragua-travel-guide.com\/site\/wp-content\/uploads\/2016\/07\/granadamontarcaballofincabluemountaintour-600x202.jpg 600w\" sizes=\"(max-width: 774px) 100vw, 774px\" \/><\/td>\n<\/tr>\n<tr style=\"height: 307px;\" bgcolor=\"#0000FF\">\n<td style=\"width: 10px; height: 307px;\" align=\"center\" valign=\"top\">\n<table style=\"height: 93px; width: 732px;\">\n<tbody>\n<tr style=\"height: 275.66668701171875px;\">\n<td style=\"width: 331px; height: 275.66668701171875px;\"><img loading=\"lazy\" decoding=\"async\" class=\"alignnone wp-image-11908\" style=\"text-align: start;\" src=\"http:\/\/nicaragua-travel-guide.com\/site\/wp-content\/uploads\/2016\/07\/montarcaballotourbluemauntaingranada.jpg\" alt=\"montarcaballotourbluemauntaingranada\" width=\"648\" height=\"577\" \/><\/td>\n<td style=\"width: 387px; height: 275.66668701171875px;\"><img loading=\"lazy\" decoding=\"async\" class=\"alignnone size-medium wp-image-11906\" src=\"http:\/\/nicaragua-travel-guide.com\/site\/wp-content\/uploads\/2016\/07\/bluemountainvaca.jpg\" alt=\"bluemountainvaca\" width=\"1024\" height=\"768\" srcset=\"https:\/\/nicaragua-travel-guide.com\/site\/wp-content\/uploads\/2016\/07\/bluemountainvaca.jpg 1024w, https:\/\/nicaragua-travel-guide.com\/site\/wp-content\/uploads\/2016\/07\/bluemountainvaca-600x450.jpg 600w\" sizes=\"(max-width: 1024px) 100vw, 1024px\" \/><\/td>\n<\/tr>\n<\/tbody>\n<\/table>\n<\/td>\n<\/tr>\n<tr style=\"height: 3px;\">\n<td style=\"width: 10px; height: 3px; background-color: #fafa25;\" align=\"center\" bgcolor=\"#FFFF00\"><\/td>\n<\/tr>\n<tr style=\"height: 226px;\">\n<td style=\"width: 10px; height: 226px;\" valign=\"top\" bgcolor=\"#0000FF\">\n<table style=\"width: 759.6666870117188px;\" border=\"0\">\n<tbody>\n<tr>\n<td style=\"width: 480px;\"><strong>Son dos fincas que fueron adquiridas en los a\u00f1os 70, en un principio se dedicaban al cultivo de Ca\u00f1a de Az\u00facar, Arroz , Frijoles, Ma\u00edz, Trigo, hortalizas y frutas tropicales, actualmente se dedican a la actividad ganadera.<\/strong><\/td>\n<td style=\"width: 282.66668701171875px;\"><img loading=\"lazy\" decoding=\"async\" class=\"alignnone size-medium wp-image-11910\" src=\"http:\/\/nicaragua-travel-guide.com\/site\/wp-content\/uploads\/2016\/07\/bluemountaincasa.jpg\" alt=\"bluemountaincasa\" width=\"533\" height=\"400\" \/><\/td>\n<\/tr>\n<tr>\n<td style=\"width: 480px;\"><strong>El recorrido a caballo con una duraci\u00f3n de una hora comienza en la hacienda \u00abVilla Amparo\u00bb, en el trayecto podemos observar, maravillosos paisajes del volc\u00e1n Mombacho as\u00ed como de la flora y la fauna t\u00edpicos de la zona.hasta llegar a la hacienda \u00abLa Conchita\u00bb, que esta situada a 3.1 millas de la hacienda Villa Amparo lugar de partida.<\/strong><\/td>\n<td style=\"width: 282.66668701171875px;\"><img loading=\"lazy\" decoding=\"async\" class=\"alignnone wp-image-11915\" src=\"http:\/\/nicaragua-travel-guide.com\/site\/wp-content\/uploads\/2016\/07\/bluemountainpesetilapia.jpg\" alt=\"bluemountainpesetilapia\" width=\"292\" height=\"258\" \/><\/td>\n<\/tr>\n<\/tbody>\n<\/table>\n<\/td>\n<\/tr>\n<tr style=\"height: 21px;\">\n<td style=\"width: 10px; height: 21px; background-color: #f7f70c; text-align: left;\" align=\"center\" valign=\"top\" bgcolor=\"#0033FF\"><strong>\u00abThe Blue Mountain\u00bb Tour<\/strong><\/td>\n<\/tr>\n<tr style=\"height: 177px;\">\n<td style=\"width: 10px; height: 177px;\" align=\"center\" valign=\"top\" bgcolor=\"#0033FF\">\n<table style=\"width: 738.3333740234375px;\" border=\"0\">\n<tbody>\n<tr>\n<td style=\"width: 283px;\" height=\"127\">\u00abLa Monta\u00f1a Azul\u00bb Es un tour en las partes bajas o laderas del volcan Mombacho en una finca privada donde el visitante tiene la oopcion de ver como es el trabajo y actividades de campo con vacas productoras de leche y caballos para montar. tambien podemos incluir almuerzo a oopcion puede ser incluido con el precio del tour o pueden llevar su comida y bebidas.<\/td>\n<td style=\"width: 187.3333740234375px;\" height=\"127\">\u00a0<img loading=\"lazy\" decoding=\"async\" class=\"alignnone wp-image-11912\" src=\"http:\/\/nicaragua-travel-guide.com\/site\/wp-content\/uploads\/2016\/07\/bluemountainflorgranadilla.jpg\" alt=\"bluemountainflorgranadilla\" width=\"311\" height=\"231\" \/><\/td>\n<\/tr>\n<\/tbody>\n<\/table>\n<\/td>\n<\/tr>\n<tr style=\"height: 21px;\">\n<td style=\"width: 10px; height: 21px; background-color: #f7f70c;\" bgcolor=\"#FFFF00\">\u00bfQue vamos a ver?<\/td>\n<\/tr>\n<tr style=\"height: 31px;\">\n<td style=\"width: 10px; height: 31px;\" bgcolor=\"#0033FF\">\n<table style=\"height: 217px; width: 768px;\">\n<tbody>\n<tr>\n<td style=\"width: 270px;\">\n<ul>\n<li>Crianza de ganado vanuno<\/li>\n<li>Orde\u00f1o de vacas<\/li>\n<li>Crianza de pelibuey<\/li>\n<li>Crianza de conejos<\/li>\n<li>Crianza de peces (Tilapias)<\/li>\n<li>Cultivos varios<\/li>\n<\/ul>\n<\/td>\n<td style=\"width: 271px;\"><img loading=\"lazy\" decoding=\"async\" class=\"alignnone size-medium wp-image-11913\" src=\"http:\/\/nicaragua-travel-guide.com\/site\/wp-content\/uploads\/2016\/07\/bluemountainpatos.jpg\" alt=\"bluemountainpatos\" width=\"533\" height=\"400\" \/><\/td>\n<td style=\"width: 268px;\"><img loading=\"lazy\" decoding=\"async\" class=\"alignnone wp-image-11909\" src=\"http:\/\/nicaragua-travel-guide.com\/site\/wp-content\/uploads\/2016\/07\/bluemontainpavos.jpg\" alt=\"bluemontainpavos\" width=\"284\" height=\"213\" \/><\/td>\n<\/tr>\n<\/tbody>\n<\/table>\n<\/td>\n<\/tr>\n<tr style=\"height: 17px;\">\n<td style=\"width: 10px; height: 17px; background-color: #f7f70c;\" bgcolor=\"#0033FF\"><strong>Incluye:<\/strong><\/td>\n<\/tr>\n<tr style=\"height: 3px;\">\n<td style=\"width: 10px; height: 3px;\" bgcolor=\"#0033FF\">\n<table style=\"height: 84px; width: 764.3333740234375px;\">\n<tbody>\n<tr style=\"height: 7px;\">\n<td style=\"width: 2335.3333740234375px; height: 7px;\" colspan=\"3\"><strong>Servicios:<\/strong><strong>Transporte\u00a0 (Ida y Vuelta) Granada -Blue Mountain &#8211; Granada<\/strong><\/td>\n<\/tr>\n<tr style=\"height: 0px;\">\n<td style=\"width: 779px; height: 0px;\">\n<ul>\n<li><strong>Servicio en un rancho t\u00edpico con palmas a orillas de la piscina<\/strong><\/li>\n<li><strong>Comida<\/strong><strong> T\u00edpica Nicarag\u00fcense <\/strong><strong>Bocadillos\u00a0 y Bebidas<\/strong><\/li>\n<li><strong>Almuerzo <\/strong><\/li>\n<li><strong>Piscina\u00a0\u00a0<\/strong><strong>\u00a0<\/strong><\/li>\n<li><strong>Tour a Caballo<\/strong><\/li>\n<\/ul>\n<\/td>\n<td style=\"width: 793px; height: 0px;\"><img loading=\"lazy\" decoding=\"async\" class=\"alignnone size-medium wp-image-11911\" src=\"http:\/\/nicaragua-travel-guide.com\/site\/wp-content\/uploads\/2016\/07\/bluemountainconejos.jpg\" alt=\"bluemountainconejos\" width=\"505\" height=\"400\" \/><\/td>\n<td style=\"width: 763.3333740234375px; height: 0px;\"><img loading=\"lazy\" decoding=\"async\" class=\"alignnone wp-image-11914\" src=\"http:\/\/nicaragua-travel-guide.com\/site\/wp-content\/uploads\/2016\/07\/bluemountainpelibuey.jpg\" alt=\"bluemountainpelibuey\" width=\"218\" height=\"181\" \/><\/td>\n<\/tr>\n<\/tbody>\n<\/table>\n<\/td>\n<\/tr>\n<tr style=\"height: 147px;\">\n<td style=\"width: 10px; height: 147px;\" valign=\"top\" bgcolor=\"#FFFFFF\">\n<table style=\"width: 771.3333740234375px;\" border=\"0\">\n<tbody>\n<tr>\n<td style=\"width: 501px;\" height=\"25\">&lt;&lt; Inicio<\/td>\n<td style=\"width: 278.3333740234375px;\" rowspan=\"5\" bgcolor=\"#0000FF\">Precio :U$ 35 P\/P<\/td>\n<\/tr>\n<tr>\n<td style=\"width: 501px;\" height=\"25\">&lt;&lt; Volver a Granada<\/td>\n<\/tr>\n<tr>\n<td style=\"width: 501px;\" height=\"25\">&lt;&lt; Donde Dormir en Granada y sus Alrededores<\/td>\n<\/tr>\n<tr>\n<td style=\"width: 501px;\" height=\"25\">&lt;&lt; Hostal Amigos Bed y Breakfast<\/td>\n<\/tr>\n<tr>\n<td style=\"width: 501px;\" height=\"21\">Por mayor informacion y reservacion Contactarnos<\/td>\n<\/tr>\n<\/tbody>\n<\/table>\n<\/td>\n<\/tr>\n<\/tbody>\n<\/table>\n","protected":false},"excerpt":{"rendered":"<p>Son dos fincas que fueron adquiridas en los a\u00f1os 70, en un principio se dedicaban al cultivo de Ca\u00f1a de Az\u00facar, Arroz , Frijoles, Ma\u00edz, Trigo, hortalizas y frutas tropicales, actualmente se dedican a la actividad ganadera. El recorrido a caballo con una duraci\u00f3n de una hora comienza en la hacienda \u00abVilla Amparo\u00bb, en el [&hellip;]<\/p>\n","protected":false},"author":2,"featured_media":0,"parent":0,"menu_order":0,"comment_status":"closed","ping_status":"closed","template":"","meta":{"footnotes":""},"_links":{"self":[{"href":"https:\/\/nicaragua-travel-guide.com\/site\/wp-json\/wp\/v2\/pages\/6055"}],"collection":[{"href":"https:\/\/nicaragua-travel-guide.com\/site\/wp-json\/wp\/v2\/pages"}],"about":[{"href":"https:\/\/nicaragua-travel-guide.com\/site\/wp-json\/wp\/v2\/types\/page"}],"author":[{"embeddable":true,"href":"https:\/\/nicaragua-travel-guide.com\/site\/wp-json\/wp\/v2\/users\/2"}],"replies":[{"embeddable":true,"href":"https:\/\/nicaragua-travel-guide.com\/site\/wp-json\/wp\/v2\/comments?post=6055"}],"version-history":[{"count":7,"href":"https:\/\/nicaragua-travel-guide.com\/site\/wp-json\/wp\/v2\/pages\/6055\/revisions"}],"predecessor-version":[{"id":11918,"href":"https:\/\/nicaragua-travel-guide.com\/site\/wp-json\/wp\/v2\/pages\/6055\/revisions\/11918"}],"wp:attachment":[{"href":"https:\/\/nicaragua-travel-guide.com\/site\/wp-json\/wp\/v2\/media?parent=6055"}],"curies":[{"name":"wp","href":"https:\/\/api.w.org\/{rel}","templated":true}]}}