{"id":6077,"date":"2016-07-07T18:48:06","date_gmt":"2016-07-07T18:48:06","guid":{"rendered":"http:\/\/nicaragua-travel-guide.com\/site\/?page_id=6077"},"modified":"2016-08-23T05:09:06","modified_gmt":"2016-08-23T05:09:06","slug":"turismo-rural-comunidad-nicaragua-libre-cabalgata-alojamiento","status":"publish","type":"page","link":"https:\/\/nicaragua-travel-guide.com\/site\/turismo-rural-comunidad-nicaragua-libre-cabalgata-alojamiento\/","title":{"rendered":"Turismo rural  \u00abComunidad Nicaragua Libre\u00bb Cabalgata"},"content":{"rendered":"<table style=\"width: 940.6666870117188px;\" border=\"0\">\n<tbody>\n<tr style=\"height: 342px;\">\n<td style=\"width: 244px; height: 342px;\" colspan=\"2\" bgcolor=\"#FFFF00\"><img loading=\"lazy\" decoding=\"async\" class=\"alignnone wp-image-11974\" src=\"http:\/\/nicaragua-travel-guide.com\/site\/wp-content\/uploads\/2016\/07\/granada-turismo-rural-comunitario-nicaragua-libre.jpg\" alt=\"granada turismo rural comunitario nicaragua libre\" width=\"966\" height=\"338\" \/><\/td>\n<\/tr>\n<tr style=\"height: 30px;\">\n<td style=\"width: 244px; height: 30px;\" colspan=\"2\" bgcolor=\"#CCFF00\">\n<table style=\"width: 941px;\" border=\"0\">\n<tbody>\n<tr>\n<td style=\"width: 113px;\">Comunidades:<\/td>\n<td style=\"width: 120px;\" bgcolor=\"#FF9933\"><a href=\"http:\/\/nicaragua-travel-guide.com\/site\/turismo-rural-comunitario-la-granadilla\/\">La Granadilla<\/a><\/td>\n<td style=\"width: 159.33334350585938px;\" bgcolor=\"#009900\"><a href=\"http:\/\/nicaragua-travel-guide.com\/site\/granada-turismo-rural-comunitario-aguas-agrias-cabalgata-rio-nadar-alojamiento\/\">Aguas Agrias<\/a><\/td>\n<td style=\"width: 168.66665649414063px;\" bgcolor=\"#990000\">Nicaragua Libre<\/td>\n<td style=\"width: 139px;\" bgcolor=\"#00CCFF\"><a href=\"http:\/\/nicaragua-travel-guide.com\/site\/turismo-rural-comunitario-los-nortenos\/\">Los Norte\u00f1os<\/a><\/td>\n<td style=\"width: 226px;\" bgcolor=\"#CC3399\"><a href=\"http:\/\/nicaragua-travel-guide.com\/site\/turismo-rural-comunitario-charco-muerto\/\">Charco Muerto<\/a><\/td>\n<\/tr>\n<\/tbody>\n<\/table>\n<\/td>\n<\/tr>\n<tr style=\"height: 22px;\">\n<td style=\"width: 244px; height: 22px;\" colspan=\"2\" bgcolor=\"#009933\">Turismo rural: Comunidad Campesina \u00abNicaragua Libre\u00bb<\/td>\n<\/tr>\n<tr style=\"height: 22px;\">\n<td style=\"width: 244px; height: 22px;\" colspan=\"2\" bgcolor=\"#99FF00\">Descripci\u00f3n:<\/td>\n<\/tr>\n<tr style=\"height: 622px;\">\n<td style=\"width: 244px; height: 622px;\" colspan=\"2\" bgcolor=\"#009933\">&nbsp;<\/p>\n<table style=\"height: 214px; width: 950.6666870117188px;\">\n<tbody>\n<tr>\n<td style=\"width: 668px;\">Un sitio en el que el visitante puede apreciar la vida dentro de una finca comunitaria productiva y ser atendido por los mismos campesinos quienes brindan recorridos,Alojamiento, alimentaci\u00f3n y otros servicios en la comunidad de la cooperativa Nicaragua Libre.<\/p>\n<p>Los turistas son atendidos en el albergue comunitario, en d\u00f3nde tambi\u00e9n funciona el comedor. Aqu\u00ed se dispone de 3 dormitorios compartidos a precios muy econ\u00f3micos; desde all\u00ed tambi\u00e9n se inician los tours y hay a la venta artesan\u00edas hechas de semillas por los campesinos.<\/p>\n<p>En la Nicaragua Libre se puede visitar con gu\u00edas de la comunidad las zonas de producci\u00f3n de ma\u00edz, frijoles, sand\u00edas y otros productos, entre ellos el caf\u00e9, que se produce de forma tradicional u org\u00e1nica; quien atiende a grupos de 5 personas. Algo interesante de apreciar en este lugar son las peleas de gallos con guante: se cubren las espuelas para evitar lesiones. Desde la Nicaragua Libre se organiza tambi\u00e9n una caminata hasta el cercano parqueo de la Reserva Volc\u00e1n Mombacho.<\/p>\n<p>Nicaragua Libre es manejada por una cooperativa de campesinos miembro de la Uni\u00f3n de Cooperativas Agropecuarias: UCA Tierra y Agua. Esta organizaci\u00f3n ofrece tambi\u00e9n otras actividades en la zona, como el sendero de Aguas Agrias, visita a la comunidad de La Granadilla, visita a la comunidad de Charco Muerto en las costas del lago y un tour a caballo por la ladera sur del volc\u00e1n Mombacho.<\/td>\n<td style=\"width: 278.66668701171875px;\"><img loading=\"lazy\" decoding=\"async\" class=\"alignnone wp-image-11976\" src=\"http:\/\/nicaragua-travel-guide.com\/site\/wp-content\/uploads\/2016\/07\/comedornicaragualibre.jpg\" alt=\"comedornicaragualibre\" width=\"311\" height=\"233\" \/><\/td>\n<\/tr>\n<\/tbody>\n<\/table>\n<\/td>\n<\/tr>\n<tr style=\"height: 22px;\">\n<td style=\"width: 234px; height: 22px;\" colspan=\"2\" bgcolor=\"#99FF00\"><strong>Albergue rural Nicaragua libre<\/strong><\/td>\n<\/tr>\n<tr style=\"height: 255px;\">\n<td style=\"width: 244px; height: 255px;\" colspan=\"2\" valign=\"top\" bgcolor=\"#009933\">\n<table style=\"height: 169px; width: 958.3333740234375px;\">\n<tbody>\n<tr>\n<td style=\"width: 659px;\">Un ambiente familiar en las faldas del Mombacho, en un albergue de estructura tradicional y f\u00e1cil acceso, de manos de la cooperativa Nicaragua Libre, una de las fundadoras de la UCA en 1984. Disfruta de la tranquilidad del entorno y visita los atractivos tur\u00edsticos cercanos en compa\u00f1\u00eda de nuestra acogedora cooperativa anfitriona.<\/td>\n<td style=\"width: 292.3333740234375px;\"><img loading=\"lazy\" decoding=\"async\" class=\"alignnone wp-image-11977\" src=\"http:\/\/nicaragua-travel-guide.com\/site\/wp-content\/uploads\/2016\/07\/ecoalberguenicaragualibrehamaca.jpg\" alt=\"ecoalberguenicaragualibrehamaca\" width=\"310\" height=\"233\" \/><\/td>\n<\/tr>\n<\/tbody>\n<\/table>\n<\/td>\n<\/tr>\n<tr style=\"height: 390px;\">\n<td style=\"width: 244px; height: 390px;\" colspan=\"2\" bgcolor=\"#99FF00\">&nbsp;<\/p>\n<table style=\"height: 251px; width: 949px;\">\n<tbody>\n<tr>\n<td style=\"width: 651.3333740234375px;\">* Ruta \u00abNicaragua Libre\u201d<\/p>\n<p>Caf\u00e9, pl\u00e1tano, ganado&#8230; y mucho m\u00e1s<\/p>\n<p>* Ruta a Caballo, \u201cLa Escoba\u00bb y la Ladera Sur del Volc\u00e1n Mombacho<\/p>\n<p>* Ruta \u201cReserva Natural Volc\u00e1n Mombacho\u201d Fauna y flora aut\u00f3ctonas a 1600 m de altura.<\/p>\n<p>* Rutas en Veh\u00edculo por los Atractivos Cercanos conoce Masaya, San Juan de Oriente, Granada..<\/p>\n<p>* Taller de J\u00f3venes Artesanos: Elaboraci\u00f3n de collares y pulseras con semillas naturales<\/p>\n<p>* Fiesta de Intercambio Cultural<\/td>\n<td style=\"width: 283.6666259765625px;\"><img loading=\"lazy\" decoding=\"async\" class=\"alignnone wp-image-11922\" src=\"http:\/\/nicaragua-travel-guide.com\/site\/wp-content\/uploads\/2016\/07\/cabalgata-diriomoydiria.jpg\" alt=\"cabalgata diriomoydiria\" width=\"309\" height=\"233\" \/><\/td>\n<\/tr>\n<\/tbody>\n<\/table>\n<p>&nbsp;<\/td>\n<\/tr>\n<tr style=\"height: 176px;\">\n<td style=\"width: 244px; height: 176px;\" colspan=\"2\" bgcolor=\"#009933\">\n<table style=\"height: 333px; width: 953px;\">\n<tbody>\n<tr>\n<td style=\"width: 635.3333740234375px;\">Consulta El precio de estos tours por persona, que incluye la caminata, el almuerzo y refrigerio, el transporte desde Granada. Los visitantes podemos llegar en transporte privado, carro, moto. Los gu\u00edas ofrecen el tour en Ingles y espa\u00f1ol, que debe ser previamente solicitado. Cada gu\u00eda maneja un grupo de hasta 5 personas, y aunque se dispone de varios gu\u00edas la cooperativa s\u00f3lo acepta grupos de 20 personas en total.<\/td>\n<td style=\"width: 304.6666259765625px;\"><img loading=\"lazy\" decoding=\"async\" class=\"alignnone wp-image-11224\" src=\"http:\/\/nicaragua-travel-guide.com\/site\/wp-content\/uploads\/2016\/07\/mariposatransparente.jpg\" alt=\"mariposatransparente\" width=\"319\" height=\"212\" srcset=\"https:\/\/nicaragua-travel-guide.com\/site\/wp-content\/uploads\/2016\/07\/mariposatransparente.jpg 275w, https:\/\/nicaragua-travel-guide.com\/site\/wp-content\/uploads\/2016\/07\/mariposatransparente-180x120.jpg 180w\" sizes=\"(max-width: 319px) 100vw, 319px\" \/><\/td>\n<\/tr>\n<\/tbody>\n<\/table>\n<p>&nbsp;<\/td>\n<\/tr>\n<tr style=\"height: 447px;\">\n<td style=\"width: 244px; height: 447px;\" colspan=\"2\" valign=\"top\" bgcolor=\"#CCFF00\">\n<table border=\"0\">\n<tbody>\n<tr>\n<td bgcolor=\"#99FF00\" height=\"169\">Este tour incluye:<\/p>\n<ul>\n<li>Medio de transporte es opcional a su elecci\u00f3n.<\/li>\n<li>Caminata por los senderos de plantaciones<\/li>\n<li>Compa\u00f1\u00eda de gu\u00eda tours opera Gioconda (gu\u00eda nacional y cantante)<\/li>\n<li>Incluye otro gu\u00eda local de la comunidad<\/li>\n<li>Opci\u00f3n de tomar servicio de alimentos de la comunidad<\/li>\n<\/ul>\n<\/td>\n<td rowspan=\"3\" bgcolor=\"#000000\"><a href=\"https:\/\/youtu.be\/g5sCFngA7fU\"><object width=\"464\" height=\"338\"><embed src=\"http:\/\/www.youtube.com\/v\/g5sCFngA7fU?version=3&amp;hl=es_ES\" type=\"application\/x-shockwave-flash\" width=\"464\" height=\"338\" allowscriptaccess=\"always\" allowfullscreen=\"allowfullscreen\" \/><\/object><\/a><\/td>\n<\/tr>\n<tr>\n<td bgcolor=\"#009900\">Que llevar?<\/td>\n<\/tr>\n<tr>\n<td bgcolor=\"#99FF00\" height=\"94\">\n<ul>\n<li>Zapatos cerrados, vestirse con ropa c\u00f3moda<\/li>\n<li>Gorra o sombrero- Camisa manga larga<\/li>\n<li>llevar bloqueador solar &#8211; Repelente de insectos<\/li>\n<li>Opci\u00f3n de llevar su almuerzo o comidas ligeras<\/li>\n<\/ul>\n<\/td>\n<\/tr>\n<\/tbody>\n<\/table>\n<\/td>\n<\/tr>\n<tr style=\"height: 32.33349609375px;\">\n<td style=\"width: 244px; height: 74.33349609375px;\" colspan=\"2\" rowspan=\"3\" bgcolor=\"#99FF00\">Desde esta comunidad es posible tambi\u00e9n visitar las otras cooperativas asociadas.<\/p>\n<p>Ver opciones de medios de transporte a su elecci\u00f3n para llegar hasta all\u00e1 para una persona recomendamos <a href=\"http:\/\/nicaragua-travel-guide.com\/site\/alquiler-de-moto\/\">Moto<\/a><\/p>\n<p>Por mayor informaci\u00f3n y reservacion <strong>Contactarnos<\/strong><\/td>\n<\/tr>\n<\/tbody>\n<\/table>\n","protected":false},"excerpt":{"rendered":"<p>Comunidades: La Granadilla Aguas Agrias Nicaragua Libre Los Norte\u00f1os Charco Muerto Turismo rural: Comunidad Campesina \u00abNicaragua Libre\u00bb Descripci\u00f3n: &nbsp; Un sitio en el que el visitante puede apreciar la vida dentro de una finca comunitaria productiva y ser atendido por los mismos campesinos quienes brindan recorridos,Alojamiento, alimentaci\u00f3n y otros servicios en la comunidad de la [&hellip;]<\/p>\n","protected":false},"author":2,"featured_media":0,"parent":0,"menu_order":0,"comment_status":"closed","ping_status":"closed","template":"","meta":{"footnotes":""},"_links":{"self":[{"href":"https:\/\/nicaragua-travel-guide.com\/site\/wp-json\/wp\/v2\/pages\/6077"}],"collection":[{"href":"https:\/\/nicaragua-travel-guide.com\/site\/wp-json\/wp\/v2\/pages"}],"about":[{"href":"https:\/\/nicaragua-travel-guide.com\/site\/wp-json\/wp\/v2\/types\/page"}],"author":[{"embeddable":true,"href":"https:\/\/nicaragua-travel-guide.com\/site\/wp-json\/wp\/v2\/users\/2"}],"replies":[{"embeddable":true,"href":"https:\/\/nicaragua-travel-guide.com\/site\/wp-json\/wp\/v2\/comments?post=6077"}],"version-history":[{"count":20,"href":"https:\/\/nicaragua-travel-guide.com\/site\/wp-json\/wp\/v2\/pages\/6077\/revisions"}],"predecessor-version":[{"id":12007,"href":"https:\/\/nicaragua-travel-guide.com\/site\/wp-json\/wp\/v2\/pages\/6077\/revisions\/12007"}],"wp:attachment":[{"href":"https:\/\/nicaragua-travel-guide.com\/site\/wp-json\/wp\/v2\/media?parent=6077"}],"curies":[{"name":"wp","href":"https:\/\/api.w.org\/{rel}","templated":true}]}}