{"id":6190,"date":"2016-07-08T07:07:55","date_gmt":"2016-07-08T07:07:55","guid":{"rendered":"http:\/\/nicaragua-travel-guide.com\/site\/?page_id=6190"},"modified":"2016-07-19T05:16:40","modified_gmt":"2016-07-19T05:16:40","slug":"bienes-raices-nicaragua-venta-y-alquiler-de-casas-apartamentos-finca-terreno-lotes","status":"publish","type":"page","link":"https:\/\/nicaragua-travel-guide.com\/site\/bienes-raices-nicaragua-venta-y-alquiler-de-casas-apartamentos-finca-terreno-lotes\/","title":{"rendered":"Bienes Ra\u00edces"},"content":{"rendered":"<table style=\"width: 994.17px;\" border=\"0\">\n<tbody>\n<tr>\n<td style=\"width: 997.17px;\" bgcolor=\"#99CC33\"><strong><img loading=\"lazy\" decoding=\"async\" class=\"wp-image-7334 aligncenter\" src=\"http:\/\/nicaragua-travel-guide.com\/site\/wp-content\/uploads\/2016\/07\/header-formulacion-y-evaluacion-de-proyectos-de-inversion.jpg\" alt=\"header-formulacion-y-evaluacion-de-proyectos-de-inversion\" width=\"1001\" height=\"337\" srcset=\"https:\/\/nicaragua-travel-guide.com\/site\/wp-content\/uploads\/2016\/07\/header-formulacion-y-evaluacion-de-proyectos-de-inversion.jpg 1025w, https:\/\/nicaragua-travel-guide.com\/site\/wp-content\/uploads\/2016\/07\/header-formulacion-y-evaluacion-de-proyectos-de-inversion-600x202.jpg 600w\" sizes=\"(max-width: 1001px) 100vw, 1001px\" \/><\/strong><\/td>\n<\/tr>\n<tr>\n<td style=\"width: 997.17px;\" bgcolor=\"#99CC33\">\n<table width=\"760\" align=\"center\">\n<tbody>\n<tr>\n<td>\n<table border=\"0\" width=\"760\" cellspacing=\"0\" cellpadding=\"0\" align=\"center\">\n<tbody>\n<tr>\n<td rowspan=\"2\" align=\"left\" valign=\"top\" width=\"185\">\n<form id=\"frmgeneral\" action=\"http:\/\/www.nicaragua-travel-guide.com\/busquedas.php\" method=\"post\">\n<table border=\"0\" width=\"182\" cellspacing=\"0\" cellpadding=\"0\">\n<tbody>\n<tr>\n<td width=\"182\" height=\"346\">\n<table border=\"0\" width=\"155\" cellspacing=\"0\" cellpadding=\"0\">\n<tbody>\n<tr>\n<td align=\"middle\" height=\"22\">Buscador<\/td>\n<td align=\"middle\" height=\"22\"><\/td>\n<\/tr>\n<tr>\n<td bgcolor=\"#FFFF00\" height=\"19\">Categor\u00eda<\/td>\n<td><\/td>\n<\/tr>\n<tr>\n<td height=\"29\">\n<table width=\"140\" align=\"left\">\n<tbody>\n<tr>\n<td><input id=\"im_va\" checked=\"checked\" name=\"im_va\" type=\"radio\" value=\"0\" \/><\/td>\n<td>Venta<\/td>\n<td><input id=\"im_va\" name=\"im_va\" type=\"radio\" value=\"1\" \/><\/td>\n<td>Alquiler<\/td>\n<\/tr>\n<\/tbody>\n<\/table>\n<\/td>\n<td height=\"29\"><\/td>\n<\/tr>\n<tr>\n<td height=\"19\">Departamentos\u00a0<img decoding=\"async\" id=\"imgstate\" src=\"http:\/\/www.inmomundo.com\/oinmo\/plugins\/searchbox\/images\/load_blu.gif\" name=\"imgstate\" border=\"0\" \/><\/td>\n<td><\/td>\n<\/tr>\n<tr>\n<td align=\"left\" height=\"27\"><select id=\"im_geo0\" name=\"im_geo0\" onchange=\"drivergeo0();\"><option value=\"0\">Todos<\/option><option value=\"29\">Boaco<\/option><option value=\"23\">Carazo<\/option><option value=\"22\">Chinandega<\/option><option value=\"24\">Chontales<\/option><option value=\"25\">Estel\u00ed<\/option><option value=\"20\">Granada<\/option><option value=\"27\">Jinotega<\/option><option value=\"18\">Le\u00f3n<\/option><option value=\"16\">Madriz<\/option><option selected=\"selected\" value=\"15\">Managua<\/option><option value=\"21\">Masaya<\/option><option value=\"28\">Matagalpa<\/option><option value=\"19\">Nueva Segovia<\/option><option value=\"14986\">RAAN<\/option><option value=\"30\">RAAS<\/option><option value=\"26\">R\u00edo San Juan<\/option><option value=\"17\">Rivas<\/option><\/select><\/td>\n<td><\/td>\n<\/tr>\n<tr>\n<td height=\"19\">Municipios\u00a0<img decoding=\"async\" id=\"imgmuni\" src=\"http:\/\/www.inmomundo.com\/oinmo\/plugins\/searchbox\/images\/load_blu.gif\" name=\"imgmuni\" border=\"0\" \/><\/td>\n<td><\/td>\n<\/tr>\n<tr>\n<td align=\"left\" height=\"34\">\u00a0<select id=\"im_geo\" name=\"im_geo\" onchange=\"drivermuni();\"><option selected=\"selected\" value=\"0\">Todos<\/option><option value=\"15008\">Ciudad Sandino<\/option><option value=\"15009\">El\u00a0 Crucero<\/option><option value=\"15010\">Managua<\/option><option value=\"15011\">Mateare<\/option><option value=\"15012\">San Francisco Libre<\/option><option value=\"15013\">San Rafael del Sur<\/option><option value=\"15014\">Ticuantepe<\/option><option value=\"15015\">Tipitapa<\/option><option value=\"15016\">Villa Carlos Fonseca<\/option><\/select><\/td>\n<td><\/td>\n<\/tr>\n<tr>\n<td height=\"19\">Barrios y Repartos\u00a0<img decoding=\"async\" id=\"imgcol\" src=\"http:\/\/www.inmomundo.com\/oinmo\/plugins\/searchbox\/images\/load_blu.gif\" name=\"imgcol\" border=\"0\" \/><\/td>\n<td><\/td>\n<\/tr>\n<tr>\n<td align=\"left\" height=\"30\"><\/td>\n<td><\/td>\n<\/tr>\n<tr>\n<td height=\"19\">Tipo de Propiedad\u00a0<img decoding=\"async\" id=\"imgcatsearch\" src=\"http:\/\/www.inmomundo.com\/oinmo\/plugins\/searchbox\/images\/load_blu.gif\" name=\"imgcatsearch\" border=\"0\" \/><\/td>\n<td><\/td>\n<\/tr>\n<tr>\n<td align=\"left\" height=\"34\">\u00a0<select name=\"im_c\">\u00a0 \u00a0 \u00a0 \u00a0 \u00a0 \u00a0 \u00a0 \u00a0 \u00a0 \u00a0 \u00a0 \u00a0 \u00a0 \u00a0 \u00a0<optgroup label=\"Todos\"><option selected=\"selected\" value=\"0\">Todos<\/option><\/optgroup>\u00a0 \u00a0 \u00a0 \u00a0 \u00a0 \u00a0 \u00a0 \u00a0 \u00a0 \u00a0 \u00a0 \u00a0 \u00a0 \u00a0 \u00a0<optgroup label=\"Propiedades\"><option value=\"4\">Apartamentos<\/option><option value=\"8\">Bodegas<\/option><option value=\"3\">Casas<\/option><option value=\"5\">Condominios<\/option><option value=\"9\">Edificios<\/option><option value=\"12\">Fincas<\/option><option value=\"10\">Locales Comerciales<\/option><option value=\"6\">Lotes y Terrenos<\/option><option value=\"15\">Naves Industriales<\/option><option value=\"11\">Oficinas<\/option><\/optgroup><br \/>\n<\/select><\/td>\n<td><\/td>\n<\/tr>\n<tr>\n<td height=\"19\">Precio<\/td>\n<td><\/td>\n<\/tr>\n<tr>\n<td align=\"left\" height=\"54\">\n<table border=\"0\" cellspacing=\"0\" cellpadding=\"0\">\n<tbody>\n<tr>\n<td align=\"left\" width=\"40\">Desde<\/td>\n<td width=\"17\"><\/td>\n<td width=\"51\"><input id=\"im_pi\" name=\"im_pi\" type=\"text\" \/><\/td>\n<\/tr>\n<tr>\n<td align=\"left\" height=\"5\"><\/td>\n<td><\/td>\n<td><\/td>\n<\/tr>\n<tr>\n<td align=\"left\" width=\"40\">Hasta<\/td>\n<td><\/td>\n<td><input id=\"im_pf\" name=\"im_pf\" type=\"text\" \/><\/td>\n<\/tr>\n<\/tbody>\n<\/table>\n<\/td>\n<td height=\"54\"><\/td>\n<\/tr>\n<tr>\n<td height=\"19\">Texto a Buscar<\/td>\n<td><\/td>\n<\/tr>\n<tr>\n<td align=\"left\" height=\"33\"><input id=\"im_q\" name=\"im_q\" type=\"text\" \/><\/td>\n<td><\/td>\n<\/tr>\n<tr>\n<td align=\"middle\" height=\"43\"><input id=\"im_InputSearch\" name=\"im_InputSearch\" type=\"button\" value=\"Buscar\" \/><\/td>\n<td><\/td>\n<\/tr>\n<\/tbody>\n<\/table>\n<\/td>\n<\/tr>\n<tr>\n<td height=\"7\"><\/td>\n<\/tr>\n<\/tbody>\n<\/table>\n<\/form>\n<\/td>\n<td colspan=\"2\" align=\"middle\" valign=\"top\" bgcolor=\"#CCFF33\" height=\"25\">Inmobiliarias, Bienes Raices en Managua, Nicaragua<\/td>\n<\/tr>\n<tr>\n<td align=\"middle\" valign=\"top\" bgcolor=\"#FFCC66\" width=\"410\" height=\"373\">\n<table border=\"0\" width=\"400\" cellspacing=\"0\" cellpadding=\"0\" align=\"center\">\n<tbody>\n<tr align=\"middle\" valign=\"top\">\n<td align=\"middle\" valign=\"top\" bgcolor=\"#99FF66\" width=\"132\"><a href=\"http:\/\/www.casanica.com\/inmo\/15-3-1\/Alquiler_Casas_Managua_Nicaragua.html\"><img loading=\"lazy\" decoding=\"async\" src=\"http:\/\/www.casanica.com\/templates\/imagenes\/icons\/houses-rent.jpg\" alt=\"Alquiler de Casas\" width=\"80\" height=\"80\" border=\"0\" \/><br \/>\nAlquiler de<br \/>\nCasas<\/a><\/td>\n<td align=\"middle\" valign=\"top\" bgcolor=\"#CCFF99\" width=\"136\"><a href=\"http:\/\/www.casanica.com\/inmo\/15-4-1\/Alquiler_Apartamentos_Managua_Nicaragua.html\"><img loading=\"lazy\" decoding=\"async\" src=\"http:\/\/www.casanica.com\/templates\/imagenes\/icons\/apartment-rent.jpg\" alt=\"Alquiler de Apartamentos\" width=\"80\" height=\"80\" border=\"0\" \/><br \/>\nAlquiler de<br \/>\nApartamentos<\/a><\/td>\n<td align=\"middle\" valign=\"top\" bgcolor=\"#CCFFFF\" width=\"132\"><a href=\"http:\/\/www.casanica.com\/inmo\/15-3-0\/Venta_Casas_Managua_Nicaragua.html\"><img loading=\"lazy\" decoding=\"async\" src=\"http:\/\/www.casanica.com\/templates\/imagenes\/icons\/houses-sale.jpg\" alt=\"Venta de Casas\" width=\"80\" height=\"80\" border=\"0\" \/><br \/>\nVenta de<br \/>\nCasas<\/a><\/td>\n<\/tr>\n<tr align=\"middle\" valign=\"top\">\n<td align=\"middle\" valign=\"top\" bgcolor=\"#99FFCC\" width=\"132\"><a href=\"http:\/\/www.casanica.com\/inmo\/15-4-0\/Venta_Apartamentos_Managua_Nicaragua.html\"><img loading=\"lazy\" decoding=\"async\" src=\"http:\/\/www.casanica.com\/templates\/imagenes\/icons\/complejo-apartamentos.jpg\" alt=\"Venta de Apartamentos\" width=\"80\" height=\"80\" border=\"0\" \/><br \/>\nVenta de<br \/>\nApartamentos<\/a><\/td>\n<td align=\"middle\" valign=\"top\" bgcolor=\"#FFFF99\" width=\"136\"><a href=\"http:\/\/www.casanica.com\/inmo\/15-10-1\/Alquiler_Locales_Comerciales_Managua_Nicaragua.html\"><img loading=\"lazy\" decoding=\"async\" src=\"http:\/\/www.casanica.com\/templates\/imagenes\/icons\/alq_ofic.jpg\" alt=\"Alquileres Comerciales\" width=\"80\" height=\"80\" border=\"0\" \/><br \/>\nAlquileres<br \/>\nComerciales<\/a><\/td>\n<td align=\"middle\" valign=\"top\" bgcolor=\"#00FFCC\" width=\"132\"><a href=\"http:\/\/www.casanica.com\/inmo\/15-10-0\/Venta_Locales_Comerciales_Managua_Nicaragua.html\"><img loading=\"lazy\" decoding=\"async\" src=\"http:\/\/www.casanica.com\/templates\/imagenes\/icons\/local-comercial.jpg\" alt=\"Venta Comerciales\" width=\"80\" height=\"80\" border=\"0\" \/><br \/>\nVenta<br \/>\nComerciales<\/a><\/td>\n<\/tr>\n<tr align=\"middle\" valign=\"top\">\n<td align=\"middle\" valign=\"top\" bgcolor=\"#99FF00\" width=\"132\"><a href=\"http:\/\/www.casanica.com\/inmo\/15-6-0\/Venta_Terrenos_Managua_Nicaragua.html\"><img loading=\"lazy\" decoding=\"async\" src=\"http:\/\/www.casanica.com\/templates\/imagenes\/icons\/lots.jpg\" alt=\"Venta de Terrenos\" width=\"80\" height=\"80\" border=\"0\" \/><br \/>\nVenta de<br \/>\nTerrenos<\/a><\/td>\n<td align=\"middle\" valign=\"top\" bgcolor=\"#FFFF99\" width=\"136\"><a href=\"http:\/\/www.casanica.com\/inmo\/15-12-0\/Venta_Fincas_Managua_Nicaragua.html\"><img loading=\"lazy\" decoding=\"async\" src=\"http:\/\/www.casanica.com\/templates\/imagenes\/icons\/farms.jpg\" alt=\"Venta de Fincas\" width=\"80\" height=\"80\" border=\"0\" \/><br \/>\nVenta de<br \/>\nFincas<\/a><\/td>\n<td align=\"middle\" valign=\"top\" bgcolor=\"#CCFFCC\" width=\"132\"><\/td>\n<\/tr>\n<\/tbody>\n<\/table>\n<\/td>\n<td align=\"middle\" valign=\"top\"><\/td>\n<\/tr>\n<tr>\n<td colspan=\"3\" align=\"middle\" valign=\"top\">\n<fieldset>\n<legend align=\"center\"><strong>En Venta<\/strong><\/legend>\n<div>\n<table width=\"757\">\n<tbody>\n<tr valign=\"top\">\n<td align=\"left\" bgcolor=\"#CCFF99\" width=\"33%\">\n<ul>\n<ul id=\"lista1\">\n<li><a href=\"http:\/\/www.casanica.com\/inmo\/15-3-0\/Venta_Casas_Managua_Nicaragua.html\">Venta Casas<\/a><\/li>\n<li><a href=\"http:\/\/www.casanica.com\/inmo\/15-4-0\/Venta_Apartamentos_Managua_Nicaragua.html\">Venta Apartamentos<\/a><\/li>\n<li><a href=\"http:\/\/www.casanica.com\/inmo\/15-5-0\/Venta_Condominios_Managua_Nicaragua.html\">Venta Condominios<\/a><\/li>\n<\/ul>\n<\/ul>\n<\/td>\n<td align=\"left\" bgcolor=\"#99FF66\" width=\"42%\">\n<ul>\n<ul id=\"lista2\">\n<li><a href=\"http:\/\/www.casanica.com\/inmo\/15-6-0\/Venta_Terrenos_Managua_Nicaragua.html\">Venta Lotes y Terrenos<\/a><\/li>\n<li><a href=\"http:\/\/www.casanica.com\/inmo\/15-8-0\/Venta_Bodegas_Managua_Nicaragua.html\">Venta Bodegas<\/a><\/li>\n<li><a href=\"http:\/\/www.casanica.com\/inmo\/15-9-0\/Venta_Edificios_Managua_Nicaragua.html\">Venta Edificios<\/a><\/li>\n<li><a href=\"http:\/\/www.casanica.com\/inmo\/15-10-0\/Venta_Locales_Comerciales_Managua_Nicaragua.html\">Venta Locales Comerciales<\/a><\/li>\n<\/ul>\n<\/ul>\n<\/td>\n<td align=\"left\" bgcolor=\"#FFFF66\" width=\"25%\">\n<ul>\n<ul id=\"lista3\">\n<li><a href=\"http:\/\/www.casanica.com\/inmo\/15-11-0\/Venta_Oficinas_Managua_Nicaragua.html\">Venta Oficinas<\/a><\/li>\n<li><a href=\"http:\/\/www.casanica.com\/inmo\/15-12-0\/Venta_Fincas_Managua_Nicaragua.html\">Venta Fincas<\/a><\/li>\n<\/ul>\n<\/ul>\n<\/td>\n<\/tr>\n<\/tbody>\n<\/table>\n<\/div>\n<\/fieldset>\n<\/td>\n<\/tr>\n<tr>\n<td colspan=\"3\" align=\"middle\" valign=\"top\" height=\"20\"><\/td>\n<\/tr>\n<tr>\n<td colspan=\"3\" align=\"middle\" valign=\"top\">\n<fieldset>\n<legend align=\"center\"><strong>En Alquiler<\/strong><\/legend>\n<div>\n<table width=\"773\">\n<tbody>\n<tr valign=\"top\">\n<td align=\"left\" bgcolor=\"#CCFF99\" width=\"33%\">\n<ul>\n<ul id=\"lista4\">\n<li><a href=\"http:\/\/www.casanica.com\/inmo\/15-3-1\/Alquiler_Casas_Managua_Nicaragua.html\">Alquiler Casas<\/a><\/li>\n<li><a href=\"http:\/\/www.casanica.com\/inmo\/15-4-1\/Alquiler_Apartamentos_Managua_Nicaragua.html\">Alquiler Apartamentos<\/a><\/li>\n<li><a href=\"http:\/\/www.casanica.com\/inmo\/15-5-1\/Alquiler_Condominios_Managua_Nicaragua.html\">Alquiler Condominios<\/a><\/li>\n<\/ul>\n<\/ul>\n<\/td>\n<td align=\"left\" bgcolor=\"#99FF33\" width=\"38%\">\n<ul>\n<ul id=\"lista5\">\n<li><a href=\"http:\/\/www.casanica.com\/inmo\/15-6-1\/Alquiler_Terrenos_Managua_Nicaragua.html\">Alquiler Lotes y Terrenos<\/a><\/li>\n<li><a href=\"http:\/\/www.casanica.com\/inmo\/15-8-1\/Alquiler_Bodegas_Managua_Nicaragua.html\">Alquiler Bodegas<\/a><\/li>\n<li><a href=\"http:\/\/www.casanica.com\/inmo\/15-9-1\/Alquiler_Edificios_Managua_Nicaragua.html\">Alquiler Edificios<\/a><\/li>\n<li><a href=\"http:\/\/www.casanica.com\/inmo\/15-10-1\/Alquiler_Locales_Comerciales_Managua_Nicaragua.html\">Alquiler Locales Comerciales<\/a><\/li>\n<\/ul>\n<\/ul>\n<\/td>\n<td align=\"left\" bgcolor=\"#FFFF00\" width=\"29%\">\n<ul>\n<ul id=\"lista6\">\n<li><a href=\"http:\/\/www.casanica.com\/inmo\/15-11-1\/Alquiler_Oficinas_Managua_Nicaragua.html\">Alquiler Oficinas<\/a><\/li>\n<li><a href=\"http:\/\/www.casanica.com\/inmo\/15-12-1\/Alquiler_Fincas_Managua_Nicaragua.html\">Alquiler Fincas<\/a><\/li>\n<li><a href=\"http:\/\/www.casanica.com\/inmo\/15-15-1\/Alquiler_Naves_Industriales_Managua_Nicaragua.html\">Alquiler Naves Industriales<\/a><\/li>\n<\/ul>\n<\/ul>\n<\/td>\n<\/tr>\n<\/tbody>\n<\/table>\n<\/div>\n<\/fieldset>\n<\/td>\n<\/tr>\n<tr>\n<td colspan=\"3\" align=\"middle\" valign=\"top\"><\/td>\n<\/tr>\n<\/tbody>\n<\/table>\n<\/td>\n<\/tr>\n<\/tbody>\n<\/table>\n<\/td>\n<\/tr>\n<\/tbody>\n<\/table>\n","protected":false},"excerpt":{"rendered":"<p>Buscador Categor\u00eda Venta Alquiler Departamentos\u00a0 TodosBoacoCarazoChinandegaChontalesEstel\u00edGranadaJinotegaLe\u00f3nMadrizManaguaMasayaMatagalpaNueva SegoviaRAANRAASR\u00edo San JuanRivas Municipios\u00a0 \u00a0TodosCiudad SandinoEl\u00a0 CruceroManaguaMateareSan Francisco LibreSan Rafael del SurTicuantepeTipitapaVilla Carlos Fonseca Barrios y Repartos\u00a0 Tipo de Propiedad\u00a0 \u00a0\u00a0 \u00a0 \u00a0 \u00a0 \u00a0 \u00a0 \u00a0 \u00a0 \u00a0 \u00a0 \u00a0 \u00a0 \u00a0 \u00a0 \u00a0Todos\u00a0 \u00a0 \u00a0 \u00a0 \u00a0 \u00a0 \u00a0 \u00a0 \u00a0 \u00a0 \u00a0 \u00a0 \u00a0 \u00a0 \u00a0ApartamentosBodegasCasasCondominiosEdificiosFincasLocales [&hellip;]<\/p>\n","protected":false},"author":2,"featured_media":0,"parent":0,"menu_order":0,"comment_status":"closed","ping_status":"closed","template":"","meta":{"footnotes":""},"_links":{"self":[{"href":"https:\/\/nicaragua-travel-guide.com\/site\/wp-json\/wp\/v2\/pages\/6190"}],"collection":[{"href":"https:\/\/nicaragua-travel-guide.com\/site\/wp-json\/wp\/v2\/pages"}],"about":[{"href":"https:\/\/nicaragua-travel-guide.com\/site\/wp-json\/wp\/v2\/types\/page"}],"author":[{"embeddable":true,"href":"https:\/\/nicaragua-travel-guide.com\/site\/wp-json\/wp\/v2\/users\/2"}],"replies":[{"embeddable":true,"href":"https:\/\/nicaragua-travel-guide.com\/site\/wp-json\/wp\/v2\/comments?post=6190"}],"version-history":[{"count":4,"href":"https:\/\/nicaragua-travel-guide.com\/site\/wp-json\/wp\/v2\/pages\/6190\/revisions"}],"predecessor-version":[{"id":7336,"href":"https:\/\/nicaragua-travel-guide.com\/site\/wp-json\/wp\/v2\/pages\/6190\/revisions\/7336"}],"wp:attachment":[{"href":"https:\/\/nicaragua-travel-guide.com\/site\/wp-json\/wp\/v2\/media?parent=6190"}],"curies":[{"name":"wp","href":"https:\/\/api.w.org\/{rel}","templated":true}]}}