{"id":6268,"date":"2016-07-08T21:33:20","date_gmt":"2016-07-08T21:33:20","guid":{"rendered":"http:\/\/nicaragua-travel-guide.com\/site\/?page_id=6268"},"modified":"2016-08-15T06:55:30","modified_gmt":"2016-08-15T06:55:30","slug":"masaya-visita-guiada-ruta-pueblo-de-catarina-mirador-alimentos-y-bebidas-artesanias-y-cabalgatas","status":"publish","type":"page","link":"https:\/\/nicaragua-travel-guide.com\/site\/masaya-visita-guiada-ruta-pueblo-de-catarina-mirador-alimentos-y-bebidas-artesanias-y-cabalgatas\/","title":{"rendered":"Masaya visita guiada ruta \u00abPueblo de Catarina\u00bb Mirador, alimentos y bebidas, artesanias y cabalgatas"},"content":{"rendered":"<table style=\"width: 939px;\" border=\"0\">\n<tbody>\n<tr>\n<td style=\"width: 931px;\" bgcolor=\"#0099FF\"><img loading=\"lazy\" decoding=\"async\" class=\"alignnone size-full wp-image-5342\" src=\"http:\/\/nicaragua-travel-guide.com\/site\/wp-content\/uploads\/2016\/06\/headerlagunadeapoyo.jpg\" alt=\"headerlagunadeapoyo\" width=\"1025\" height=\"345\" srcset=\"https:\/\/nicaragua-travel-guide.com\/site\/wp-content\/uploads\/2016\/06\/headerlagunadeapoyo.jpg 1025w, https:\/\/nicaragua-travel-guide.com\/site\/wp-content\/uploads\/2016\/06\/headerlagunadeapoyo-600x202.jpg 600w\" sizes=\"(max-width: 1025px) 100vw, 1025px\" \/><\/td>\n<\/tr>\n<tr>\n<td style=\"background-color: #279cf5; width: 931px;\" bgcolor=\"#0099FF\"><strong>CATARINA \u00a0\u00a8Una ciudad jard\u00edn, un lindo mirador\u00a8<\/strong><\/td>\n<\/tr>\n<tr>\n<td style=\"width: 931px;\" valign=\"top\" bgcolor=\"#FFFFFF\" height=\"326\">\n<table style=\"width: 939px;\" border=\"0\">\n<tbody>\n<tr>\n<td style=\"width: 452px;\" height=\"320\">Uno de los principales destinos es Catarina, donde m\u00faltiples viveros ofrecen preciosas y variadas plantas ornamentales; a\u00fan personas que viven en otros departamentos van a Catarina a comprar plantas. Se pueden apreciar todas estas plantas en tienditas ubicadas a orillas de la carretera y cerca de la iglesia. Esto no s\u00f3lo les da la oportunidad a los visitantes de comprar las plantas, sino que tambi\u00e9n da a Catarina una imagen colorida y floreciente.<\/p>\n<p>Catarina no s\u00f3lo es visitada por sus plantas, su mayor atractivo es el mirador (Mirador de Catarina), que ofrece una linda vista de la laguna de Apoyo.<\/p>\n<p>&nbsp;<\/p>\n<p>Tambi\u00e9n puede apreciar a la ciudad de Granada, al Lago de Nicaragua y al impresionante Volc\u00e1n Mombacho. Este mirador no s\u00f3lo es popular entre los turistas extranjeros, si no tambi\u00e9n entre los nicarag\u00fcenses que vienen a pasara su fin de semana aqu\u00ed para charlar, relajarse y para disfrutar de la preciosa vista. Para leer m\u00e1s acerca de Catarina, vaya a nuestra Gu\u00eda de Actividades.<\/td>\n<td style=\"width: 477px;\"><img loading=\"lazy\" decoding=\"async\" class=\" wp-image-11093 aligncenter\" src=\"http:\/\/nicaragua-travel-guide.com\/site\/wp-content\/uploads\/2016\/07\/masayacatarinarestaurante.jpg\" alt=\"masayacatarinarestaurante\" width=\"479\" height=\"319\" srcset=\"https:\/\/nicaragua-travel-guide.com\/site\/wp-content\/uploads\/2016\/07\/masayacatarinarestaurante.jpg 230w, https:\/\/nicaragua-travel-guide.com\/site\/wp-content\/uploads\/2016\/07\/masayacatarinarestaurante-180x120.jpg 180w\" sizes=\"(max-width: 479px) 100vw, 479px\" \/><\/td>\n<\/tr>\n<\/tbody>\n<\/table>\n<\/td>\n<\/tr>\n<tr>\n<td style=\"background-color: #50a2fa; height: 23px; width: 931px;\" bgcolor=\"#0099FF\" height=\"23\">Por mayor #11e3f2 y reservacion <strong>Contactarnos<\/strong><\/td>\n<\/tr>\n<\/tbody>\n<\/table>\n","protected":false},"excerpt":{"rendered":"<p>CATARINA \u00a0\u00a8Una ciudad jard\u00edn, un lindo mirador\u00a8 Uno de los principales destinos es Catarina, donde m\u00faltiples viveros ofrecen preciosas y variadas plantas ornamentales; a\u00fan personas que viven en otros departamentos van a Catarina a comprar plantas. Se pueden apreciar todas estas plantas en tienditas ubicadas a orillas de la carretera y cerca de la iglesia. [&hellip;]<\/p>\n","protected":false},"author":2,"featured_media":0,"parent":0,"menu_order":0,"comment_status":"closed","ping_status":"closed","template":"","meta":{"footnotes":""},"_links":{"self":[{"href":"https:\/\/nicaragua-travel-guide.com\/site\/wp-json\/wp\/v2\/pages\/6268"}],"collection":[{"href":"https:\/\/nicaragua-travel-guide.com\/site\/wp-json\/wp\/v2\/pages"}],"about":[{"href":"https:\/\/nicaragua-travel-guide.com\/site\/wp-json\/wp\/v2\/types\/page"}],"author":[{"embeddable":true,"href":"https:\/\/nicaragua-travel-guide.com\/site\/wp-json\/wp\/v2\/users\/2"}],"replies":[{"embeddable":true,"href":"https:\/\/nicaragua-travel-guide.com\/site\/wp-json\/wp\/v2\/comments?post=6268"}],"version-history":[{"count":5,"href":"https:\/\/nicaragua-travel-guide.com\/site\/wp-json\/wp\/v2\/pages\/6268\/revisions"}],"predecessor-version":[{"id":11097,"href":"https:\/\/nicaragua-travel-guide.com\/site\/wp-json\/wp\/v2\/pages\/6268\/revisions\/11097"}],"wp:attachment":[{"href":"https:\/\/nicaragua-travel-guide.com\/site\/wp-json\/wp\/v2\/media?parent=6268"}],"curies":[{"name":"wp","href":"https:\/\/api.w.org\/{rel}","templated":true}]}}