{"id":6290,"date":"2016-07-09T16:19:06","date_gmt":"2016-07-09T16:19:06","guid":{"rendered":"http:\/\/nicaragua-travel-guide.com\/site\/?page_id=6290"},"modified":"2016-07-09T16:32:31","modified_gmt":"2016-07-09T16:32:31","slug":"managua-tour-de-compras-en-el-mercado","status":"publish","type":"page","link":"https:\/\/nicaragua-travel-guide.com\/site\/managua-tour-de-compras-en-el-mercado\/","title":{"rendered":"Managua tour \u00abDe compras en el Mercado\u00bb"},"content":{"rendered":"<table style=\"width: 697.184px;\" border=\"0\">\n<tbody>\n<tr>\n<td style=\"width: 690.184px;\">De compras en el Mercado:<\/p>\n<p>Descripci\u00f3n:<\/p>\n<p>El mercado Roberto Huembes es un mercado grande y agradable en Managua.<\/p>\n<p>&nbsp;<\/p>\n<p>Aqu\u00ed se vende una gran variedad de productos desde \u00a0productos nacionales artesanales, perecederos y electrodom\u00e9sticos importados, esta es \u00a0una opci\u00f3n de comprar en otro lugar a parte de los grandes centros comerciales con aire acondicionado.<\/p>\n<p>El Mercado Roerto Huembes es un buen lugar para comprar frutas y vegetales a bajo precio. En general, todos los precios son m\u00e1s baratos que en los centros comerciales. A como puede esperarse, no hay tantos productos lujosos. Sin embargo, la ropa, los DVDs, CDs (la mayor\u00eda son una copia), artesan\u00edas y hamacas son productos que no son dif\u00edciles de encontrar.<\/td>\n<\/tr>\n<tr>\n<td style=\"width: 690.184px;\"><iframe loading=\"lazy\" src=\"http:\/\/www.youtube.com\/embed\/7CLYT-YBFbY\" width=\"560\" height=\"315\" frameborder=\"0\" allowfullscreen=\"allowfullscreen\"><\/iframe><\/td>\n<\/tr>\n<tr>\n<td style=\"width: 690.184px;\">Adem\u00e1s, el mercado Huembes ofrece una oportunidad casi segura para experimentar la multitud en un mercado nicarag\u00fcense, en donde puede regatear precios y donde ser\u00e1 molestado por varios vendedores que le ofrecer\u00e1n algo que usted &#8216;DEBE&#8217; tener.<\/p>\n<p>A pesar de que el Huembes es seguro en comparaci\u00f3n con otros mercados en Nicaragua, tambi\u00e9n se recomienda mantener el ojo puesto en sus pertenencias. Deje los objetos innecesarios en su hotel.<\/p>\n<p>Para llegar al mercado Huembes podemos ir en taxi o en veh\u00edculo privado,vaya hacia el Este desde la rotonda de La Colonia Centro Am\u00e9rica y despu\u00e9s de alrededor de 10 minutos tendr\u00e1 al mercado a su izquierda.<\/p>\n<p>S\u00f3lo pregunte para saber c\u00f3mo entrar directamente al \u00e1rea de parqueo.<\/p>\n<p>Por mayor informaci\u00f3n y reservacion Contactarnos<\/td>\n<\/tr>\n<\/tbody>\n<\/table>\n","protected":false},"excerpt":{"rendered":"<p>De compras en el Mercado: Descripci\u00f3n: El mercado Roberto Huembes es un mercado grande y agradable en Managua. &nbsp; Aqu\u00ed se vende una gran variedad de productos desde \u00a0productos nacionales artesanales, perecederos y electrodom\u00e9sticos importados, esta es \u00a0una opci\u00f3n de comprar en otro lugar a parte de los grandes centros comerciales con aire acondicionado. El [&hellip;]<\/p>\n","protected":false},"author":2,"featured_media":0,"parent":0,"menu_order":0,"comment_status":"closed","ping_status":"closed","template":"","meta":{"footnotes":""},"_links":{"self":[{"href":"https:\/\/nicaragua-travel-guide.com\/site\/wp-json\/wp\/v2\/pages\/6290"}],"collection":[{"href":"https:\/\/nicaragua-travel-guide.com\/site\/wp-json\/wp\/v2\/pages"}],"about":[{"href":"https:\/\/nicaragua-travel-guide.com\/site\/wp-json\/wp\/v2\/types\/page"}],"author":[{"embeddable":true,"href":"https:\/\/nicaragua-travel-guide.com\/site\/wp-json\/wp\/v2\/users\/2"}],"replies":[{"embeddable":true,"href":"https:\/\/nicaragua-travel-guide.com\/site\/wp-json\/wp\/v2\/comments?post=6290"}],"version-history":[{"count":3,"href":"https:\/\/nicaragua-travel-guide.com\/site\/wp-json\/wp\/v2\/pages\/6290\/revisions"}],"predecessor-version":[{"id":6293,"href":"https:\/\/nicaragua-travel-guide.com\/site\/wp-json\/wp\/v2\/pages\/6290\/revisions\/6293"}],"wp:attachment":[{"href":"https:\/\/nicaragua-travel-guide.com\/site\/wp-json\/wp\/v2\/media?parent=6290"}],"curies":[{"name":"wp","href":"https:\/\/api.w.org\/{rel}","templated":true}]}}