{"id":6332,"date":"2016-07-09T18:06:32","date_gmt":"2016-07-09T18:06:32","guid":{"rendered":"http:\/\/nicaragua-travel-guide.com\/site\/?page_id=6332"},"modified":"2016-07-09T18:17:06","modified_gmt":"2016-07-09T18:17:06","slug":"managua-visita-guiada-laguna-de-xiloa-recreacionrestaurantenatacion-y-buceo","status":"publish","type":"page","link":"https:\/\/nicaragua-travel-guide.com\/site\/managua-visita-guiada-laguna-de-xiloa-recreacionrestaurantenatacion-y-buceo\/","title":{"rendered":"Managua visita guiada \u00abLaguna de Xiloa\u00bb recreaci\u00f3n,restaurante,nataci\u00f3n y buceo"},"content":{"rendered":"<table border=\"0\" width=\"1016\">\n<tbody>\n<tr>\n<td bgcolor=\"#FFFFFF\" width=\"1010\" height=\"1115\">\n<table border=\"0\" width=\"1013\">\n<tbody>\n<tr>\n<td width=\"960\" height=\"174\"><img loading=\"lazy\" decoding=\"async\" src=\"http:\/\/www.nicaragua-travel-guide.com\/imangenestres\/lagunadexiloa.jpg\" width=\"1008\" height=\"225\" \/><\/td>\n<\/tr>\n<tr>\n<td>Xilo\u00e1 algunas veces escrito Jilo\u00e1, est\u00e1 Laguna est\u00e1 localizada a unos 20 kil\u00f3metros al Norte de la ciudad de Managua y se puede llegar a ella por la nueva carretera a Le\u00f3n. Este cuerpo de agua es popular como un sitio de recreaci\u00f3n para las personas que viven en el \u00e1rea. Adem\u00e1s, en el lugar hay cierta infraestructura tur\u00edstica; varias actividades se pueden hacer en sus alrededores.<\/p>\n<p><img loading=\"lazy\" decoding=\"async\" src=\"http:\/\/www.nicaragua-travel-guide.com\/imangenestres\/lagunadexiloaplaya.jpg\" alt=\"\" width=\"380\" height=\"181\" \/><img loading=\"lazy\" decoding=\"async\" src=\"http:\/\/www.nicaragua-travel-guide.com\/imangenestres\/managua%20laguna%20de%20xiloa.jpg\" width=\"312\" height=\"182\" \/><img loading=\"lazy\" decoding=\"async\" src=\"http:\/\/www.nicaragua-travel-guide.com\/imangenestres\/managua%20laguna%20de%20xiloa%20mesas.jpg\" width=\"313\" height=\"181\" \/><\/p>\n<p>Actividades:<\/p>\n<ul>\n<li><a href=\"http:\/\/nicaragua-travel-guide.com\/site\/managua-visita-guiada-laguna-de-xiloa-natacion\/\">Nataci\u00f3n en la Laguna de Xilo\u00e1<\/a><\/li>\n<\/ul>\n<p>Es un bonito lugar para nadar ya que sus aguas son de f\u00e1cil acceso y su amplia costa tambi\u00e9n ofrece una buena oportunidad para tomar ba\u00f1os de sol y en ocasiones, grupos de nadadores organizan concursos aqu\u00ed, y el viento tambi\u00e9n da oportunidad para practicar otros deportes como el wind surfing y el kitesurfing.<\/p>\n<ul>\n<li><a href=\"http:\/\/nicaragua-travel-guide.com\/site\/managua-visita-guiada-laguna-de-xiloa-buceo\/\">Bucear en la Laguna de Xilo\u00e1<\/a><\/li>\n<\/ul>\n<p>Muchos tipos de peces se pueden ver en esta laguna y hasta se puede ver el calor de vientos geot\u00e9rmicos mientras se bucea.<\/p>\n<p><img loading=\"lazy\" decoding=\"async\" src=\"http:\/\/www.nicaragua-travel-guide.com\/imangenestres\/managualagunadexiloabuceo.jpg\" alt=\"\" width=\"219\" height=\"172\" \/><\/p>\n<p>Xilo\u00e1 est\u00e1 localizada en la pen\u00ednsula de Chiltepe, rodeada por varias monta\u00f1as. Esto representa una buena oportunidad para ir de excursi\u00f3n en caminatas, pero se debe tener en mente que no hay senderos y que requiere cierto esfuerzo para llegar a los lugares m\u00e1s elevados. La naturaleza es abundante y la vista es impresionante. Desde la cima de ciertas monta\u00f1as, no s\u00f3lo se puede ver las aguas y costas de Xilo\u00e1, sino que tambi\u00e9n se alcanza a ver el lago de Managua y la misma ciudad capital. Tambi\u00e9n es posible ir al otro lado de la laguna y escalar las colinas que rodean a otra laguna cercana, la laguna de Apoyeque, pero para esto se necesita un gu\u00eda y buena condici\u00f3n f\u00edsica.<\/p>\n<p>Para escalar las otras colinas de menor altura, desde las cuales se puede ver el lago de Managua y la ciudad, tambi\u00e9n es \u00fatil contratar un gu\u00eda, lo que se puede hacer preguntando en uno de los restaurantes del sitio.<\/p>\n<p>Los restaurantes est\u00e1n ubicados en la costa Sur de Xilo\u00e1, donde est\u00e1 un peque\u00f1o centro tur\u00edstico que ofrece un espacio de juego y \u00e1rea techada para los visitantes. Cabe mencionar que la entrada tiene un costo accesible y el lugar abre diariamente de las 8:00 am hasta las 7 pm, pero las personas que ya est\u00e1n adentro se pueden quedar hasta las 9:00 pm. Tambi\u00e9n hay otros restaurantes sobre la carretera, fuera del centro tur\u00edstico.<\/p>\n<p>Otra opci\u00f3n durante la visita es acampar en las costas de la laguna, y el mejor lugar para hacerlo es el centro tur\u00edstico. El permiso para hacer esto es f\u00e1cil de conseguir en la oficina del Instituto Nicarag\u00fcense de Turismo ubicada en el lugar.<\/p>\n<h2>Como Llegar<\/h2>\n<p>Se puede llegar a Xilo\u00e1 desde Managua en media hora. En autom\u00f3vil se toma la carretera nueva a Le\u00f3n y poco despu\u00e9s de pasar Ciudad Sandino, hay un letrero que indica el camino a Xilo\u00e1 hacia la derecha. Despu\u00e9s de 10 minutos de camino, el centro tur\u00edstico estar\u00eda a mano izquierda junto a la carretera. Los otros restaurantes est\u00e1n junto al camino. Tambi\u00e9n se puede llegar tomando un bus o un taxi desde Ciudad Sandino (los buses de Managua a Ciudad Sandino salen con frecuencia). Regresar a Ciudad Sandino desde Xilo\u00e1 usando el transporte p\u00fablico es mucho m\u00e1s dif\u00edcil, as\u00ed que aseg\u00farese de preguntar con anterioridad el horario de buses a la laguna.<\/td>\n<\/tr>\n<tr>\n<td bgcolor=\"#006600\">Por mayor informaci\u00f3n y reservacion Contactarnos<\/td>\n<\/tr>\n<\/tbody>\n<\/table>\n<\/td>\n<\/tr>\n<\/tbody>\n<\/table>\n","protected":false},"excerpt":{"rendered":"<p>Xilo\u00e1 algunas veces escrito Jilo\u00e1, est\u00e1 Laguna est\u00e1 localizada a unos 20 kil\u00f3metros al Norte de la ciudad de Managua y se puede llegar a ella por la nueva carretera a Le\u00f3n. Este cuerpo de agua es popular como un sitio de recreaci\u00f3n para las personas que viven en el \u00e1rea. Adem\u00e1s, en el lugar [&hellip;]<\/p>\n","protected":false},"author":2,"featured_media":0,"parent":0,"menu_order":0,"comment_status":"closed","ping_status":"closed","template":"","meta":{"footnotes":""},"_links":{"self":[{"href":"https:\/\/nicaragua-travel-guide.com\/site\/wp-json\/wp\/v2\/pages\/6332"}],"collection":[{"href":"https:\/\/nicaragua-travel-guide.com\/site\/wp-json\/wp\/v2\/pages"}],"about":[{"href":"https:\/\/nicaragua-travel-guide.com\/site\/wp-json\/wp\/v2\/types\/page"}],"author":[{"embeddable":true,"href":"https:\/\/nicaragua-travel-guide.com\/site\/wp-json\/wp\/v2\/users\/2"}],"replies":[{"embeddable":true,"href":"https:\/\/nicaragua-travel-guide.com\/site\/wp-json\/wp\/v2\/comments?post=6332"}],"version-history":[{"count":4,"href":"https:\/\/nicaragua-travel-guide.com\/site\/wp-json\/wp\/v2\/pages\/6332\/revisions"}],"predecessor-version":[{"id":6340,"href":"https:\/\/nicaragua-travel-guide.com\/site\/wp-json\/wp\/v2\/pages\/6332\/revisions\/6340"}],"wp:attachment":[{"href":"https:\/\/nicaragua-travel-guide.com\/site\/wp-json\/wp\/v2\/media?parent=6332"}],"curies":[{"name":"wp","href":"https:\/\/api.w.org\/{rel}","templated":true}]}}