{"id":6341,"date":"2016-07-09T18:21:07","date_gmt":"2016-07-09T18:21:07","guid":{"rendered":"http:\/\/nicaragua-travel-guide.com\/site\/?page_id=6341"},"modified":"2016-08-21T19:09:45","modified_gmt":"2016-08-21T19:09:45","slug":"managua-tiscapa-canopy-tour-aventura-y-adrenalina","status":"publish","type":"page","link":"https:\/\/nicaragua-travel-guide.com\/site\/managua-tiscapa-canopy-tour-aventura-y-adrenalina\/","title":{"rendered":"Managua Tiscapa \u00abCanopy Tour\u00bb Aventura y adrenalina"},"content":{"rendered":"<table style=\"height: 14px; width: 988.3333740234375px;\">\n<tbody>\n<tr style=\"height: 8px;\">\n<td style=\"width: 1316.3333740234375px; height: 8px; background-color: #ccedd1;\" colspan=\"2\"><img loading=\"lazy\" decoding=\"async\" class=\"alignnone size-full wp-image-5093\" src=\"http:\/\/nicaragua-travel-guide.com\/site\/wp-content\/uploads\/2016\/06\/headercanopymanagua.jpg\" alt=\"headercanopymanagua\" width=\"1025\" height=\"345\" srcset=\"https:\/\/nicaragua-travel-guide.com\/site\/wp-content\/uploads\/2016\/06\/headercanopymanagua.jpg 1025w, https:\/\/nicaragua-travel-guide.com\/site\/wp-content\/uploads\/2016\/06\/headercanopymanagua-600x202.jpg 600w\" sizes=\"(max-width: 1025px) 100vw, 1025px\" \/><\/td>\n<\/tr>\n<tr style=\"height: 8px;\">\n<td style=\"width: 1316.3333740234375px; height: 8px; background-color: #fafafa;\" colspan=\"2\">Managua Tour de Aventura del \u00a0<strong>Canopy Tour<\/strong><\/td>\n<\/tr>\n<tr style=\"height: 529px;\">\n<td style=\"width: 1017px; height: 529px; background-color: #f0fae1; border-color: #f0fae1;\">\n<h4>Descripci\u00f3n:<\/h4>\n<p>Este Canopy Tour est\u00e1 sobre la laguna de Tiscapa es una actividad emocionante en local \u00fanico, situado en el coraz\u00f3n de Managua, en el Parque Hist\u00f3rico Nacional de Tiscapa, encima de la colina que asoma a la laguna. Desde ah\u00ed puede comenzar su tour de canopy.<\/p>\n<p>El deporte de canopy consiste en colgarse de un cable de acero de una plataforma a la otra en lo alto de los \u00e1rboles de un bosque. El Canopy Tour de Tiscapa es \u00fanico en todo Centroam\u00e9rica por el hecho de estar encima de una laguna. Sujetado a los cables tendr\u00e1 la posibilidad de deslizarse a una altura de 70 metros de la laguna desde lo alto de la colina hasta la costa de la laguna.<\/p>\n<p>Hay tres cables largos con casi 1.2 Km de largo. Como resultado de estar construido encima de la laguna tendr\u00e1 lindas vistas de ambas la laguna y el centro de Managua. Los cables largos le permitir\u00e1n alcanzar una velocidad de hasta 50 Km\/hr, lo que realmente le alterar\u00e1 la adrenalina cuando vuele por encima de la laguna. Tambi\u00e9n es posible deslizarse desde la plataforma en distintas poses (por ejemplo de cabeza o en la pose de superman). Despu\u00e9s, tambi\u00e9n tiene la opci\u00f3n de caminar alrededor de la laguna y observar la naturaleza. La distancia es de alrededor de 3Km. Sencillamente montarse al cami\u00f3n e ir de regreso a lo alto de la loma.<\/p>\n<p>El canopy es bueno tanto para ni\u00f1os como para adultos. Siempre hay gu\u00edas que acompa\u00f1an a su grupo y tambi\u00e9n es posible lanzarse con el gu\u00eda para aquellos que tienen miedo de hacerlo solos.<\/p>\n<p>Precio:<\/p>\n<p>&nbsp;<\/p>\n<p>US$15 para nicarag\u00fcenses<\/p>\n<p>&nbsp;<\/p>\n<p>US$20.00 para extranjer<\/td>\n<td style=\"width: 299.3333740234375px; height: 529px; background-color: #f0fae1; border-color: #f0fae1;\">\n<table style=\"height: 459px;\" width=\"415\">\n<tbody>\n<tr>\n<td style=\"width: 404.6666564941406px;\"><img loading=\"lazy\" decoding=\"async\" class=\"wp-image-11836 aligncenter\" src=\"http:\/\/nicaragua-travel-guide.com\/site\/wp-content\/uploads\/2016\/07\/managuacanopytiscapa.jpg\" alt=\"managuacanopytiscapa\" width=\"413\" height=\"156\" \/><\/td>\n<\/tr>\n<tr>\n<td style=\"width: 404.6666564941406px;\"><img loading=\"lazy\" decoding=\"async\" class=\"alignnone wp-image-11837\" src=\"http:\/\/nicaragua-travel-guide.com\/site\/wp-content\/uploads\/2016\/07\/managua-canopy.jpg\" alt=\"managua canopy\" width=\"403\" height=\"268\" srcset=\"https:\/\/nicaragua-travel-guide.com\/site\/wp-content\/uploads\/2016\/07\/managua-canopy.jpg 275w, https:\/\/nicaragua-travel-guide.com\/site\/wp-content\/uploads\/2016\/07\/managua-canopy-180x120.jpg 180w\" sizes=\"(max-width: 403px) 100vw, 403px\" \/><\/td>\n<\/tr>\n<tr>\n<td style=\"width: 404.6666564941406px;\"><img loading=\"lazy\" decoding=\"async\" class=\"alignnone wp-image-11838\" src=\"http:\/\/nicaragua-travel-guide.com\/site\/wp-content\/uploads\/2016\/07\/managuacanopy.jpg\" alt=\"managuacanopy\" width=\"403\" height=\"268\" srcset=\"https:\/\/nicaragua-travel-guide.com\/site\/wp-content\/uploads\/2016\/07\/managuacanopy.jpg 275w, https:\/\/nicaragua-travel-guide.com\/site\/wp-content\/uploads\/2016\/07\/managuacanopy-180x120.jpg 180w\" sizes=\"(max-width: 403px) 100vw, 403px\" \/><\/td>\n<\/tr>\n<\/tbody>\n<\/table>\n<\/td>\n<\/tr>\n<tr style=\"height: 16px;\">\n<td style=\"width: 1316.3333740234375px; height: 16px; background-color: #ccedd1;\" colspan=\"2\">Por mayor\u00a0informaci\u00f3n\u00a0y reservacion \u00a0\u00a0<strong>Contactarnos<\/strong><\/td>\n<\/tr>\n<\/tbody>\n<\/table>\n<p>&nbsp;<\/p>\n<p>&nbsp;<\/p>\n<p>&nbsp;<\/p>\n","protected":false},"excerpt":{"rendered":"<p>Managua Tour de Aventura del \u00a0Canopy Tour Descripci\u00f3n: Este Canopy Tour est\u00e1 sobre la laguna de Tiscapa es una actividad emocionante en local \u00fanico, situado en el coraz\u00f3n de Managua, en el Parque Hist\u00f3rico Nacional de Tiscapa, encima de la colina que asoma a la laguna. Desde ah\u00ed puede comenzar su tour de canopy. El [&hellip;]<\/p>\n","protected":false},"author":2,"featured_media":0,"parent":0,"menu_order":0,"comment_status":"closed","ping_status":"closed","template":"","meta":{"footnotes":""},"_links":{"self":[{"href":"https:\/\/nicaragua-travel-guide.com\/site\/wp-json\/wp\/v2\/pages\/6341"}],"collection":[{"href":"https:\/\/nicaragua-travel-guide.com\/site\/wp-json\/wp\/v2\/pages"}],"about":[{"href":"https:\/\/nicaragua-travel-guide.com\/site\/wp-json\/wp\/v2\/types\/page"}],"author":[{"embeddable":true,"href":"https:\/\/nicaragua-travel-guide.com\/site\/wp-json\/wp\/v2\/users\/2"}],"replies":[{"embeddable":true,"href":"https:\/\/nicaragua-travel-guide.com\/site\/wp-json\/wp\/v2\/comments?post=6341"}],"version-history":[{"count":8,"href":"https:\/\/nicaragua-travel-guide.com\/site\/wp-json\/wp\/v2\/pages\/6341\/revisions"}],"predecessor-version":[{"id":11843,"href":"https:\/\/nicaragua-travel-guide.com\/site\/wp-json\/wp\/v2\/pages\/6341\/revisions\/11843"}],"wp:attachment":[{"href":"https:\/\/nicaragua-travel-guide.com\/site\/wp-json\/wp\/v2\/media?parent=6341"}],"curies":[{"name":"wp","href":"https:\/\/api.w.org\/{rel}","templated":true}]}}