{"id":6405,"date":"2016-07-10T22:49:35","date_gmt":"2016-07-10T22:49:35","guid":{"rendered":"http:\/\/nicaragua-travel-guide.com\/site\/?page_id=6405"},"modified":"2016-07-11T00:46:48","modified_gmt":"2016-07-11T00:46:48","slug":"reserva-natural-volcan-mombacho-senderos-guiados","status":"publish","type":"page","link":"https:\/\/nicaragua-travel-guide.com\/site\/reserva-natural-volcan-mombacho-senderos-guiados\/","title":{"rendered":"\u00abReserva  Natural Volc\u00e1n Mombacho\u00bb visita senderos guiados"},"content":{"rendered":"<table border=\"0\" width=\"1028\">\n<tbody>\n<tr>\n<td valign=\"top\" bgcolor=\"#009900\" width=\"1022\">\n<table border=\"0\" width=\"1020\">\n<tbody>\n<tr>\n<td bgcolor=\"#009900\"><img loading=\"lazy\" decoding=\"async\" class=\"alignnone size-full wp-image-5032\" src=\"http:\/\/nicaragua-travel-guide.com\/site\/wp-content\/uploads\/2016\/06\/headereservanaturlavolcanmombacho.jpg\" alt=\"headereservanaturlavolcanmombacho\" width=\"1025\" height=\"345\" srcset=\"https:\/\/nicaragua-travel-guide.com\/site\/wp-content\/uploads\/2016\/06\/headereservanaturlavolcanmombacho.jpg 1025w, https:\/\/nicaragua-travel-guide.com\/site\/wp-content\/uploads\/2016\/06\/headereservanaturlavolcanmombacho-600x202.jpg 600w\" sizes=\"(max-width: 1025px) 100vw, 1025px\" \/><\/td>\n<\/tr>\n<tr>\n<td bgcolor=\"#009900\">Escalando el Volcan Mombacho Ver<a href=\"http:\/\/nicaragua-travel-guide.com\/site\/tours\/volcan-mombacho-reserva-natural-combinaciones\/\"><strong> Opciones del volc\u00e1n Mombacho<\/strong><\/a><\/td>\n<\/tr>\n<\/tbody>\n<\/table>\n<\/td>\n<\/tr>\n<tr>\n<td bgcolor=\"#FFFF00\">Descripci\u00f3n: Principales atractivos del \u00e1rea protegida:<\/td>\n<\/tr>\n<tr bgcolor=\"#009933\">\n<td bgcolor=\"#009900\">\n<ul>\n<li>Todo el \u00e1rea circundante a los dos primeros cr\u00e1teres del <strong>Plan de las Flores<\/strong><strong>, <\/strong>por estar disponibles a trav\u00e9s de senderos y miradores interpretativos y por el recurso que impera en sus paredes y fondo representantes de vegetaci\u00f3n particularmente virgen del bosque nuboso.<\/li>\n<li><strong>El Plan de Las Flores y \u00e1reas circundantes<\/strong>, por representar el mejor h\u00e1bitat reconocido para la Salamandra del Mombacho (Bolitoglossa mombachoensis) y los sitios aleda\u00f1os de reproducci\u00f3n de la Ranita Ojirroja (Agalychnis callidryas).<\/li>\n<li><strong>El \u00e1rea Sureste de la Estaci\u00f3n Biol\u00f3gica<\/strong> hasta los l\u00edmites con las haciendas San Joaqu\u00edn, La Luz y El Refugio, por encontrarse la mayor zona de presencia de la orqu\u00eddea Maxillaria mombachoensis, una especie end\u00e9mica del Mombacho, y por ser parte de la ruta casi comprobada de movilizaci\u00f3n de tropas de Monos aulladores (Allouatta palliata) y Monos Cariblancos (Cebus capucinus) hacia las partes altas del bosque.<\/li>\n<\/ul>\n<ul>\n<li>El recorrido de los <strong>senderos El Cr\u00e1ter y El Puma<\/strong>, por representar buenos accesos para visitantes y para labores de protecci\u00f3n y monitoreo con otros sitios y senderos de patrullaje.<\/li>\n<li><strong>Los campos de fumarolas<\/strong>, conocido popularmente como Los Quemados, por el espect\u00e1culo que ofrecen al visitante, la alta concentraci\u00f3n de orqu\u00eddeas y las vistas espectaculares que se observan desde este punto.<\/li>\n<li><strong>Las laderas del pico m\u00e1s alto del Mombacho<\/strong>, y las de la Fila del Leoncillo, por albegar poblaciones de especies amenazadas, como el Puma (Puma concolor), Sahinos (Tayassu tajacu), y Pava Crestada (Penelope purpurascens).<\/li>\n<li><strong>La zona boscosa de la ladera suroeste<\/strong>, por representar los \u00faltimos sitios de anidaci\u00f3n del Tuc\u00e1n Arcoiris (Ramphastus sulfuratus) y la Lora Frentirroja (Amazona autumnalis) en esta parte del pa\u00eds.<\/li>\n<li>Las zonas de los <strong>Canopy tour<\/strong>, con entornos e infraestructuras recientes.<\/li>\n<li><strong>El Centro de Visitantes<\/strong>: Entre las nubes, en la parte m\u00e1s alta del volc\u00e1n, se encuentra el Centro de Visitantes y Casa Guardaparques donde se ofrece informaci\u00f3n y orientaci\u00f3n al visitante para un recorrido por sus senderos. Adem\u00e1s servicio de alojamiento.<\/li>\n<\/ul>\n<\/td>\n<\/tr>\n<tr>\n<td bgcolor=\"#FFFF00\">El volc\u00e1n Mombacho es uno de los m\u00e1s prominentes de Nicaragua.<\/td>\n<\/tr>\n<tr>\n<td bgcolor=\"#009900\">Podr\u00e1 ver las plantaciones de caf\u00e9 y m\u00e1s adelante ver\u00e1 el bosque nublado; desde aqu\u00ed la vista es espectacular.<\/p>\n<p>Cuando llegamos al final de camino (a 1,224 mts) la temperatura habr\u00e1 ca\u00eddo significativamente y la humedad ser\u00e1 alta. Siempre est\u00e1 ventoso all\u00ed, as\u00ed que aseg\u00farese de llevar un su\u00e9ter. En la estaci\u00f3n biol\u00f3gica se brinda informaci\u00f3n acerca del volc\u00e1n, su flora y fauna. tambi\u00e9n hay a la venta, mapas, postales, recuerdos y dem\u00e1s material interesante. Tambi\u00e9n hay una cafeter\u00eda donde hay opci\u00f3n para comer y beber.<\/p>\n<p>El Mombacho tiene cuatro cr\u00e1teres. Todos est\u00e1n cubiertos por el bosque h\u00famedo, el cual se encuentra s\u00f3lo en dos lugares en el Pacifico podemos organizar el recorrido a elecci\u00f3n para caminar alrededor del cr\u00e1ter es uno o principal el que es mas popular y visitado, o combinar con otros senderos. Adem\u00e1s de los diferentes tipos de \u00e1rboles y plantas que afloran a causa del bosque h\u00famedo, si tenemos suerte podemos observar monos aulladores y cara blanca, as\u00ed como serpientes, venados, reptiles, p\u00e1jaros e insectos. Hay varias especies end\u00e9micas que forman parte de la fauna del volc\u00e1n: la Salamandra del Mombacho es una de las m\u00e1s representativas, \u00a1s\u00f3lo en \u00e9ste lugar del mundo se puede encontrar esta peque\u00f1a salamandra!<\/p>\n<p>Hay tres Senderos disponibles:<\/td>\n<\/tr>\n<tr>\n<td bgcolor=\"#FFFF00\"><strong><a href=\"http:\/\/nicaragua-travel-guide.com\/site\/volcan-mombacho-visita-guiada-sendero-el-crater-1-5-km-caminata-2-horas\/\">Sendero El Cr\u00e1ter<\/a><\/strong><\/td>\n<\/tr>\n<tr>\n<td bgcolor=\"#009900\">\n<ul>\n<li><strong>Duraci\u00f3n:<\/strong> entre 1 1\/2 hora y 2 horas.<\/li>\n<li><strong>Dificultad:<\/strong> mediana<\/li>\n<li><strong>Particularidad:<\/strong> buena vista y oportunidad para ver el ecosistema del Mombacho<\/li>\n<\/ul>\n<\/td>\n<\/tr>\n<tr>\n<td bgcolor=\"#FFFF00\"><a href=\"http:\/\/nicaragua-travel-guide.com\/site\/volcan-mombacho-reserva-natural-visita-sendero-el-tigrillo-guiado-2km-caminata-2-12-horas\/\"><strong>Sendero El Tigrillo<\/strong><\/a><\/td>\n<\/tr>\n<tr>\n<td bgcolor=\"#009900\">\n<ul>\n<li><strong>Duraci\u00f3n:<\/strong> 2 horas 30 minutos<\/li>\n<li><strong>Dificultad: <\/strong>sencilla<\/li>\n<li><strong>Particularidades:<\/strong> muy buen camino para observar aves.<\/li>\n<\/ul>\n<\/td>\n<\/tr>\n<tr>\n<td bgcolor=\"#FFFF00\"><a href=\"http:\/\/nicaragua-travel-guide.com\/site\/volcan-mombacho-reserva-natural-sendero-guiado-el-puma-4-km-caminata-4-12-horas\/\"><strong>Sendero El Puma<\/strong><\/a><\/td>\n<\/tr>\n<tr>\n<td bgcolor=\"#009900\">\n<ul>\n<li><strong>Duraci\u00f3n:<\/strong> 4 horas y media.<\/li>\n<li><strong>Dificultad:<\/strong> Dif\u00edcil<\/li>\n<li><strong>Particularidad:<\/strong> una escalada retadora, pero que valdr\u00e1 el esfuerzo. Ver\u00e1 diferentes tipos de bosques y una panor\u00e1mica grandiosa. Diferentes plataformas le dar\u00e1n vistas magnificas y le har\u00e1n sentir el fuerte viento del volc\u00e1n.<\/li>\n<\/ul>\n<\/td>\n<\/tr>\n<tr>\n<td bgcolor=\"#FFFF00\">No podemos entrar al sendero El Puma sin gu\u00eda tenemos la obligaci\u00f3n y reglamento de contratar un gu\u00eda adicional del Volc\u00e1n para ese sendero hay un costo adicional. Tambi\u00e9n en caso de tener un grupo muy grande para el recorrido de otro sendero elegido.<\/p>\n<p>El sendero \u00abEl Cr\u00e1ter\u00bb est\u00e1 bien equipado y ofrecemos nuestro gu\u00eda privado que informara acerca de geolog\u00eda general, flora fauna y volcanes, historia natural.<\/p>\n<p>La reserva permanece cerrada los lunes; martes y mi\u00e9rcoles, a menos que haya suficientes reservaciones. La reserva abre si hay 10 personas, podemos organizarnos para una persona y para grupo de diez o mas personas ll\u00e1menos y h\u00e1ganos saber cual recorrido le intereza.<\/td>\n<\/tr>\n<tr>\n<td bgcolor=\"#009900\">De viernes a domingo la reserva est\u00e1 abierta al p\u00fablico de las 8:00 am hasta las 5:00 pm.<\/td>\n<\/tr>\n<tr>\n<td bgcolor=\"#FFFF00\">El ecomovil o cami\u00f3n sale a las 8:30 am, 10:00 am, 1:00 pm, y 3:00 pm. (tenemos que planear nuestra hora de salida para llegar con tiempo)<\/td>\n<\/tr>\n<tr>\n<td bgcolor=\"#009900\">Tambi\u00e9n hay alojamiento disponible arriba en el Volc\u00e1n. Puede leer mas del <a href=\"http:\/\/nicaragua-travel-guide.com\/site\/eco-albergue-dormitorio-volcan-mombacho-reserva-natural\/\"><strong>Eco Albergue el Mombacho<\/strong><\/a> aqu\u00ed.<\/td>\n<\/tr>\n<\/tbody>\n<\/table>\n","protected":false},"excerpt":{"rendered":"<p>Escalando el Volcan Mombacho Ver Opciones del volc\u00e1n Mombacho Descripci\u00f3n: Principales atractivos del \u00e1rea protegida: Todo el \u00e1rea circundante a los dos primeros cr\u00e1teres del Plan de las Flores, por estar disponibles a trav\u00e9s de senderos y miradores interpretativos y por el recurso que impera en sus paredes y fondo representantes de vegetaci\u00f3n particularmente virgen [&hellip;]<\/p>\n","protected":false},"author":2,"featured_media":0,"parent":0,"menu_order":0,"comment_status":"closed","ping_status":"closed","template":"","meta":{"footnotes":""},"_links":{"self":[{"href":"https:\/\/nicaragua-travel-guide.com\/site\/wp-json\/wp\/v2\/pages\/6405"}],"collection":[{"href":"https:\/\/nicaragua-travel-guide.com\/site\/wp-json\/wp\/v2\/pages"}],"about":[{"href":"https:\/\/nicaragua-travel-guide.com\/site\/wp-json\/wp\/v2\/types\/page"}],"author":[{"embeddable":true,"href":"https:\/\/nicaragua-travel-guide.com\/site\/wp-json\/wp\/v2\/users\/2"}],"replies":[{"embeddable":true,"href":"https:\/\/nicaragua-travel-guide.com\/site\/wp-json\/wp\/v2\/comments?post=6405"}],"version-history":[{"count":12,"href":"https:\/\/nicaragua-travel-guide.com\/site\/wp-json\/wp\/v2\/pages\/6405\/revisions"}],"predecessor-version":[{"id":6433,"href":"https:\/\/nicaragua-travel-guide.com\/site\/wp-json\/wp\/v2\/pages\/6405\/revisions\/6433"}],"wp:attachment":[{"href":"https:\/\/nicaragua-travel-guide.com\/site\/wp-json\/wp\/v2\/media?parent=6405"}],"curies":[{"name":"wp","href":"https:\/\/api.w.org\/{rel}","templated":true}]}}