{"id":6429,"date":"2016-07-11T00:37:17","date_gmt":"2016-07-11T00:37:17","guid":{"rendered":"http:\/\/nicaragua-travel-guide.com\/site\/?page_id=6429"},"modified":"2016-11-17T22:35:56","modified_gmt":"2016-11-17T22:35:56","slug":"eco-albergue-dormitorio-volcan-mombacho-reserva-natural","status":"publish","type":"page","link":"https:\/\/nicaragua-travel-guide.com\/site\/eco-albergue-dormitorio-volcan-mombacho-reserva-natural\/","title":{"rendered":"Eco albergue  \u00abDormitorio\u00bb Volc\u00e1n Mombacho Reserva Natural"},"content":{"rendered":"<table style=\"width: 1066px;\" border=\"0\">\n<tbody>\n<tr style=\"height: 5.6666717529296875px;\">\n<td style=\"height: 5.6666717529296875px; width: 1031px;\" colspan=\"2\" bgcolor=\"#FFFFFF\">\n<table style=\"width: 1046px;\">\n<tbody>\n<tr style=\"height: 21px;\">\n<td style=\"width: 156px; height: 21px; border-color: #ffffff; background-color: #ffffff;\">\u00a0\u00a0\u00a0\u00a0\u00a0\u00a0<img loading=\"lazy\" decoding=\"async\" class=\"wp-image-14123 alignleft\" src=\"http:\/\/nicaragua-travel-guide.com\/site\/wp-content\/uploads\/2016\/07\/fundacioncocibolcalogo.jpg.gif\" alt=\"fundacioncocibolcalogo-jpg\" width=\"213\" height=\"199\" \/><\/td>\n<td style=\"width: 245px; height: 21px; border-color: #ffffff; background-color: #ffffff;\"><img loading=\"lazy\" decoding=\"async\" class=\"wp-image-14126 aligncenter\" src=\"http:\/\/nicaragua-travel-guide.com\/site\/wp-content\/uploads\/2016\/07\/volcanmombachorecepcion.jpg\" alt=\"volcanmombachorecepcion\" width=\"319\" height=\"239\" \/><\/td>\n<td style=\"width: 143.3333740234375px; height: 21px; border-color: #ffffff; background-color: #ffffff;\"><img loading=\"lazy\" decoding=\"async\" class=\"wp-image-14122 aligncenter\" src=\"http:\/\/nicaragua-travel-guide.com\/site\/wp-content\/uploads\/2016\/07\/ecoalberguemombacho.jpg\" alt=\"ecoalberguemombacho\" width=\"169\" height=\"225\" \/><\/td>\n<td style=\"width: 271.6666259765625px; height: 21px; border-color: #ffffff; background-color: #ffffff;\"><img loading=\"lazy\" decoding=\"async\" class=\"wp-image-14125 aligncenter\" src=\"http:\/\/nicaragua-travel-guide.com\/site\/wp-content\/uploads\/2016\/07\/volcamombachoestacionbiolog.jpg\" alt=\"volcamombachoestacionbiolog\" width=\"338\" height=\"225\" srcset=\"https:\/\/nicaragua-travel-guide.com\/site\/wp-content\/uploads\/2016\/07\/volcamombachoestacionbiolog.jpg 275w, https:\/\/nicaragua-travel-guide.com\/site\/wp-content\/uploads\/2016\/07\/volcamombachoestacionbiolog-180x120.jpg 180w\" sizes=\"(max-width: 338px) 100vw, 338px\" \/><\/td>\n<\/tr>\n<\/tbody>\n<\/table>\n<\/td>\n<\/tr>\n<tr style=\"height: 26px;\">\n<td style=\"height: 26px; width: 625px;\" bgcolor=\"#006600\">Eco Albergue Reserva Natural Volc\u00e1n Mombacho<\/td>\n<td style=\"height: 403px; width: 406px;\" rowspan=\"5\" valign=\"top\">\n<table style=\"width: 320.3333740234375px;\" border=\"0\">\n<tbody>\n<tr>\n<td style=\"width: 319.3333740234375px;\"><img loading=\"lazy\" decoding=\"async\" class=\"alignnone wp-image-14124\" src=\"http:\/\/nicaragua-travel-guide.com\/site\/wp-content\/uploads\/2016\/07\/ranitaverde-1.jpg\" alt=\"ranitaverde\" width=\"311\" height=\"206\" srcset=\"https:\/\/nicaragua-travel-guide.com\/site\/wp-content\/uploads\/2016\/07\/ranitaverde-1.jpg 276w, https:\/\/nicaragua-travel-guide.com\/site\/wp-content\/uploads\/2016\/07\/ranitaverde-1-180x120.jpg 180w\" sizes=\"(max-width: 311px) 100vw, 311px\" \/><\/td>\n<\/tr>\n<tr>\n<td style=\"width: 319.3333740234375px;\" height=\"224\"><img loading=\"lazy\" decoding=\"async\" class=\"alignnone size-medium wp-image-14121\" src=\"http:\/\/nicaragua-travel-guide.com\/site\/wp-content\/uploads\/2016\/07\/dormitorivmombachodos.jpg\" alt=\"dormitorivmombachodos\" width=\"312\" height=\"227\" \/><\/td>\n<\/tr>\n<\/tbody>\n<\/table>\n<\/td>\n<\/tr>\n<tr style=\"height: 295px;\">\n<td style=\"height: 295px; width: 625px;\" bgcolor=\"#CCFF00\">Descripci\u00f3n:Este eco-albergue se encuentra dentro de la <a href=\"http:\/\/nicaragua-travel-guide.com\/site\/reserva-natural-volcan-mombacho-senderos-guiados\/\"><strong>Reserva Natural Volc\u00e1n Mombacho<\/strong><\/a> y est\u00e1 justo en la cima del volc\u00e1n! As\u00ed que para los visitantes es gratificante la vista que se obtiene luego de escalarlo o bien, luego del viaje en carro particular o en el cami\u00f3n que traslada a turistas hasta la cima.<\/p>\n<p>El albergue es un gran dormitorio donde caben de 1-25 personas, localizado en la estaci\u00f3n biol\u00f3gica de la reserva. El establecimiento no tiene ning\u00fan lujo, todo est\u00e1 en su privilegiada ubicaci\u00f3n y su precio incluye la entrada al parque, transporte a la cima y vuelta desde la recepci\u00f3n, desayuno y cena, y un gu\u00eda para el tour nocturno de media hora 9:00 pm &#8211; 9:30 pm en b\u00fasqueda de salamandras o ranitas verdes ojos rojos en la temporada.<\/p>\n<p>Tambi\u00e9n es posible acampar en el Mombacho.<\/td>\n<\/tr>\n<tr style=\"height: 21px;\">\n<td style=\"height: 21px; width: 625px;\" bgcolor=\"#006600\">Precios por persona<\/td>\n<\/tr>\n<tr style=\"height: 40px;\">\n<td style=\"height: 40px; width: 625px;\" bgcolor=\"#CCFF00\">\n<table style=\"width: 723.6666870117188px;\" border=\"0\">\n<tbody>\n<tr>\n<td style=\"width: 94px;\" bgcolor=\"#CCFF66\" height=\"25\">Tipo<\/td>\n<td style=\"width: 111px;\" bgcolor=\"#CCFF66\">Precio:<\/td>\n<td style=\"width: 81px;\" bgcolor=\"#CCFF66\">Capacidad<\/td>\n<td style=\"width: 419.66668701171875px;\" bgcolor=\"#CCFF66\">Comodidad Incluyen:<\/td>\n<\/tr>\n<tr>\n<td style=\"width: 94px;\" bgcolor=\"#CCFF00\" height=\"25\">Dormitiorio<\/td>\n<td style=\"width: 111px;\" bgcolor=\"#CCFF00\">US$55 p\/p<\/td>\n<td style=\"width: 81px;\" bgcolor=\"#CCFF00\">25 camas<\/td>\n<td style=\"width: 419.66668701171875px;\" bgcolor=\"#CCFF00\">\u00a0Agua, ducha, ba\u00f1o, luz, dos comidas, transporte<\/td>\n<\/tr>\n<\/tbody>\n<\/table>\n<\/td>\n<\/tr>\n<tr style=\"height: 21px;\">\n<td style=\"height: 21px; width: 625px;\" bgcolor=\"#CCFF66\"><strong>Los precios ya incluyen impuesto. Los precios pueden variar por temporada.<\/strong><\/td>\n<\/tr>\n<tr style=\"height: 25px;\">\n<td style=\"height: 25px; width: 1031px;\" colspan=\"2\" bgcolor=\"#006600\"><\/td>\n<\/tr>\n<tr style=\"height: 25px;\">\n<td style=\"height: 25px; width: 1031px;\" colspan=\"2\" bgcolor=\"#006600\">\n<table style=\"height: 66px;\" width=\"1015\">\n<tbody>\n<tr style=\"height: 226.326px;\">\n<td style=\"width: 331.354px; height: 226.326px;\"><img loading=\"lazy\" decoding=\"async\" class=\"alignnone size-full wp-image-14118\" src=\"http:\/\/nicaragua-travel-guide.com\/site\/wp-content\/uploads\/2016\/07\/dormitoriovmombachoch.jpg\" alt=\"dormitoriovmombachoch\" width=\"312\" height=\"227\" \/><\/td>\n<td style=\"width: 331.354px; height: 226.326px;\"><img loading=\"lazy\" decoding=\"async\" class=\"alignnone size-medium wp-image-14120\" src=\"http:\/\/nicaragua-travel-guide.com\/site\/wp-content\/uploads\/2016\/07\/dormitoriovmombachotres.jpg\" alt=\"dormitoriovmombachotres\" width=\"312\" height=\"227\" \/><\/td>\n<td style=\"width: 332.465px; height: 226.326px;\"><img loading=\"lazy\" decoding=\"async\" class=\"alignnone size-medium wp-image-14119\" src=\"http:\/\/nicaragua-travel-guide.com\/site\/wp-content\/uploads\/2016\/07\/dormitoriovmombachosiete.jpg\" alt=\"dormitoriovmombachosiete\" width=\"312\" height=\"227\" \/><\/td>\n<\/tr>\n<\/tbody>\n<\/table>\n<\/td>\n<\/tr>\n<tr style=\"height: 25px;\">\n<td style=\"height: 25px; width: 1031px;\" colspan=\"2\" bgcolor=\"#006600\">Por mayor informaci\u00f3n y reservaci\u00f3n \u00a0\u00a0<a href=\"http:\/\/nicaragua-travel-guide.com\/site\/contactanos\/\"><strong>Contactarnos<\/strong><\/a><\/td>\n<\/tr>\n<\/tbody>\n<\/table>\n","protected":false},"excerpt":{"rendered":"<p>\u00a0\u00a0\u00a0\u00a0\u00a0\u00a0 Eco Albergue Reserva Natural Volc\u00e1n Mombacho Descripci\u00f3n:Este eco-albergue se encuentra dentro de la Reserva Natural Volc\u00e1n Mombacho y est\u00e1 justo en la cima del volc\u00e1n! As\u00ed que para los visitantes es gratificante la vista que se obtiene luego de escalarlo o bien, luego del viaje en carro particular o en el cami\u00f3n que traslada [&hellip;]<\/p>\n","protected":false},"author":2,"featured_media":0,"parent":0,"menu_order":0,"comment_status":"closed","ping_status":"closed","template":"","meta":{"footnotes":""},"_links":{"self":[{"href":"https:\/\/nicaragua-travel-guide.com\/site\/wp-json\/wp\/v2\/pages\/6429"}],"collection":[{"href":"https:\/\/nicaragua-travel-guide.com\/site\/wp-json\/wp\/v2\/pages"}],"about":[{"href":"https:\/\/nicaragua-travel-guide.com\/site\/wp-json\/wp\/v2\/types\/page"}],"author":[{"embeddable":true,"href":"https:\/\/nicaragua-travel-guide.com\/site\/wp-json\/wp\/v2\/users\/2"}],"replies":[{"embeddable":true,"href":"https:\/\/nicaragua-travel-guide.com\/site\/wp-json\/wp\/v2\/comments?post=6429"}],"version-history":[{"count":18,"href":"https:\/\/nicaragua-travel-guide.com\/site\/wp-json\/wp\/v2\/pages\/6429\/revisions"}],"predecessor-version":[{"id":14129,"href":"https:\/\/nicaragua-travel-guide.com\/site\/wp-json\/wp\/v2\/pages\/6429\/revisions\/14129"}],"wp:attachment":[{"href":"https:\/\/nicaragua-travel-guide.com\/site\/wp-json\/wp\/v2\/media?parent=6429"}],"curies":[{"name":"wp","href":"https:\/\/api.w.org\/{rel}","templated":true}]}}