{"id":6595,"date":"2016-07-13T13:54:28","date_gmt":"2016-07-13T13:54:28","guid":{"rendered":"http:\/\/nicaragua-travel-guide.com\/site\/?page_id=6595"},"modified":"2016-08-14T22:26:29","modified_gmt":"2016-08-14T22:26:29","slug":"viajes-privados-transporte-en-nicaragua-y-centroamerica","status":"publish","type":"page","link":"https:\/\/nicaragua-travel-guide.com\/site\/viajes-privados-transporte-en-nicaragua-y-centroamerica\/","title":{"rendered":"Viajes Privados \u00abTransporte\u00bb"},"content":{"rendered":"<table style=\"width: 1032px;\" border=\"0\">\n<tbody>\n<tr style=\"height: 2px;\">\n<td style=\"width: 80px; height: 2px;\" colspan=\"8\" bgcolor=\"#FFFFFF\">\u00a0<img loading=\"lazy\" decoding=\"async\" class=\"size-full wp-image-5117 aligncenter\" src=\"http:\/\/nicaragua-travel-guide.com\/site\/wp-content\/uploads\/2016\/06\/headertransportealquileryviajes.jpg\" alt=\"headertransportealquileryviajes\" width=\"1025\" height=\"345\" srcset=\"https:\/\/nicaragua-travel-guide.com\/site\/wp-content\/uploads\/2016\/06\/headertransportealquileryviajes.jpg 1025w, https:\/\/nicaragua-travel-guide.com\/site\/wp-content\/uploads\/2016\/06\/headertransportealquileryviajes-600x202.jpg 600w\" sizes=\"(max-width: 1025px) 100vw, 1025px\" \/><\/td>\n<\/tr>\n<tr style=\"height: 2px;\">\n<td style=\"width: 80px; height: 2px;\" colspan=\"8\" bgcolor=\"#FFFFFF\">\n<h4>Servicio de transporte, traslado de un destino a otro, en veh\u00edculo p\u00fablico o privado a su elecci\u00f3n y de acuerdo a su capacidad. Le pondremos en contacto con servicio de conductor y opci\u00f3n ir acompa\u00f1ado con gu\u00eda tur\u00edstico bilingue.<\/h4>\n<\/td>\n<\/tr>\n<tr style=\"height: 2px;\">\n<td style=\"width: 80px; height: 2px;\" colspan=\"8\" bgcolor=\"#FFFFFF\"><strong>Unidad de Buses<\/strong><\/td>\n<\/tr>\n<tr style=\"height: 14px;\">\n<td style=\"width: 80px; height: 14px;\" colspan=\"8\" bgcolor=\"#FFFFFF\">\u00a0<img loading=\"lazy\" decoding=\"async\" class=\"size-medium wp-image-10886 alignnone\" src=\"http:\/\/nicaragua-travel-guide.com\/site\/wp-content\/uploads\/2016\/07\/transportebusmarcopoloheader.jpg\" alt=\"transportebusmarcopoloheader\" width=\"1025\" height=\"345\" srcset=\"https:\/\/nicaragua-travel-guide.com\/site\/wp-content\/uploads\/2016\/07\/transportebusmarcopoloheader.jpg 1025w, https:\/\/nicaragua-travel-guide.com\/site\/wp-content\/uploads\/2016\/07\/transportebusmarcopoloheader-600x202.jpg 600w\" sizes=\"(max-width: 1025px) 100vw, 1025px\" \/><\/td>\n<\/tr>\n<tr style=\"height: 3px;\">\n<td style=\"width: 80px; height: 3px;\" colspan=\"8\" bgcolor=\"#FFFFFF\"><\/td>\n<\/tr>\n<tr style=\"height: 14px;\">\n<td style=\"width: 80px; height: 14px;\" colspan=\"8\" bgcolor=\"#FFFFFF\"><img loading=\"lazy\" decoding=\"async\" class=\" wp-image-10879 aligncenter\" src=\"http:\/\/nicaragua-travel-guide.com\/site\/wp-content\/uploads\/2016\/07\/headertransportebusesrusosnicaragua-1.jpg\" alt=\"headertransportebusesrusosnicaragua\" width=\"1020\" height=\"343\" srcset=\"https:\/\/nicaragua-travel-guide.com\/site\/wp-content\/uploads\/2016\/07\/headertransportebusesrusosnicaragua-1.jpg 1025w, https:\/\/nicaragua-travel-guide.com\/site\/wp-content\/uploads\/2016\/07\/headertransportebusesrusosnicaragua-1-600x202.jpg 600w\" sizes=\"(max-width: 1020px) 100vw, 1020px\" \/><\/td>\n<\/tr>\n<tr style=\"height: 14px;\">\n<td style=\"width: 80px; height: 14px;\" colspan=\"8\" bgcolor=\"#FFFFFF\"><\/td>\n<\/tr>\n<tr style=\"height: 3px;\">\n<td style=\"width: 80px; height: 3px;\" colspan=\"8\" bgcolor=\"#FFFFFF\">\u00a0<img loading=\"lazy\" decoding=\"async\" class=\"wp-image-6636 alignnone\" src=\"http:\/\/nicaragua-travel-guide.com\/site\/wp-content\/uploads\/2016\/07\/headercoastertransportenicaraguagranada.jpg\" alt=\"headercoastertransportenicaraguagranada\" width=\"1039\" height=\"350\" srcset=\"https:\/\/nicaragua-travel-guide.com\/site\/wp-content\/uploads\/2016\/07\/headercoastertransportenicaraguagranada.jpg 1025w, https:\/\/nicaragua-travel-guide.com\/site\/wp-content\/uploads\/2016\/07\/headercoastertransportenicaraguagranada-600x202.jpg 600w\" sizes=\"(max-width: 1039px) 100vw, 1039px\" \/><\/td>\n<\/tr>\n<tr style=\"height: 3px;\">\n<td style=\"width: 80px; height: 3px;\" colspan=\"8\" bgcolor=\"#FFFFFF\"><\/td>\n<\/tr>\n<tr style=\"height: 37px;\">\n<td style=\"width: 80px; height: 37px;\" colspan=\"8\" bgcolor=\"#FFFFFF\"><img loading=\"lazy\" decoding=\"async\" class=\"alignnone size-full wp-image-6647\" src=\"http:\/\/nicaragua-travel-guide.com\/site\/wp-content\/uploads\/2016\/07\/headertransportemocrobustoyotahiaceviajesprivadosyalquiler.jpg\" alt=\"headertransportemocrobustoyotahiaceviajesprivadosyalquiler\" width=\"1025\" height=\"345\" srcset=\"https:\/\/nicaragua-travel-guide.com\/site\/wp-content\/uploads\/2016\/07\/headertransportemocrobustoyotahiaceviajesprivadosyalquiler.jpg 1025w, https:\/\/nicaragua-travel-guide.com\/site\/wp-content\/uploads\/2016\/07\/headertransportemocrobustoyotahiaceviajesprivadosyalquiler-600x202.jpg 600w\" sizes=\"(max-width: 1025px) 100vw, 1025px\" \/><\/td>\n<\/tr>\n<tr style=\"height: 12px;\">\n<td style=\"width: 80px; height: 12px;\" colspan=\"8\" bgcolor=\"#FFFFFF\"><\/td>\n<\/tr>\n<tr style=\"height: 37px;\">\n<td style=\"width: 80px; height: 37px;\" colspan=\"8\" bgcolor=\"#FFFFFF\">\u00a0<img loading=\"lazy\" decoding=\"async\" class=\"wp-image-10878 aligncenter\" src=\"http:\/\/nicaragua-travel-guide.com\/site\/wp-content\/uploads\/2016\/07\/headertransportebusescolarviajesprivados-1.jpg\" alt=\"headertransportebusescolarviajesprivados\" width=\"1028\" height=\"346\" srcset=\"https:\/\/nicaragua-travel-guide.com\/site\/wp-content\/uploads\/2016\/07\/headertransportebusescolarviajesprivados-1.jpg 1025w, https:\/\/nicaragua-travel-guide.com\/site\/wp-content\/uploads\/2016\/07\/headertransportebusescolarviajesprivados-1-600x202.jpg 600w\" sizes=\"(max-width: 1028px) 100vw, 1028px\" \/><\/td>\n<\/tr>\n<tr style=\"height: 8px;\">\n<td style=\"width: 80px; height: 8px;\" colspan=\"8\" bgcolor=\"#FFFFFF\"><\/td>\n<\/tr>\n<tr style=\"height: 8px;\">\n<td style=\"width: 80px; height: 8px;\" colspan=\"8\" bgcolor=\"#FFFFFF\">\u00a0<img loading=\"lazy\" decoding=\"async\" class=\"wp-image-10885 aligncenter\" src=\"http:\/\/nicaragua-travel-guide.com\/site\/wp-content\/uploads\/2016\/07\/headertransportepradoviajesprivadosyalquiler.jpg\" alt=\"headertransportepradoviajesprivadosyalquiler\" width=\"1031\" height=\"347\" srcset=\"https:\/\/nicaragua-travel-guide.com\/site\/wp-content\/uploads\/2016\/07\/headertransportepradoviajesprivadosyalquiler.jpg 1025w, https:\/\/nicaragua-travel-guide.com\/site\/wp-content\/uploads\/2016\/07\/headertransportepradoviajesprivadosyalquiler-600x202.jpg 600w\" sizes=\"(max-width: 1031px) 100vw, 1031px\" \/><\/td>\n<\/tr>\n<tr style=\"height: 22px;\">\n<td style=\"width: 80px; height: 22px;\" colspan=\"8\" bgcolor=\"#FFFFFF\"><\/td>\n<\/tr>\n<tr style=\"height: 22px;\">\n<td style=\"width: 80px; height: 22px;\" colspan=\"8\" bgcolor=\"#FFFFFF\">\u00a0<img loading=\"lazy\" decoding=\"async\" class=\"wp-image-10880 aligncenter\" src=\"http:\/\/nicaragua-travel-guide.com\/site\/wp-content\/uploads\/2016\/07\/headertransportecamionetahiluxviajesprivadosyalquiler.jpg\" alt=\"headertransportecamionetahiluxviajesprivadosyalquiler\" width=\"1013\" height=\"341\" srcset=\"https:\/\/nicaragua-travel-guide.com\/site\/wp-content\/uploads\/2016\/07\/headertransportecamionetahiluxviajesprivadosyalquiler.jpg 1025w, https:\/\/nicaragua-travel-guide.com\/site\/wp-content\/uploads\/2016\/07\/headertransportecamionetahiluxviajesprivadosyalquiler-600x202.jpg 600w\" sizes=\"(max-width: 1013px) 100vw, 1013px\" \/><\/td>\n<\/tr>\n<tr style=\"height: 4.666748046875px;\">\n<td style=\"width: 80px; height: 4.666748046875px;\" colspan=\"8\" bgcolor=\"#FFFFFF\"><\/td>\n<\/tr>\n<tr style=\"height: 28px;\">\n<td style=\"width: 80px; height: 28px;\" colspan=\"8\" bgcolor=\"#FFFFFF\">\u00a0<img loading=\"lazy\" decoding=\"async\" class=\"wp-image-10881 aligncenter\" src=\"http:\/\/nicaragua-travel-guide.com\/site\/wp-content\/uploads\/2016\/07\/headertransportecarroravrforviajesprivadosyalquiler.jpg\" alt=\"headertransportecarroravrforviajesprivadosyalquiler\" width=\"1040\" height=\"349\" srcset=\"https:\/\/nicaragua-travel-guide.com\/site\/wp-content\/uploads\/2016\/07\/headertransportecarroravrforviajesprivadosyalquiler.jpg 1025w, https:\/\/nicaragua-travel-guide.com\/site\/wp-content\/uploads\/2016\/07\/headertransportecarroravrforviajesprivadosyalquiler-600x202.jpg 600w\" sizes=\"(max-width: 1040px) 100vw, 1040px\" \/><\/td>\n<\/tr>\n<tr style=\"height: 3px;\">\n<td style=\"width: 80px; height: 3px;\" colspan=\"8\" bgcolor=\"#FFFFFF\"><\/td>\n<\/tr>\n<tr style=\"height: 3px;\">\n<td style=\"width: 80px; height: 3px;\" colspan=\"8\" bgcolor=\"#FFFFFF\"><img loading=\"lazy\" decoding=\"async\" class=\"wp-image-10882 aligncenter\" src=\"http:\/\/nicaragua-travel-guide.com\/site\/wp-content\/uploads\/2016\/07\/headertransportecarrordiatsuteriosviajesprivadosyalquiler.jpg\" alt=\"headertransportecarrordiatsuteriosviajesprivadosyalquiler\" width=\"1118\" height=\"376\" srcset=\"https:\/\/nicaragua-travel-guide.com\/site\/wp-content\/uploads\/2016\/07\/headertransportecarrordiatsuteriosviajesprivadosyalquiler.jpg 1025w, https:\/\/nicaragua-travel-guide.com\/site\/wp-content\/uploads\/2016\/07\/headertransportecarrordiatsuteriosviajesprivadosyalquiler-600x202.jpg 600w\" sizes=\"(max-width: 1118px) 100vw, 1118px\" \/><\/td>\n<\/tr>\n<tr style=\"height: 3px;\">\n<td style=\"width: 80px; height: 3px;\" colspan=\"8\" bgcolor=\"#FFFFFF\"><\/td>\n<\/tr>\n<tr style=\"height: 3px;\">\n<td style=\"width: 80px; height: 3px;\" colspan=\"8\" bgcolor=\"#FFFFFF\"><img loading=\"lazy\" decoding=\"async\" class=\"wp-image-10883 aligncenter\" src=\"http:\/\/nicaragua-travel-guide.com\/site\/wp-content\/uploads\/2016\/07\/headertransportecarrotoyotacorollaviajesprivadosyalquiler.jpg\" alt=\"headertransportecarrotoyotacorollaviajesprivadosyalquiler\" width=\"1079\" height=\"363\" srcset=\"https:\/\/nicaragua-travel-guide.com\/site\/wp-content\/uploads\/2016\/07\/headertransportecarrotoyotacorollaviajesprivadosyalquiler.jpg 1025w, https:\/\/nicaragua-travel-guide.com\/site\/wp-content\/uploads\/2016\/07\/headertransportecarrotoyotacorollaviajesprivadosyalquiler-600x202.jpg 600w\" sizes=\"(max-width: 1079px) 100vw, 1079px\" \/><\/td>\n<\/tr>\n<tr style=\"height: 11px;\">\n<td style=\"width: 80px; height: 11px;\" colspan=\"8\" bgcolor=\"#FFFFFF\"><\/td>\n<\/tr>\n<tr style=\"height: 11px;\">\n<td style=\"width: 80px; height: 11px;\" colspan=\"8\" bgcolor=\"#FFFFFF\"><img loading=\"lazy\" decoding=\"async\" class=\"wp-image-10877 aligncenter\" src=\"http:\/\/nicaragua-travel-guide.com\/site\/wp-content\/uploads\/2016\/07\/headertransportealquileryviajeeventoespecialreligiosos.jpg\" alt=\"headertransportealquileryviajeeventoespecialreligiosos\" width=\"1047\" height=\"352\" srcset=\"https:\/\/nicaragua-travel-guide.com\/site\/wp-content\/uploads\/2016\/07\/headertransportealquileryviajeeventoespecialreligiosos.jpg 1025w, https:\/\/nicaragua-travel-guide.com\/site\/wp-content\/uploads\/2016\/07\/headertransportealquileryviajeeventoespecialreligiosos-600x202.jpg 600w\" sizes=\"(max-width: 1047px) 100vw, 1047px\" \/><\/td>\n<\/tr>\n<tr style=\"height: 11px;\">\n<td style=\"width: 80px; height: 11px;\" colspan=\"8\" bgcolor=\"#FFFFFF\"><\/td>\n<\/tr>\n<tr style=\"height: 11px;\">\n<td style=\"width: 80px; height: 11px;\" colspan=\"8\" bgcolor=\"#FFFFFF\"><img loading=\"lazy\" decoding=\"async\" class=\"wp-image-10876 aligncenter\" src=\"http:\/\/nicaragua-travel-guide.com\/site\/wp-content\/uploads\/2016\/07\/headertransffergranadamanaguaairportcarrotoyotacorolla.jpg\" alt=\"headertransffergranadamanaguaairportcarrotoyotacorolla\" width=\"1029\" height=\"346\" srcset=\"https:\/\/nicaragua-travel-guide.com\/site\/wp-content\/uploads\/2016\/07\/headertransffergranadamanaguaairportcarrotoyotacorolla.jpg 1025w, https:\/\/nicaragua-travel-guide.com\/site\/wp-content\/uploads\/2016\/07\/headertransffergranadamanaguaairportcarrotoyotacorolla-600x202.jpg 600w\" sizes=\"(max-width: 1029px) 100vw, 1029px\" \/><\/td>\n<\/tr>\n<tr style=\"height: 11px;\">\n<td style=\"width: 80px; height: 11px;\" colspan=\"8\" bgcolor=\"#FFFFFF\"><\/td>\n<\/tr>\n<tr style=\"height: 11px;\">\n<td style=\"width: 80px; height: 11px;\" colspan=\"8\" bgcolor=\"#FFFFFF\"><img loading=\"lazy\" decoding=\"async\" class=\"alignnone wp-image-10875\" src=\"http:\/\/nicaragua-travel-guide.com\/site\/wp-content\/uploads\/2016\/07\/headertaxiprivadotransporte.jpg\" alt=\"headertaxiprivadotransporte\" width=\"1048\" height=\"352\" srcset=\"https:\/\/nicaragua-travel-guide.com\/site\/wp-content\/uploads\/2016\/07\/headertaxiprivadotransporte.jpg 1025w, https:\/\/nicaragua-travel-guide.com\/site\/wp-content\/uploads\/2016\/07\/headertaxiprivadotransporte-600x202.jpg 600w\" sizes=\"(max-width: 1048px) 100vw, 1048px\" \/><\/td>\n<\/tr>\n<tr style=\"height: 11px;\">\n<td style=\"width: 80px; height: 11px;\" colspan=\"8\" bgcolor=\"#FFFFFF\">\n<table style=\"width: 1022.666748046875px;\" border=\"0\">\n<tbody>\n<tr>\n<td style=\"width: 14px;\" bgcolor=\"#FFFFFF\">A<\/td>\n<td style=\"width: 136px;\" bgcolor=\"#FFFFFF\">Origen Granada<\/td>\n<td style=\"width: 40.666748046875px;\" colspan=\"4\" rowspan=\"14\" valign=\"top\" bgcolor=\"#FFFFFF\">\n<table style=\"width: 849.666748046875px;\" border=\"0\">\n<tbody>\n<tr style=\"height: 22px;\">\n<td style=\"width: 106px; height: 22px;\"><\/td>\n<td style=\"width: 63px; height: 22px;\"><\/td>\n<td style=\"width: 134px; height: 22px;\"><\/td>\n<td style=\"width: 264px; height: 22px;\"><\/td>\n<td style=\"width: 80px; height: 22px;\"><\/td>\n<td style=\"width: 182.666748046875px; height: 22px;\"><\/td>\n<\/tr>\n<tr style=\"height: 24px;\">\n<td style=\"width: 106px; height: 24px;\">A+B<\/td>\n<td style=\"width: 63px; height: 24px;\"><\/td>\n<td style=\"width: 134px; height: 24px;\"><\/td>\n<td style=\"width: 264px; height: 24px;\">\u00a0Car\/Truck<\/td>\n<td style=\"width: 80px; height: 24px;\"><\/td>\n<td style=\"width: 182.666748046875px; height: 24px;\"><\/td>\n<\/tr>\n<tr style=\"height: 22px;\">\n<td style=\"width: 106px; height: 22px;\">A+C<\/td>\n<td style=\"width: 63px; height: 22px;\"><\/td>\n<td style=\"width: 134px; height: 22px;\"><\/td>\n<td style=\"width: 264px; height: 22px;\">\u00a0<a href=\"http:\/\/nicaragua-travel-guide.com\/site\/viaje-en-taxi-privado-o-compartido\/\">Taxi 4 pax<\/a><\/td>\n<td style=\"width: 80px; height: 22px;\"><\/td>\n<td style=\"width: 182.666748046875px; height: 22px;\"><\/td>\n<\/tr>\n<tr style=\"height: 22px;\">\n<td style=\"width: 106px; height: 22px;\">A+D<\/td>\n<td style=\"width: 63px; height: 22px;\"><\/td>\n<td style=\"width: 134px; height: 22px;\"><\/td>\n<td style=\"width: 264px; height: 22px;\">\u00a0 M Van 7 \/12 \u00a0ppasajeros<\/td>\n<td style=\"width: 80px; height: 22px;\"><\/td>\n<td style=\"width: 182.666748046875px; height: 22px;\"><\/td>\n<\/tr>\n<tr style=\"height: 22px;\">\n<td style=\"width: 106px; height: 22px;\">A+E<\/td>\n<td style=\"width: 63px; height: 22px;\"><\/td>\n<td style=\"width: 134px; height: 22px;\"><\/td>\n<td style=\"width: 264px; height: 22px;\">\u00a0<a href=\"http:\/\/nicaragua-travel-guide.com\/site\/microbus-toyota-hiace-viaje-privado-con-conductor-nicaragua\/\">Microbus Toyota Hiace 15 pax<\/a><\/td>\n<td style=\"width: 80px; height: 22px;\"><\/td>\n<td style=\"width: 182.666748046875px; height: 22px;\"><\/td>\n<\/tr>\n<tr style=\"height: 22px;\">\n<td style=\"width: 106px; height: 22px;\">A+F<\/td>\n<td style=\"width: 63px; height: 22px;\"><\/td>\n<td style=\"width: 134px; height: 22px;\"><\/td>\n<td style=\"width: 264px; height: 22px;\">\u00a0<a href=\"http:\/\/nicaragua-travel-guide.com\/site\/bus-toyota-coaster-nicaragua-viaje-privado-con-conductor-incluido\/\">Bus Toyota Coaster 29 pax<\/a><\/td>\n<td style=\"width: 80px; height: 22px;\"><\/td>\n<td style=\"width: 182.666748046875px; height: 22px;\"><\/td>\n<\/tr>\n<tr style=\"height: 22px;\">\n<td style=\"width: 106px; height: 22px;\">A+G<\/td>\n<td style=\"width: 63px; height: 22px;\"><\/td>\n<td style=\"width: 134px; height: 22px;\"><\/td>\n<td style=\"width: 264px; height: 22px;\"><a href=\"http:\/\/nicaragua-travel-guide.com\/site\/bus-marcopolo-higer-viaje-privado-en-nicaragua-capacidad-28-45-pasajeros\/\">Bus Higher 45 pax<\/a><\/td>\n<td style=\"width: 80px; height: 22px;\"><\/td>\n<td style=\"width: 182.666748046875px; height: 22px;\"><\/td>\n<\/tr>\n<tr style=\"height: 22.33349609375px;\">\n<td style=\"width: 106px; height: 22.33349609375px;\">A+H<\/td>\n<td style=\"width: 63px; height: 22.33349609375px;\"><\/td>\n<td style=\"width: 134px; height: 22.33349609375px;\"><\/td>\n<td style=\"width: 264px; height: 22.33349609375px;\">\u00a0<a href=\"http:\/\/nicaragua-travel-guide.com\/site\/bus-marcopolo-viaje-privado-por-nicaragua-y-la-region-centroamericana\/\"><strong>Marcopolo<\/strong>\u00a045 \/ 55 \/70 pax<\/a><\/td>\n<td style=\"width: 80px; height: 22.33349609375px;\"><\/td>\n<td style=\"width: 182.666748046875px; height: 22.33349609375px;\"><\/td>\n<\/tr>\n<tr style=\"height: 22px;\">\n<td style=\"width: 106px; height: 22px;\">A+I<\/td>\n<td style=\"width: 63px; height: 22px;\"><\/td>\n<td style=\"width: 134px; height: 22px;\"><\/td>\n<td style=\"width: 264px; height: 22px;\">\u00a0<a href=\"http:\/\/nicaragua-travel-guide.com\/site\/bus-escolar-capacidad-60-70-pasajeros-viaje-privado-nicaragua\/\">School Bus 60 \/70 pax<\/a><\/td>\n<td style=\"width: 80px; height: 22px;\"><\/td>\n<td style=\"width: 182.666748046875px; height: 22px;\"><\/td>\n<\/tr>\n<tr style=\"height: 22px;\">\n<td style=\"width: 106px; height: 22px;\">A+J<\/td>\n<td style=\"width: 63px; height: 22px;\"><\/td>\n<td style=\"width: 134px; height: 22px;\"><\/td>\n<td style=\"width: 264px; height: 22px;\">\u00a0<a href=\"http:\/\/nicaragua-travel-guide.com\/site\/alquiler-de-carro-privado\/\">Carros privados de alquiler<\/a><\/td>\n<td style=\"width: 80px; height: 22px;\"><\/td>\n<td style=\"width: 182.666748046875px; height: 22px;\"><\/td>\n<\/tr>\n<tr style=\"height: 22px;\">\n<td style=\"width: 106px; height: 22px;\">A+K<\/td>\n<td style=\"width: 63px; height: 22px;\"><\/td>\n<td style=\"width: 134px; height: 22px;\"><\/td>\n<td style=\"width: 264px; height: 22px;\">\u00a0Budget Rent a Car<\/td>\n<td style=\"width: 80px; height: 22px;\"><\/td>\n<td style=\"width: 182.666748046875px; height: 22px;\"><\/td>\n<\/tr>\n<tr style=\"height: 22px;\">\n<td style=\"width: 106px; height: 22px;\">A+L<\/td>\n<td style=\"width: 63px; height: 22px;\"><\/td>\n<td style=\"width: 134px; height: 22px;\"><\/td>\n<td style=\"width: 264px; height: 22px;\"><\/td>\n<td style=\"width: 80px; height: 22px;\"><\/td>\n<td style=\"width: 182.666748046875px; height: 22px;\"><\/td>\n<\/tr>\n<tr style=\"height: 22px;\">\n<td style=\"width: 106px; height: 22px;\">A+M<\/td>\n<td style=\"width: 63px; height: 22px;\"><\/td>\n<td style=\"width: 134px; height: 22px;\"><\/td>\n<td style=\"width: 264px; height: 22px;\"><\/td>\n<td style=\"width: 80px; height: 22px;\"><\/td>\n<td style=\"width: 182.666748046875px; height: 22px;\"><\/td>\n<\/tr>\n<tr style=\"height: 22px;\">\n<td style=\"width: 106px; height: 22px;\">A+N<\/td>\n<td style=\"width: 63px; height: 22px;\"><\/td>\n<td style=\"width: 134px; height: 22px;\"><\/td>\n<td style=\"width: 264px; height: 22px;\"><\/td>\n<td style=\"width: 80px; height: 22px;\"><\/td>\n<td style=\"width: 182.666748046875px; height: 22px;\"><\/td>\n<\/tr>\n<\/tbody>\n<\/table>\n<\/td>\n<\/tr>\n<tr>\n<td style=\"width: 14px;\" bgcolor=\"#FFFFFF\">B<\/td>\n<td style=\"width: 136px;\" bgcolor=\"#FFCC00\">Chinandega<\/td>\n<\/tr>\n<tr bgcolor=\"#FFCC00\">\n<td style=\"width: 14px;\" bgcolor=\"#FFFFFF\">C<\/td>\n<td style=\"width: 136px;\">Leon<\/td>\n<\/tr>\n<tr bgcolor=\"#FFCC00\">\n<td style=\"width: 14px;\" bgcolor=\"#FFFFFF\">D<\/td>\n<td style=\"width: 136px;\">Managua<\/td>\n<\/tr>\n<tr bgcolor=\"#FFCC00\">\n<td style=\"width: 14px;\" bgcolor=\"#FFFFFF\">E<\/td>\n<td style=\"width: 136px;\">Carazo<\/td>\n<\/tr>\n<tr bgcolor=\"#FFCC00\">\n<td style=\"width: 14px;\" bgcolor=\"#FFFFFF\">F<\/td>\n<td style=\"width: 136px;\">Masaya<\/td>\n<\/tr>\n<tr bgcolor=\"#FFCC00\">\n<td style=\"width: 14px;\" bgcolor=\"#FFFFFF\">G<\/td>\n<td style=\"width: 136px;\">Rivas<\/td>\n<\/tr>\n<tr bgcolor=\"#FFCC00\">\n<td style=\"width: 14px;\" bgcolor=\"#FFFFFF\">H<\/td>\n<td style=\"width: 136px;\">Madriz<\/td>\n<\/tr>\n<tr bgcolor=\"#FFCC00\">\n<td style=\"width: 14px;\" bgcolor=\"#FFFFFF\">I<\/td>\n<td style=\"width: 136px;\">Jinotega<\/td>\n<\/tr>\n<tr bgcolor=\"#FFCC00\">\n<td style=\"width: 14px;\" bgcolor=\"#FFFFFF\">J<\/td>\n<td style=\"width: 136px;\">Nueva Segovia<\/td>\n<\/tr>\n<tr bgcolor=\"#FFCC00\">\n<td style=\"width: 14px;\" bgcolor=\"#FFFFFF\">K<\/td>\n<td style=\"width: 136px;\">Esteli<\/td>\n<\/tr>\n<tr bgcolor=\"#FFCC00\">\n<td style=\"width: 14px;\" bgcolor=\"#FFFFFF\">L<\/td>\n<td style=\"width: 136px;\">Matagalpa<\/td>\n<\/tr>\n<tr bgcolor=\"#FFCC00\">\n<td style=\"width: 14px;\" bgcolor=\"#FFFFFF\">M<\/td>\n<td style=\"width: 136px;\">Aeropuerto<\/td>\n<\/tr>\n<tr bgcolor=\"#FFCC00\">\n<td style=\"width: 14px;\" bgcolor=\"#FFFFFF\">N<\/td>\n<td style=\"width: 136px;\">Chontales<\/td>\n<\/tr>\n<tr>\n<td style=\"width: 190.666748046875px;\" colspan=\"6\" bgcolor=\"#FFFF00\">Por mayor informaci\u00f3n y reservacion <strong>Contactarnos<\/strong><\/td>\n<\/tr>\n<\/tbody>\n<\/table>\n<\/td>\n<\/tr>\n<\/tbody>\n<\/table>\n","protected":false},"excerpt":{"rendered":"<p>\u00a0 Servicio de transporte, traslado de un destino a otro, en veh\u00edculo p\u00fablico o privado a su elecci\u00f3n y de acuerdo a su capacidad. Le pondremos en contacto con servicio de conductor y opci\u00f3n ir acompa\u00f1ado con gu\u00eda tur\u00edstico bilingue. Unidad de Buses \u00a0 \u00a0 \u00a0 \u00a0 \u00a0 \u00a0 A Origen Granada A+B \u00a0Car\/Truck A+C [&hellip;]<\/p>\n","protected":false},"author":2,"featured_media":0,"parent":0,"menu_order":0,"comment_status":"closed","ping_status":"closed","template":"","meta":{"footnotes":""},"_links":{"self":[{"href":"https:\/\/nicaragua-travel-guide.com\/site\/wp-json\/wp\/v2\/pages\/6595"}],"collection":[{"href":"https:\/\/nicaragua-travel-guide.com\/site\/wp-json\/wp\/v2\/pages"}],"about":[{"href":"https:\/\/nicaragua-travel-guide.com\/site\/wp-json\/wp\/v2\/types\/page"}],"author":[{"embeddable":true,"href":"https:\/\/nicaragua-travel-guide.com\/site\/wp-json\/wp\/v2\/users\/2"}],"replies":[{"embeddable":true,"href":"https:\/\/nicaragua-travel-guide.com\/site\/wp-json\/wp\/v2\/comments?post=6595"}],"version-history":[{"count":31,"href":"https:\/\/nicaragua-travel-guide.com\/site\/wp-json\/wp\/v2\/pages\/6595\/revisions"}],"predecessor-version":[{"id":10916,"href":"https:\/\/nicaragua-travel-guide.com\/site\/wp-json\/wp\/v2\/pages\/6595\/revisions\/10916"}],"wp:attachment":[{"href":"https:\/\/nicaragua-travel-guide.com\/site\/wp-json\/wp\/v2\/media?parent=6595"}],"curies":[{"name":"wp","href":"https:\/\/api.w.org\/{rel}","templated":true}]}}