{"id":6604,"date":"2016-07-13T14:19:59","date_gmt":"2016-07-13T14:19:59","guid":{"rendered":"http:\/\/nicaragua-travel-guide.com\/site\/?page_id=6604"},"modified":"2016-08-14T21:07:44","modified_gmt":"2016-08-14T21:07:44","slug":"viaje-en-taxi-privado-o-compartido","status":"publish","type":"page","link":"https:\/\/nicaragua-travel-guide.com\/site\/viaje-en-taxi-privado-o-compartido\/","title":{"rendered":"Viaje en Taxi Privado y  Compartido"},"content":{"rendered":"<table style=\"width: 962.6666870117188px;\" border=\"0\">\n<tbody>\n<tr style=\"height: 15.9688px;\">\n<td style=\"height: 15.9688px; width: 954.6666870117188px;\" valign=\"top\" bgcolor=\"#FFFF00\"><img loading=\"lazy\" decoding=\"async\" class=\" wp-image-10875 aligncenter\" src=\"http:\/\/nicaragua-travel-guide.com\/site\/wp-content\/uploads\/2016\/07\/headertaxiprivadotransporte.jpg\" alt=\"headertaxiprivadotransporte\" width=\"1060\" height=\"357\" srcset=\"https:\/\/nicaragua-travel-guide.com\/site\/wp-content\/uploads\/2016\/07\/headertaxiprivadotransporte.jpg 1025w, https:\/\/nicaragua-travel-guide.com\/site\/wp-content\/uploads\/2016\/07\/headertaxiprivadotransporte-600x202.jpg 600w\" sizes=\"(max-width: 1060px) 100vw, 1060px\" \/><\/td>\n<\/tr>\n<tr style=\"height: 59px;\">\n<td style=\"height: 59px; width: 954.6666870117188px;\" valign=\"top\" bgcolor=\"#FFFF00\">\n<h4>Servicio de Taxi transporte para traslado de un destino a otro, en p\u00fablico o privado a su elecci\u00f3n y de acuerdo a su capacidad. Le pondremos en contacto con servicio de conductor y opci\u00f3n ir acompa\u00f1ado con gu\u00eda tur\u00edstico bilingue.<\/h4>\n<\/td>\n<\/tr>\n<tr style=\"height: 43px;\">\n<td style=\"height: 43px; width: 954.6666870117188px;\" bgcolor=\"#FFFFFF\">\n<table style=\"width: 946.6666870117188px;\" border=\"0\">\n<tbody>\n<tr>\n<td style=\"width: 280px;\" align=\"center\" bgcolor=\"#FFFFFF\" height=\"34\">Origen<\/td>\n<td style=\"width: 40px;\" colspan=\"4\" rowspan=\"20\" valign=\"top\" bgcolor=\"#FFFF00\">\n<table border=\"0\" width=\"710\">\n<tbody>\n<tr>\n<td colspan=\"2\" bgcolor=\"#0000FF\" height=\"136\">Distancias<\/p>\n<p>por KM<\/td>\n<td bgcolor=\"#FFCC99\"><img loading=\"lazy\" decoding=\"async\" src=\"http:\/\/www.nicaragua-travel-guide.com\/imangenestres\/tablasuperiordepartamentos.jpg\" width=\"38\" height=\"120\" align=\"right\" \/><\/td>\n<td bgcolor=\"#990099\"><img loading=\"lazy\" decoding=\"async\" src=\"http:\/\/www.nicaragua-travel-guide.com\/imangenestres\/DEPARTAMENTODOS.jpg\" width=\"33\" height=\"128\" \/><\/td>\n<td bgcolor=\"#FF99FF\"><img loading=\"lazy\" decoding=\"async\" src=\"http:\/\/www.nicaragua-travel-guide.com\/imangenestres\/departamentoBoaco.jpg\" width=\"23\" height=\"130\" \/><\/td>\n<td bgcolor=\"#009900\"><img loading=\"lazy\" decoding=\"async\" src=\"http:\/\/www.nicaragua-travel-guide.com\/imangenestres\/departamentochinandega.jpg\" width=\"29\" height=\"134\" \/><\/td>\n<td bgcolor=\"#99FF99\"><img loading=\"lazy\" decoding=\"async\" src=\"http:\/\/www.nicaragua-travel-guide.com\/imangenestres\/departamentoEsteli.jpg\" width=\"24\" height=\"113\" \/><\/td>\n<td bgcolor=\"#0033FF\"><img loading=\"lazy\" decoding=\"async\" src=\"http:\/\/www.nicaragua-travel-guide.com\/imangenestres\/departamentoGranada.jpg\" width=\"28\" height=\"129\" \/><\/td>\n<td bgcolor=\"#99FFFF\"><img loading=\"lazy\" decoding=\"async\" src=\"http:\/\/www.nicaragua-travel-guide.com\/imangenestres\/departamentoJinotega.jpg\" width=\"25\" height=\"129\" \/><\/td>\n<td bgcolor=\"#FF0000\"><img loading=\"lazy\" decoding=\"async\" src=\"http:\/\/www.nicaragua-travel-guide.com\/imangenestres\/departamentoJinotepe.jpg\" width=\"23\" height=\"121\" \/><\/td>\n<td bgcolor=\"#FFFFFF\"><img loading=\"lazy\" decoding=\"async\" src=\"http:\/\/www.nicaragua-travel-guide.com\/imangenestres\/departamentoJuigalpa.jpg\" width=\"18\" height=\"124\" \/><\/td>\n<td bgcolor=\"#663399\"><img loading=\"lazy\" decoding=\"async\" src=\"http:\/\/www.nicaragua-travel-guide.com\/imangenestres\/departamentoLEON.jpg\" width=\"28\" height=\"141\" \/><\/td>\n<td bgcolor=\"#CC66FF\"><img loading=\"lazy\" decoding=\"async\" src=\"http:\/\/www.nicaragua-travel-guide.com\/imangenestres\/departamentomasaya.jpg\" width=\"24\" height=\"126\" \/><\/td>\n<td bgcolor=\"#9900CC\"><img loading=\"lazy\" decoding=\"async\" src=\"http:\/\/www.nicaragua-travel-guide.com\/imangenestres\/departamentomatagalpa.jpg\" width=\"25\" height=\"142\" \/><\/td>\n<td bgcolor=\"#FF33FF\"><img loading=\"lazy\" decoding=\"async\" src=\"http:\/\/www.nicaragua-travel-guide.com\/imangenestres\/departamentocotal.jpg\" width=\"27\" height=\"131\" \/><\/td>\n<td bgcolor=\"#669900\"><img loading=\"lazy\" decoding=\"async\" src=\"http:\/\/www.nicaragua-travel-guide.com\/imangenestres\/departamentoptocabezas.jpg\" width=\"25\" height=\"142\" \/><\/td>\n<td bgcolor=\"#CCCC66\"><img loading=\"lazy\" decoding=\"async\" src=\"http:\/\/www.nicaragua-travel-guide.com\/imangenestres\/departamentorivas.jpg\" width=\"23\" height=\"121\" \/><\/td>\n<td bgcolor=\"#663300\"><img loading=\"lazy\" decoding=\"async\" src=\"http:\/\/www.nicaragua-travel-guide.com\/imangenestres\/departamentosancarlos.jpg\" width=\"26\" height=\"131\" \/><\/td>\n<td bgcolor=\"#CC9933\"><img loading=\"lazy\" decoding=\"async\" src=\"http:\/\/www.nicaragua-travel-guide.com\/imangenestres\/departamentosomoto.jpg\" width=\"25\" height=\"130\" \/><\/td>\n<\/tr>\n<tr>\n<td bgcolor=\"#FFFFFF\" width=\"29\">A<\/td>\n<td bgcolor=\"#FFCC66\" width=\"134\"><\/td>\n<td bgcolor=\"#FFFFFF\" width=\"38\"><\/td>\n<td bgcolor=\"#9900CC\" width=\"33\"><\/td>\n<td bgcolor=\"#FF99FF\" width=\"28\"><\/td>\n<td bgcolor=\"#009900\" width=\"33\"><\/td>\n<td bgcolor=\"#99FF00\" width=\"25\"><\/td>\n<td bgcolor=\"#0033FF\" width=\"30\"><\/td>\n<td bgcolor=\"#99FFFF\" width=\"26\"><\/td>\n<td bgcolor=\"#FF0000\" width=\"23\"><\/td>\n<td bgcolor=\"#CCCCCC\" width=\"20\"><\/td>\n<td bgcolor=\"#663399\" width=\"28\"><\/td>\n<td bgcolor=\"#9999FF\" width=\"24\"><\/td>\n<td bgcolor=\"#993399\" width=\"25\"><\/td>\n<td bgcolor=\"#FF66FF\" width=\"27\"><\/td>\n<td bgcolor=\"#669900\" width=\"28\"><\/td>\n<td bgcolor=\"#CCCC00\" width=\"31\"><\/td>\n<td bgcolor=\"#663300\" width=\"28\"><\/td>\n<td bgcolor=\"#CC9900\" width=\"22\"><\/td>\n<\/tr>\n<tr>\n<td bgcolor=\"#FFFFFF\">B<\/td>\n<td valign=\"top\" bgcolor=\"#990099\" width=\"134\"><img loading=\"lazy\" decoding=\"async\" src=\"http:\/\/www.nicaragua-travel-guide.com\/imangenestres\/deapratemtoBluefields.jpg\" width=\"134\" height=\"27\" \/><\/td>\n<td bgcolor=\"#9900CC\"><\/td>\n<td bgcolor=\"#FFFFFF\"><\/td>\n<td bgcolor=\"#FF99FF\"><\/td>\n<td bgcolor=\"#009900\"><\/td>\n<td bgcolor=\"#99FF00\"><\/td>\n<td bgcolor=\"#0033FF\"><\/td>\n<td bgcolor=\"#99FFFF\"><\/td>\n<td bgcolor=\"#FF0000\"><\/td>\n<td bgcolor=\"#CCCCCC\"><\/td>\n<td bgcolor=\"#663399\"><\/td>\n<td bgcolor=\"#9999FF\"><\/td>\n<td bgcolor=\"#993399\"><\/td>\n<td bgcolor=\"#FF66FF\"><\/td>\n<td bgcolor=\"#669900\"><\/td>\n<td bgcolor=\"#CCCC00\"><\/td>\n<td bgcolor=\"#663300\"><\/td>\n<td bgcolor=\"#CC9900\"><\/td>\n<\/tr>\n<tr>\n<td bgcolor=\"#FFFFFF\">C<\/td>\n<td valign=\"top\" bgcolor=\"#FF99FF\" width=\"134\"><img loading=\"lazy\" decoding=\"async\" src=\"http:\/\/www.nicaragua-travel-guide.com\/imangenestres\/deapratemtoboacov.jpg\" width=\"133\" height=\"29\" \/><\/td>\n<td bgcolor=\"#FF99FF\"><\/td>\n<td bgcolor=\"#FF99FF\"><\/td>\n<td bgcolor=\"#FFFFFF\"><\/td>\n<td bgcolor=\"#009900\"><\/td>\n<td bgcolor=\"#99FF00\"><\/td>\n<td bgcolor=\"#0033FF\"><\/td>\n<td bgcolor=\"#99FFFF\"><\/td>\n<td bgcolor=\"#FF0000\"><\/td>\n<td bgcolor=\"#CCCCCC\"><\/td>\n<td bgcolor=\"#663399\"><\/td>\n<td bgcolor=\"#9999FF\"><\/td>\n<td bgcolor=\"#993399\"><\/td>\n<td bgcolor=\"#FF66FF\"><\/td>\n<td bgcolor=\"#669900\"><\/td>\n<td bgcolor=\"#CCCC00\"><\/td>\n<td bgcolor=\"#663300\"><\/td>\n<td bgcolor=\"#CC9900\"><\/td>\n<\/tr>\n<tr>\n<td bgcolor=\"#FFFFFF\">D<\/td>\n<td valign=\"top\" bgcolor=\"#006600\" width=\"134\"><img loading=\"lazy\" decoding=\"async\" src=\"http:\/\/www.nicaragua-travel-guide.com\/imangenestres\/deapratemtochinandegav.jpg\" width=\"139\" height=\"30\" \/><\/td>\n<td bgcolor=\"#009900\"><\/td>\n<td bgcolor=\"#009900\"><\/td>\n<td bgcolor=\"#009900\"><\/td>\n<td bgcolor=\"#FFFFFF\"><\/td>\n<td bgcolor=\"#99FF00\"><\/td>\n<td bgcolor=\"#0033FF\"><\/td>\n<td bgcolor=\"#99FFFF\"><\/td>\n<td bgcolor=\"#FF0000\"><\/td>\n<td bgcolor=\"#CCCCCC\"><\/td>\n<td bgcolor=\"#663399\"><\/td>\n<td bgcolor=\"#9999FF\"><\/td>\n<td bgcolor=\"#993399\"><\/td>\n<td bgcolor=\"#FF66FF\"><\/td>\n<td bgcolor=\"#669900\"><\/td>\n<td bgcolor=\"#CCCC00\"><\/td>\n<td bgcolor=\"#663300\"><\/td>\n<td bgcolor=\"#CC9900\"><\/td>\n<\/tr>\n<tr>\n<td bgcolor=\"#FFFFFF\">E<\/td>\n<td valign=\"top\" bgcolor=\"#99FF99\" width=\"134\"><img loading=\"lazy\" decoding=\"async\" src=\"http:\/\/www.nicaragua-travel-guide.com\/imangenestres\/deapratemtoesteliv.jpg\" width=\"122\" height=\"24\" \/><\/td>\n<td bgcolor=\"#99FF00\"><\/td>\n<td bgcolor=\"#99FF00\"><\/td>\n<td bgcolor=\"#99FF00\"><\/td>\n<td bgcolor=\"#99FF00\"><\/td>\n<td bgcolor=\"#FFFFFF\"><\/td>\n<td bgcolor=\"#0033FF\"><\/td>\n<td bgcolor=\"#99FFFF\"><\/td>\n<td bgcolor=\"#FF0000\"><\/td>\n<td bgcolor=\"#CCCCCC\"><\/td>\n<td bgcolor=\"#663399\"><\/td>\n<td bgcolor=\"#9999FF\"><\/td>\n<td bgcolor=\"#993399\"><\/td>\n<td bgcolor=\"#FF66FF\"><\/td>\n<td bgcolor=\"#669900\"><\/td>\n<td bgcolor=\"#CCCC00\"><\/td>\n<td bgcolor=\"#663300\"><\/td>\n<td bgcolor=\"#CC9900\"><\/td>\n<\/tr>\n<tr>\n<td bgcolor=\"#FFFFFF\">F<\/td>\n<td valign=\"top\" bgcolor=\"#0000FF\" width=\"134\"><img loading=\"lazy\" decoding=\"async\" src=\"http:\/\/www.nicaragua-travel-guide.com\/imangenestres\/deapratemtogranadav.jpg\" width=\"128\" height=\"26\" \/><\/td>\n<td bgcolor=\"#0066FF\"><\/td>\n<td bgcolor=\"#0066FF\"><\/td>\n<td bgcolor=\"#0066FF\"><\/td>\n<td bgcolor=\"#0066FF\"><\/td>\n<td bgcolor=\"#0066FF\"><\/td>\n<td bgcolor=\"#FFFFFF\"><\/td>\n<td bgcolor=\"#99FFFF\"><\/td>\n<td bgcolor=\"#FF0000\"><\/td>\n<td bgcolor=\"#CCCCCC\"><\/td>\n<td bgcolor=\"#663399\"><\/td>\n<td bgcolor=\"#9999FF\"><\/td>\n<td bgcolor=\"#993399\"><\/td>\n<td bgcolor=\"#FF66FF\"><\/td>\n<td bgcolor=\"#669900\"><\/td>\n<td bgcolor=\"#CCCC00\"><\/td>\n<td bgcolor=\"#663300\"><\/td>\n<td bgcolor=\"#CC9900\"><\/td>\n<\/tr>\n<tr>\n<td bgcolor=\"#FFFFFF\">G<\/td>\n<td valign=\"top\" bgcolor=\"#99FFFF\" width=\"134\"><img loading=\"lazy\" decoding=\"async\" src=\"http:\/\/www.nicaragua-travel-guide.com\/imangenestres\/deapratemtojinotegavert.jpg\" width=\"128\" height=\"28\" \/><\/td>\n<td bgcolor=\"#99FFFF\"><\/td>\n<td bgcolor=\"#99FFFF\"><\/td>\n<td bgcolor=\"#99FFFF\"><\/td>\n<td bgcolor=\"#99FFFF\"><\/td>\n<td bgcolor=\"#99FFFF\"><\/td>\n<td bgcolor=\"#99FFFF\"><\/td>\n<td bgcolor=\"#FFFFFF\"><\/td>\n<td bgcolor=\"#FF0000\"><\/td>\n<td bgcolor=\"#CCCCCC\"><\/td>\n<td bgcolor=\"#663399\"><\/td>\n<td bgcolor=\"#9999FF\"><\/td>\n<td bgcolor=\"#993399\"><\/td>\n<td bgcolor=\"#FF66FF\"><\/td>\n<td bgcolor=\"#669900\"><\/td>\n<td bgcolor=\"#CCCC00\"><\/td>\n<td bgcolor=\"#663300\"><\/td>\n<td bgcolor=\"#CC9900\"><\/td>\n<\/tr>\n<tr>\n<td bgcolor=\"#FFFFFF\">H<\/td>\n<td valign=\"top\" bgcolor=\"#FF0000\" width=\"134\"><img loading=\"lazy\" decoding=\"async\" src=\"http:\/\/www.nicaragua-travel-guide.com\/imangenestres\/deapratemtojinotepevert.jpg\" width=\"128\" height=\"28\" \/><\/td>\n<td bgcolor=\"#FF0000\"><\/td>\n<td bgcolor=\"#FF0000\"><\/td>\n<td bgcolor=\"#FF0000\"><\/td>\n<td bgcolor=\"#FF0000\"><\/td>\n<td bgcolor=\"#FF0000\"><\/td>\n<td bgcolor=\"#FF0000\"><\/td>\n<td bgcolor=\"#FF0000\"><\/td>\n<td bgcolor=\"#FFFFFF\"><\/td>\n<td bgcolor=\"#CCCCCC\"><\/td>\n<td bgcolor=\"#663399\"><\/td>\n<td bgcolor=\"#9999FF\"><\/td>\n<td bgcolor=\"#993399\"><\/td>\n<td bgcolor=\"#FF66FF\"><\/td>\n<td bgcolor=\"#669900\"><\/td>\n<td bgcolor=\"#CCCC00\"><\/td>\n<td bgcolor=\"#663300\"><\/td>\n<td bgcolor=\"#CC9900\"><\/td>\n<\/tr>\n<tr>\n<td valign=\"bottom\" bgcolor=\"#FFFFFF\">I<\/td>\n<td valign=\"top\" bgcolor=\"#FFFFFF\" width=\"134\"><img loading=\"lazy\" decoding=\"async\" src=\"http:\/\/www.nicaragua-travel-guide.com\/imangenestres\/deapratemtojuigalpavert.jpg\" width=\"128\" height=\"24\" \/><\/td>\n<td bgcolor=\"#CCCCCC\"><\/td>\n<td bgcolor=\"#CCCCCC\"><\/td>\n<td bgcolor=\"#CCCCCC\"><\/td>\n<td bgcolor=\"#CCCCCC\"><\/td>\n<td bgcolor=\"#CCCCCC\"><\/td>\n<td bgcolor=\"#CCCCCC\"><\/td>\n<td bgcolor=\"#CCCCCC\"><\/td>\n<td bgcolor=\"#CCCCCC\"><\/td>\n<td bgcolor=\"#FFFFFF\"><\/td>\n<td bgcolor=\"#663399\"><\/td>\n<td bgcolor=\"#9999FF\"><\/td>\n<td bgcolor=\"#993399\"><\/td>\n<td bgcolor=\"#FF66FF\"><\/td>\n<td bgcolor=\"#669900\"><\/td>\n<td bgcolor=\"#CCCC00\"><\/td>\n<td bgcolor=\"#663300\"><\/td>\n<td bgcolor=\"#CC9900\"><\/td>\n<\/tr>\n<tr>\n<td bgcolor=\"#FFFFFF\">J<\/td>\n<td valign=\"top\" bgcolor=\"#660099\" width=\"134\"><img loading=\"lazy\" decoding=\"async\" src=\"http:\/\/www.nicaragua-travel-guide.com\/imangenestres\/deapratemtoleonvert.jpg\" width=\"128\" height=\"25\" \/><\/td>\n<td bgcolor=\"#663399\"><\/td>\n<td bgcolor=\"#663399\"><\/td>\n<td bgcolor=\"#663399\"><\/td>\n<td bgcolor=\"#663399\"><\/td>\n<td bgcolor=\"#663399\"><\/td>\n<td bgcolor=\"#663399\"><\/td>\n<td bgcolor=\"#663399\"><\/td>\n<td bgcolor=\"#663399\"><\/td>\n<td bgcolor=\"#663399\"><\/td>\n<td bgcolor=\"#FFFFFF\"><\/td>\n<td bgcolor=\"#9999FF\"><\/td>\n<td bgcolor=\"#993399\"><\/td>\n<td bgcolor=\"#FF66FF\"><\/td>\n<td bgcolor=\"#669900\"><\/td>\n<td bgcolor=\"#CCCC00\"><\/td>\n<td bgcolor=\"#663300\"><\/td>\n<td bgcolor=\"#CC9900\"><\/td>\n<\/tr>\n<tr>\n<td bgcolor=\"#FFFFFF\">K<\/td>\n<td valign=\"top\" bgcolor=\"#9966FF\" width=\"134\"><img loading=\"lazy\" decoding=\"async\" src=\"http:\/\/www.nicaragua-travel-guide.com\/imangenestres\/deapratemtomasayavert.jpg\" width=\"128\" height=\"34\" \/><\/td>\n<td bgcolor=\"#9999FF\"><\/td>\n<td bgcolor=\"#9999FF\"><\/td>\n<td bgcolor=\"#9999FF\"><\/td>\n<td bgcolor=\"#9999FF\"><\/td>\n<td bgcolor=\"#9999FF\"><\/td>\n<td bgcolor=\"#9999FF\"><\/td>\n<td bgcolor=\"#9999FF\"><\/td>\n<td bgcolor=\"#9999FF\"><\/td>\n<td bgcolor=\"#9999FF\"><\/td>\n<td bgcolor=\"#9999FF\"><\/td>\n<td bgcolor=\"#FFFFFF\"><\/td>\n<td bgcolor=\"#993399\"><\/td>\n<td bgcolor=\"#FF66FF\"><\/td>\n<td bgcolor=\"#669900\"><\/td>\n<td bgcolor=\"#CCCC00\"><\/td>\n<td bgcolor=\"#663300\"><\/td>\n<td bgcolor=\"#CC9900\"><\/td>\n<\/tr>\n<tr>\n<td bgcolor=\"#FFFFFF\">L<\/td>\n<td valign=\"top\" bgcolor=\"#9933CC\" width=\"134\"><img loading=\"lazy\" decoding=\"async\" src=\"http:\/\/www.nicaragua-travel-guide.com\/imangenestres\/deapratemtomatagalpavert.jpg\" width=\"129\" height=\"30\" \/><\/td>\n<td bgcolor=\"#993399\"><\/td>\n<td bgcolor=\"#993399\"><\/td>\n<td bgcolor=\"#993399\"><\/td>\n<td bgcolor=\"#993399\"><\/td>\n<td bgcolor=\"#993399\"><\/td>\n<td bgcolor=\"#993399\"><\/td>\n<td bgcolor=\"#993399\"><\/td>\n<td bgcolor=\"#993399\"><\/td>\n<td bgcolor=\"#993399\"><\/td>\n<td bgcolor=\"#993399\"><\/td>\n<td bgcolor=\"#993399\"><\/td>\n<td bgcolor=\"#FFFFFF\"><\/td>\n<td bgcolor=\"#FF66FF\"><\/td>\n<td bgcolor=\"#669900\"><\/td>\n<td bgcolor=\"#CCCC00\"><\/td>\n<td bgcolor=\"#663300\"><\/td>\n<td bgcolor=\"#CC9900\"><\/td>\n<\/tr>\n<tr>\n<td bgcolor=\"#FFFFFF\">M<\/td>\n<td valign=\"top\" bgcolor=\"#FF33FF\" width=\"134\"><img loading=\"lazy\" decoding=\"async\" src=\"http:\/\/www.nicaragua-travel-guide.com\/imangenestres\/deapratemtocotalvert.jpg\" width=\"128\" height=\"28\" \/><\/td>\n<td bgcolor=\"#FF66FF\"><\/td>\n<td bgcolor=\"#FF66FF\"><\/td>\n<td bgcolor=\"#FF66FF\"><\/td>\n<td bgcolor=\"#FF66FF\"><\/td>\n<td bgcolor=\"#FF66FF\"><\/td>\n<td bgcolor=\"#FF66FF\"><\/td>\n<td bgcolor=\"#FF66FF\"><\/td>\n<td bgcolor=\"#FF66FF\"><\/td>\n<td bgcolor=\"#FF66FF\"><\/td>\n<td bgcolor=\"#FF66FF\"><\/td>\n<td bgcolor=\"#FF66FF\"><\/td>\n<td bgcolor=\"#FF66FF\"><\/td>\n<td bgcolor=\"#FFFFFF\"><\/td>\n<td bgcolor=\"#669900\"><\/td>\n<td bgcolor=\"#CCCC00\"><\/td>\n<td bgcolor=\"#663300\"><\/td>\n<td bgcolor=\"#CC9900\"><\/td>\n<\/tr>\n<tr>\n<td bgcolor=\"#FFFFFF\">N<\/td>\n<td valign=\"top\" bgcolor=\"#669933\" width=\"134\"><img loading=\"lazy\" decoding=\"async\" src=\"http:\/\/www.nicaragua-travel-guide.com\/imangenestres\/deapratemtopuertocabezasv.jpg\" width=\"142\" height=\"27\" \/><\/td>\n<td bgcolor=\"#009900\"><\/td>\n<td bgcolor=\"#009900\"><\/td>\n<td bgcolor=\"#009900\"><\/td>\n<td bgcolor=\"#009900\"><\/td>\n<td bgcolor=\"#009900\"><\/td>\n<td bgcolor=\"#009900\"><\/td>\n<td bgcolor=\"#009900\"><\/td>\n<td bgcolor=\"#009900\"><\/td>\n<td bgcolor=\"#009900\"><\/td>\n<td bgcolor=\"#009900\"><\/td>\n<td bgcolor=\"#009900\"><\/td>\n<td bgcolor=\"#009900\"><\/td>\n<td bgcolor=\"#009900\"><\/td>\n<td bgcolor=\"#FFFFFF\"><\/td>\n<td bgcolor=\"#CCCC00\"><\/td>\n<td bgcolor=\"#663300\"><\/td>\n<td bgcolor=\"#CC9900\"><\/td>\n<\/tr>\n<tr>\n<td bgcolor=\"#FFFFFF\" width=\"29\">O<\/td>\n<td valign=\"top\" bgcolor=\"#CCCC66\" width=\"134\"><img loading=\"lazy\" decoding=\"async\" src=\"http:\/\/www.nicaragua-travel-guide.com\/imangenestres\/deapratemtorivasvert.jpg\" width=\"128\" height=\"32\" \/><\/td>\n<td bgcolor=\"#CCCC00\"><\/td>\n<td bgcolor=\"#CCCC00\"><\/td>\n<td bgcolor=\"#CCCC00\"><\/td>\n<td bgcolor=\"#CCCC00\"><\/td>\n<td bgcolor=\"#CCCC00\"><\/td>\n<td bgcolor=\"#CCCC00\"><\/td>\n<td bgcolor=\"#CCCC00\"><\/td>\n<td bgcolor=\"#CCCC00\"><\/td>\n<td bgcolor=\"#CCCC00\"><\/td>\n<td bgcolor=\"#CCCC00\"><\/td>\n<td bgcolor=\"#CCCC00\"><\/td>\n<td bgcolor=\"#CCCC00\"><\/td>\n<td bgcolor=\"#CCCC00\"><\/td>\n<td bgcolor=\"#CCCC00\"><\/td>\n<td bgcolor=\"#FFFFFF\"><\/td>\n<td bgcolor=\"#663300\"><\/td>\n<td bgcolor=\"#CC9900\"><\/td>\n<\/tr>\n<tr>\n<td bgcolor=\"#FFFFFF\" width=\"29\">P<\/td>\n<td valign=\"top\" bgcolor=\"#663300\" width=\"134\"><img loading=\"lazy\" decoding=\"async\" src=\"http:\/\/www.nicaragua-travel-guide.com\/imangenestres\/deapratemtosancarlosvert.jpg\" width=\"121\" height=\"25\" \/><\/td>\n<td bgcolor=\"#663333\"><\/td>\n<td bgcolor=\"#663333\"><\/td>\n<td bgcolor=\"#663333\"><\/td>\n<td bgcolor=\"#663333\"><\/td>\n<td bgcolor=\"#663333\"><\/td>\n<td bgcolor=\"#663333\"><\/td>\n<td bgcolor=\"#663333\"><\/td>\n<td bgcolor=\"#663333\"><\/td>\n<td bgcolor=\"#663333\"><\/td>\n<td bgcolor=\"#663333\"><\/td>\n<td bgcolor=\"#663333\"><\/td>\n<td bgcolor=\"#663333\"><\/td>\n<td bgcolor=\"#663333\"><\/td>\n<td bgcolor=\"#663333\"><\/td>\n<td bgcolor=\"#663333\"><\/td>\n<td bgcolor=\"#FFFFFF\"><\/td>\n<td bgcolor=\"#CC9900\"><\/td>\n<\/tr>\n<tr>\n<td bgcolor=\"#FFFFFF\" width=\"29\" height=\"29\">Q<\/td>\n<td valign=\"top\" bgcolor=\"#CC9966\" width=\"134\"><img loading=\"lazy\" decoding=\"async\" src=\"http:\/\/www.nicaragua-travel-guide.com\/imangenestres\/deapratemtosomotovert.jpg\" width=\"126\" height=\"27\" \/><\/td>\n<td bgcolor=\"#CC9900\"><\/td>\n<td bgcolor=\"#CC9900\"><\/td>\n<td bgcolor=\"#CC9900\"><\/td>\n<td bgcolor=\"#CC9900\"><\/td>\n<td bgcolor=\"#CC9900\"><\/td>\n<td bgcolor=\"#CC9900\"><\/td>\n<td bgcolor=\"#CC9900\"><\/td>\n<td bgcolor=\"#CC9900\"><\/td>\n<td bgcolor=\"#CC9900\"><\/td>\n<td bgcolor=\"#CC9900\"><\/td>\n<td bgcolor=\"#CC9900\"><\/td>\n<td bgcolor=\"#CC9900\"><\/td>\n<td bgcolor=\"#CC9900\"><\/td>\n<td bgcolor=\"#CC9900\"><\/td>\n<td bgcolor=\"#CC9900\"><\/td>\n<td bgcolor=\"#CC9900\"><\/td>\n<td bgcolor=\"#FFFFFF\"><\/td>\n<\/tr>\n<\/tbody>\n<\/table>\n<\/td>\n<\/tr>\n<tr>\n<td style=\"width: 280px;\" align=\"center\" bgcolor=\"#FFFFFF\" height=\"35\">Managua<\/td>\n<\/tr>\n<tr>\n<td style=\"width: 280px;\" align=\"center\" bgcolor=\"#FFFFFF\" height=\"31\">Estel\u00ed<\/td>\n<\/tr>\n<tr>\n<td style=\"width: 280px;\" align=\"center\" bgcolor=\"#0000FF\" height=\"32\">Granada<\/td>\n<\/tr>\n<tr>\n<td style=\"width: 280px;\" bgcolor=\"#0000FF\" height=\"35\">Taxi 4 pasajeros con gu\u00eda<\/td>\n<\/tr>\n<tr>\n<td style=\"width: 280px;\" bgcolor=\"#CCFFFF\">Van 7 pasajeros con gu\u00eda<\/td>\n<\/tr>\n<tr bgcolor=\"#FFCC00\">\n<td style=\"width: 280px;\" bgcolor=\"#CCFFFF\">Microbus Toyota Hiace \u00a015 pasajeros<\/td>\n<\/tr>\n<tr bgcolor=\"#FFCC00\">\n<td style=\"width: 280px;\" bgcolor=\"#CCFFFF\">Carro Yaris 5 pasajeros<\/td>\n<\/tr>\n<tr bgcolor=\"#FFCC00\">\n<td style=\"width: 280px;\" bgcolor=\"#CCFFFF\">Toyota Land Cruiser 4&#215;4 8 pasajeros<\/td>\n<\/tr>\n<tr bgcolor=\"#FFCC00\">\n<td style=\"width: 280px;\" bgcolor=\"#CCFFFF\">Ford Runner 4&#215;4 8 pasajeros<\/td>\n<\/tr>\n<tr bgcolor=\"#FFCC00\">\n<td style=\"width: 280px;\" bgcolor=\"#CCFFFF\">Camioneta 1 Cabina 2 pasajeros<\/td>\n<\/tr>\n<tr bgcolor=\"#FFCC00\">\n<td style=\"width: 280px;\" bgcolor=\"#CCFFFF\">Camioneta HILUX \u00a0dobleC \u00a05 pasajeros<\/td>\n<\/tr>\n<tr bgcolor=\"#FFCC00\">\n<td style=\"width: 280px;\" bgcolor=\"#CCFFFF\">Bus Coaster 29 pasajeros<\/td>\n<\/tr>\n<tr bgcolor=\"#FFCC00\">\n<td style=\"width: 280px;\" bgcolor=\"#CCFFFF\">BUS Higer 34 \/45 pasajeros<\/td>\n<\/tr>\n<tr bgcolor=\"#FFCC00\">\n<td style=\"width: 280px;\" bgcolor=\"#CCFFFF\">B\u00a0<b>Marcopolo\u00a0<\/b>45\/ 50\/ 59 pasajeros<\/td>\n<\/tr>\n<tr bgcolor=\"#FFCC00\">\n<td style=\"width: 280px;\" bgcolor=\"#CCFFFF\">Bus Escolar \u00a060 \/70 \u00a0pasajeros<\/td>\n<\/tr>\n<tr bgcolor=\"#FFCC00\">\n<td style=\"width: 280px;\" bgcolor=\"#FFFFFF\"><\/td>\n<\/tr>\n<tr bgcolor=\"#FFCC00\">\n<td style=\"width: 280px;\" bgcolor=\"#FFFFFF\" height=\"33\"><\/td>\n<\/tr>\n<tr bgcolor=\"#FFCC00\">\n<td style=\"width: 280px;\" bgcolor=\"#FFFFFF\" height=\"25\"><\/td>\n<\/tr>\n<tr bgcolor=\"#FFCC00\">\n<td style=\"width: 280px;\" bgcolor=\"#FFFFFF\">Una V\u00eda:<\/td>\n<\/tr>\n<tr>\n<td style=\"width: 320px;\" colspan=\"5\" bgcolor=\"#FFFFFF\">\n<table style=\"width: 960px;\" border=\"0\">\n<tbody>\n<tr>\n<td style=\"width: 46px;\" bgcolor=\"#FFFFCC\">A+B<\/td>\n<td style=\"width: 47px;\" bgcolor=\"#FFFFCC\">A+C<\/td>\n<td style=\"width: 52px;\" bgcolor=\"#FFFFCC\">A+D<\/td>\n<td style=\"width: 56px;\" bgcolor=\"#FFFFCC\">A+E<\/td>\n<td style=\"width: 50px;\" bgcolor=\"#FFFFCC\">A+F<\/td>\n<td style=\"width: 54px;\" bgcolor=\"#FFFFCC\">A+G<\/td>\n<td style=\"width: 55px;\" bgcolor=\"#FFFFCC\">A+H<\/td>\n<td style=\"width: 55px;\" bgcolor=\"#FFFFCC\">A+I<\/td>\n<td style=\"width: 52px;\" bgcolor=\"#FFFFCC\">A+J<\/td>\n<td style=\"width: 64px;\" bgcolor=\"#FFFFCC\">A+K<\/td>\n<td style=\"width: 47px;\" bgcolor=\"#FFFFCC\">A+L<\/td>\n<td style=\"width: 51px;\" bgcolor=\"#FFFFCC\">A+M<\/td>\n<td style=\"width: 237px;\" bgcolor=\"#FFFFCC\">A+N<\/td>\n<\/tr>\n<\/tbody>\n<\/table>\n<\/td>\n<\/tr>\n<tr>\n<td style=\"width: 320px;\" colspan=\"5\" bgcolor=\"#FFFFFF\">Ida y Vuelta: horas de servicio:con espera en parqueo.<\/td>\n<\/tr>\n<tr>\n<td style=\"width: 320px;\" colspan=\"5\" bgcolor=\"#FFFFFF\">\n<table style=\"width: 945.3333740234375px;\" border=\"0\">\n<tbody>\n<tr>\n<td style=\"width: 46px;\" bgcolor=\"#FFFFCC\">A+B<\/td>\n<td style=\"width: 47px;\" bgcolor=\"#FFFFCC\">A+C<\/td>\n<td style=\"width: 52px;\" bgcolor=\"#FFFFCC\">A+D<\/td>\n<td style=\"width: 56px;\" bgcolor=\"#FFFFCC\">A+E<\/td>\n<td style=\"width: 50px;\" bgcolor=\"#FFFFCC\">A+F<\/td>\n<td style=\"width: 54px;\" bgcolor=\"#FFFFCC\">A+G<\/td>\n<td style=\"width: 55px;\" bgcolor=\"#FFFFCC\">A+H<\/td>\n<td style=\"width: 55px;\" bgcolor=\"#FFFFCC\">A+I<\/td>\n<td style=\"width: 52px;\" bgcolor=\"#FFFFCC\">A+J<\/td>\n<td style=\"width: 64px;\" bgcolor=\"#FFFFCC\">A+K<\/td>\n<td style=\"width: 47px;\" bgcolor=\"#FFFFCC\">A+L<\/td>\n<td style=\"width: 51px;\" bgcolor=\"#FFFFCC\">A+M<\/td>\n<td style=\"width: 222.3333740234375px;\" bgcolor=\"#FFFFCC\">A+N<\/td>\n<\/tr>\n<\/tbody>\n<\/table>\n<\/td>\n<\/tr>\n<tr>\n<td style=\"width: 320px;\" colspan=\"5\" bgcolor=\"#FFFFFF\">Managua:Tour Nocturno: Transfer desde Managua hacia la zona viva por la noche. Horas:8:00pm-12:00pm<\/td>\n<\/tr>\n<tr>\n<td style=\"width: 320px;\" colspan=\"5\" bgcolor=\"#FFFFFF\">Managua: City Tour + Masaya Volcano:Transfer desde Managua hacia el centro hist\u00f3rico.<\/td>\n<\/tr>\n<tr>\n<td style=\"width: 320px;\" colspan=\"5\" bgcolor=\"#FFFFFF\">Esteli -Granada- Esteli: Ida y vuelta (todo el d\u00eda) 12 horas.<\/td>\n<\/tr>\n<tr>\n<td style=\"width: 320px;\" colspan=\"5\" bgcolor=\"#FFFFCC\">Viaje en privado con conductor \/ veh\u00edculo a su elecci\u00f3n con y sin aire acondicionado.<\/td>\n<\/tr>\n<\/tbody>\n<\/table>\n<\/td>\n<\/tr>\n<tr style=\"height: 21px;\">\n<td style=\"height: 21px; width: 954.6666870117188px;\" valign=\"top\" bgcolor=\"#FFFF00\"><img loading=\"lazy\" decoding=\"async\" class=\"alignnone size-full wp-image-10876\" src=\"http:\/\/nicaragua-travel-guide.com\/site\/wp-content\/uploads\/2016\/07\/headertransffergranadamanaguaairportcarrotoyotacorolla.jpg\" alt=\"headertransffergranadamanaguaairportcarrotoyotacorolla\" width=\"1025\" height=\"345\" srcset=\"https:\/\/nicaragua-travel-guide.com\/site\/wp-content\/uploads\/2016\/07\/headertransffergranadamanaguaairportcarrotoyotacorolla.jpg 1025w, https:\/\/nicaragua-travel-guide.com\/site\/wp-content\/uploads\/2016\/07\/headertransffergranadamanaguaairportcarrotoyotacorolla-600x202.jpg 600w\" sizes=\"(max-width: 1025px) 100vw, 1025px\" \/><\/td>\n<\/tr>\n<tr style=\"height: 21px;\">\n<td style=\"height: 21px; width: 954.6666870117188px;\" valign=\"top\" bgcolor=\"#FFFF00\">Por mayor informaci\u00f3n y reservaci\u00f3n <strong>Contactarnos<\/strong><\/td>\n<\/tr>\n<\/tbody>\n<\/table>\n","protected":false},"excerpt":{"rendered":"<p>Servicio de Taxi transporte para traslado de un destino a otro, en p\u00fablico o privado a su elecci\u00f3n y de acuerdo a su capacidad. Le pondremos en contacto con servicio de conductor y opci\u00f3n ir acompa\u00f1ado con gu\u00eda tur\u00edstico bilingue. Origen Distancias por KM A B C D E F G H I J K [&hellip;]<\/p>\n","protected":false},"author":2,"featured_media":0,"parent":0,"menu_order":0,"comment_status":"closed","ping_status":"closed","template":"","meta":{"footnotes":""},"_links":{"self":[{"href":"https:\/\/nicaragua-travel-guide.com\/site\/wp-json\/wp\/v2\/pages\/6604"}],"collection":[{"href":"https:\/\/nicaragua-travel-guide.com\/site\/wp-json\/wp\/v2\/pages"}],"about":[{"href":"https:\/\/nicaragua-travel-guide.com\/site\/wp-json\/wp\/v2\/types\/page"}],"author":[{"embeddable":true,"href":"https:\/\/nicaragua-travel-guide.com\/site\/wp-json\/wp\/v2\/users\/2"}],"replies":[{"embeddable":true,"href":"https:\/\/nicaragua-travel-guide.com\/site\/wp-json\/wp\/v2\/comments?post=6604"}],"version-history":[{"count":11,"href":"https:\/\/nicaragua-travel-guide.com\/site\/wp-json\/wp\/v2\/pages\/6604\/revisions"}],"predecessor-version":[{"id":10894,"href":"https:\/\/nicaragua-travel-guide.com\/site\/wp-json\/wp\/v2\/pages\/6604\/revisions\/10894"}],"wp:attachment":[{"href":"https:\/\/nicaragua-travel-guide.com\/site\/wp-json\/wp\/v2\/media?parent=6604"}],"curies":[{"name":"wp","href":"https:\/\/api.w.org\/{rel}","templated":true}]}}