{"id":6635,"date":"2016-07-13T15:14:16","date_gmt":"2016-07-13T15:14:16","guid":{"rendered":"http:\/\/nicaragua-travel-guide.com\/site\/?page_id=6635"},"modified":"2016-08-14T21:21:55","modified_gmt":"2016-08-14T21:21:55","slug":"bus-toyota-coaster-nicaragua-viaje-privado-con-conductor-incluido","status":"publish","type":"page","link":"https:\/\/nicaragua-travel-guide.com\/site\/bus-toyota-coaster-nicaragua-viaje-privado-con-conductor-incluido\/","title":{"rendered":"\u00abBus Toyota Coaster\u00bb Nicaragua Viaje privado con conductor incluido."},"content":{"rendered":"<table style=\"width: 1051.3333740234375px;\" border=\"0\">\n<tbody>\n<tr style=\"height: 262px;\">\n<td style=\"height: 262px; width: 953.3333740234375px;\" bgcolor=\"#FFFFFF\"><img loading=\"lazy\" decoding=\"async\" class=\"alignnone  wp-image-5117\" src=\"http:\/\/nicaragua-travel-guide.com\/site\/wp-content\/uploads\/2016\/06\/headertransportealquileryviajes.jpg\" alt=\"headertransportealquileryviajes\" width=\"1046\" height=\"352\" srcset=\"https:\/\/nicaragua-travel-guide.com\/site\/wp-content\/uploads\/2016\/06\/headertransportealquileryviajes.jpg 1025w, https:\/\/nicaragua-travel-guide.com\/site\/wp-content\/uploads\/2016\/06\/headertransportealquileryviajes-600x202.jpg 600w\" sizes=\"(max-width: 1046px) 100vw, 1046px\" \/><\/td>\n<\/tr>\n<tr style=\"height: 25px;\">\n<td style=\"height: 25px; width: 953.3333740234375px;\" valign=\"top\" bgcolor=\"#FFFF00\">\n<h4>Servicio de transporte, traslado de un destino a otro, en veh\u00edculo p\u00fablico o privado a su elecci\u00f3n y de acuerdo a su capacidad. Le pondremos en contacto con servicio de conductor y opci\u00f3n ir acompa\u00f1ado con gu\u00eda tur\u00edstico bilingue.<\/h4>\n<\/td>\n<\/tr>\n<tr style=\"height: 25px;\">\n<td style=\"height: 25px; width: 953.3333740234375px;\" valign=\"top\" bgcolor=\"#FFFF00\">Unidad de Bus <strong>Toyota Coaster<\/strong><\/td>\n<\/tr>\n<tr style=\"height: 25px;\">\n<td style=\"height: 25px; width: 953.3333740234375px;\" valign=\"top\" bgcolor=\"#FFFF00\"><img loading=\"lazy\" decoding=\"async\" class=\"alignnone  wp-image-10874\" src=\"http:\/\/nicaragua-travel-guide.com\/site\/wp-content\/uploads\/2016\/07\/headercoastertransportenicaraguagranada-1.jpg\" alt=\"headercoastertransportenicaraguagranada\" width=\"1040\" height=\"350\" srcset=\"https:\/\/nicaragua-travel-guide.com\/site\/wp-content\/uploads\/2016\/07\/headercoastertransportenicaraguagranada-1.jpg 1025w, https:\/\/nicaragua-travel-guide.com\/site\/wp-content\/uploads\/2016\/07\/headercoastertransportenicaraguagranada-1-600x202.jpg 600w\" sizes=\"(max-width: 1040px) 100vw, 1040px\" \/><\/td>\n<\/tr>\n<tr style=\"height: 43px;\">\n<td style=\"height: 43px; width: 953.3333740234375px;\" bgcolor=\"#FFFFFF\">\n<table style=\"width: 1041px;\" border=\"0\">\n<tbody>\n<tr style=\"height: 46px;\">\n<td style=\"width: 103.66667175292969px; height: 46px;\" bgcolor=\"#FFFFFF\">Car\/Truck<\/td>\n<td style=\"width: 103.33332824707031px; height: 46px;\" bgcolor=\"#FFFF00\"><a href=\"http:\/\/nicaragua-travel-guide.com\/site\/viaje-en-taxi-privado-o-compartido\/\">Taxi 4 pax<\/a><\/td>\n<td style=\"width: 98px; height: 46px;\" bgcolor=\"#FFFF00\">Van7 pax<\/td>\n<td style=\"width: 139px; height: 46px;\" bgcolor=\"#FFFF00\">Microbus 15 pax<\/td>\n<td style=\"width: 139px; height: 46px;\" bgcolor=\"#FFFF00\">Coaster 29pax<\/td>\n<td style=\"width: 126px; height: 46px;\" bgcolor=\"#FFFF00\">Higher 37pax<\/td>\n<td style=\"width: 236px; height: 46px;\" bgcolor=\"#FFFF00\"><a href=\"http:\/\/nicaragua-travel-guide.com\/site\/bus-marcopolo-viaje-privado-nicaragua\/\"><strong>Marcopolo<\/strong>\u00a045 \/ 55 \/70 pax<\/a><\/td>\n<td style=\"width: 134px; height: 46px;\" bgcolor=\"#FFFF00\">SchoolBus60pax<\/td>\n<\/tr>\n<\/tbody>\n<\/table>\n<\/td>\n<\/tr>\n<tr style=\"height: 379px;\">\n<td style=\"height: 379px; width: 953.3333740234375px;\" valign=\"top\" bgcolor=\"#FFFF00\">\n<table style=\"width: 1043.3333740234375px;\" border=\"0\">\n<tbody>\n<tr>\n<td style=\"width: 14px;\" bgcolor=\"#FFFFFF\">A<\/td>\n<td style=\"width: 135.3333282470703px;\" bgcolor=\"#FFFFFF\">Origen Granada<\/td>\n<td style=\"width: 871.3333129882813px;\" colspan=\"4\" rowspan=\"14\" valign=\"top\" bgcolor=\"#FFFFFF\">\n<table border=\"0\" width=\"837\">\n<tbody>\n<tr style=\"height: 21px;\">\n<td style=\"height: 21px;\" width=\"109\"><\/td>\n<td style=\"height: 21px;\" width=\"65\"><\/td>\n<td style=\"height: 21px;\" width=\"139\"><\/td>\n<td style=\"height: 21px;\" width=\"158\"><\/td>\n<td style=\"height: 21px;\" width=\"196\"><\/td>\n<td style=\"height: 21px;\" width=\"144\"><\/td>\n<\/tr>\n<tr style=\"height: 23.5244px;\">\n<td style=\"height: 23.5244px;\">A+B<\/td>\n<td style=\"height: 23.5244px;\"><\/td>\n<td style=\"height: 23.5244px;\"><\/td>\n<td style=\"height: 23.5244px;\"><\/td>\n<td style=\"height: 23.5244px;\"><\/td>\n<td style=\"height: 23.5244px;\"><\/td>\n<\/tr>\n<tr style=\"height: 21px;\">\n<td style=\"height: 21px;\">A+C<\/td>\n<td style=\"height: 21px;\"><\/td>\n<td style=\"height: 21px;\"><\/td>\n<td style=\"height: 21px;\"><\/td>\n<td style=\"height: 21px;\"><\/td>\n<td style=\"height: 21px;\"><\/td>\n<\/tr>\n<tr style=\"height: 21px;\">\n<td style=\"height: 21px;\">A+D<\/td>\n<td style=\"height: 21px;\"><\/td>\n<td style=\"height: 21px;\"><\/td>\n<td style=\"height: 21px;\"><\/td>\n<td style=\"height: 21px;\"><\/td>\n<td style=\"height: 21px;\"><\/td>\n<\/tr>\n<tr style=\"height: 21px;\">\n<td style=\"height: 21px;\">A+E<\/td>\n<td style=\"height: 21px;\"><\/td>\n<td style=\"height: 21px;\"><\/td>\n<td style=\"height: 21px;\"><\/td>\n<td style=\"height: 21px;\"><\/td>\n<td style=\"height: 21px;\"><\/td>\n<\/tr>\n<tr style=\"height: 21px;\">\n<td style=\"height: 21px;\">A+F<\/td>\n<td style=\"height: 21px;\"><\/td>\n<td style=\"height: 21px;\"><\/td>\n<td style=\"height: 21px;\"><\/td>\n<td style=\"height: 21px;\"><\/td>\n<td style=\"height: 21px;\"><\/td>\n<\/tr>\n<tr style=\"height: 21px;\">\n<td style=\"height: 21px;\">A+G<\/td>\n<td style=\"height: 21px;\"><\/td>\n<td style=\"height: 21px;\"><\/td>\n<td style=\"height: 21px;\"><\/td>\n<td style=\"height: 21px;\"><\/td>\n<td style=\"height: 21px;\"><\/td>\n<\/tr>\n<tr style=\"height: 21px;\">\n<td style=\"height: 21px;\">A+H<\/td>\n<td style=\"height: 21px;\"><\/td>\n<td style=\"height: 21px;\"><\/td>\n<td style=\"height: 21px;\"><\/td>\n<td style=\"height: 21px;\"><\/td>\n<td style=\"height: 21px;\"><\/td>\n<\/tr>\n<tr style=\"height: 21px;\">\n<td style=\"height: 21px;\">A+I<\/td>\n<td style=\"height: 21px;\"><\/td>\n<td style=\"height: 21px;\"><\/td>\n<td style=\"height: 21px;\"><\/td>\n<td style=\"height: 21px;\"><\/td>\n<td style=\"height: 21px;\"><\/td>\n<\/tr>\n<tr style=\"height: 21px;\">\n<td style=\"height: 21px;\">A+J<\/td>\n<td style=\"height: 21px;\"><\/td>\n<td style=\"height: 21px;\"><\/td>\n<td style=\"height: 21px;\"><\/td>\n<td style=\"height: 21px;\"><\/td>\n<td style=\"height: 21px;\"><\/td>\n<\/tr>\n<tr style=\"height: 21px;\">\n<td style=\"height: 21px;\">A+K<\/td>\n<td style=\"height: 21px;\"><\/td>\n<td style=\"height: 21px;\"><\/td>\n<td style=\"height: 21px;\"><\/td>\n<td style=\"height: 21px;\"><\/td>\n<td style=\"height: 21px;\"><\/td>\n<\/tr>\n<tr style=\"height: 21px;\">\n<td style=\"height: 21px;\">A+L<\/td>\n<td style=\"height: 21px;\"><\/td>\n<td style=\"height: 21px;\"><\/td>\n<td style=\"height: 21px;\"><\/td>\n<td style=\"height: 21px;\"><\/td>\n<td style=\"height: 21px;\"><\/td>\n<\/tr>\n<tr style=\"height: 21px;\">\n<td style=\"height: 21px;\">A+M<\/td>\n<td style=\"height: 21px;\"><\/td>\n<td style=\"height: 21px;\"><\/td>\n<td style=\"height: 21px;\"><\/td>\n<td style=\"height: 21px;\"><\/td>\n<td style=\"height: 21px;\"><\/td>\n<\/tr>\n<tr style=\"height: 21px;\">\n<td style=\"height: 21px;\">A+N<\/td>\n<td style=\"height: 21px;\"><\/td>\n<td style=\"height: 21px;\"><\/td>\n<td style=\"height: 21px;\"><\/td>\n<td style=\"height: 21px;\"><\/td>\n<td style=\"height: 21px;\"><\/td>\n<\/tr>\n<\/tbody>\n<\/table>\n<\/td>\n<\/tr>\n<tr>\n<td style=\"width: 14px;\" bgcolor=\"#FFFFFF\">B<\/td>\n<td style=\"width: 135.3333282470703px;\" bgcolor=\"#FFCC00\">Chinandega<\/td>\n<\/tr>\n<tr bgcolor=\"#FFCC00\">\n<td style=\"width: 14px;\" bgcolor=\"#FFFFFF\">C<\/td>\n<td style=\"width: 135.3333282470703px;\">Leon<\/td>\n<\/tr>\n<tr bgcolor=\"#FFCC00\">\n<td style=\"width: 14px;\" bgcolor=\"#FFFFFF\">D<\/td>\n<td style=\"width: 135.3333282470703px;\">Managua<\/td>\n<\/tr>\n<tr bgcolor=\"#FFCC00\">\n<td style=\"width: 14px;\" bgcolor=\"#FFFFFF\">E<\/td>\n<td style=\"width: 135.3333282470703px;\">Carazo<\/td>\n<\/tr>\n<tr bgcolor=\"#FFCC00\">\n<td style=\"width: 14px;\" bgcolor=\"#FFFFFF\">F<\/td>\n<td style=\"width: 135.3333282470703px;\">Masaya<\/td>\n<\/tr>\n<tr bgcolor=\"#FFCC00\">\n<td style=\"width: 14px;\" bgcolor=\"#FFFFFF\">G<\/td>\n<td style=\"width: 135.3333282470703px;\">Rivas<\/td>\n<\/tr>\n<tr bgcolor=\"#FFCC00\">\n<td style=\"width: 14px;\" bgcolor=\"#FFFFFF\">H<\/td>\n<td style=\"width: 135.3333282470703px;\">Madriz<\/td>\n<\/tr>\n<tr bgcolor=\"#FFCC00\">\n<td style=\"width: 14px;\" bgcolor=\"#FFFFFF\">I<\/td>\n<td style=\"width: 135.3333282470703px;\">Jinotega<\/td>\n<\/tr>\n<tr bgcolor=\"#FFCC00\">\n<td style=\"width: 14px;\" bgcolor=\"#FFFFFF\">J<\/td>\n<td style=\"width: 135.3333282470703px;\">Nueva Segovia<\/td>\n<\/tr>\n<tr bgcolor=\"#FFCC00\">\n<td style=\"width: 14px;\" bgcolor=\"#FFFFFF\">K<\/td>\n<td style=\"width: 135.3333282470703px;\">Esteli<\/td>\n<\/tr>\n<tr bgcolor=\"#FFCC00\">\n<td style=\"width: 14px;\" bgcolor=\"#FFFFFF\">L<\/td>\n<td style=\"width: 135.3333282470703px;\">Matagalpa<\/td>\n<\/tr>\n<tr bgcolor=\"#FFCC00\">\n<td style=\"width: 14px;\" bgcolor=\"#FFFFFF\">M<\/td>\n<td style=\"width: 135.3333282470703px;\">Aeropuerto<\/td>\n<\/tr>\n<tr bgcolor=\"#FFCC00\">\n<td style=\"width: 14px;\" bgcolor=\"#FFFFFF\">N<\/td>\n<td style=\"width: 135.3333282470703px;\">Chontales<\/td>\n<\/tr>\n<tr>\n<td style=\"width: 1032.6666259765625px;\" colspan=\"6\" bgcolor=\"#FFFF00\">Por mayor informaci\u00f3n y reservacion <strong><a href=\"http:\/\/nicaragua-travel-guide.com\/site\/contactanos\/\">Contactarnos<\/a><\/strong><\/td>\n<\/tr>\n<\/tbody>\n<\/table>\n<\/td>\n<\/tr>\n<\/tbody>\n<\/table>\n","protected":false},"excerpt":{"rendered":"<p>Servicio de transporte, traslado de un destino a otro, en veh\u00edculo p\u00fablico o privado a su elecci\u00f3n y de acuerdo a su capacidad. Le pondremos en contacto con servicio de conductor y opci\u00f3n ir acompa\u00f1ado con gu\u00eda tur\u00edstico bilingue. Unidad de Bus Toyota Coaster Car\/Truck Taxi 4 pax Van7 pax Microbus 15 pax Coaster 29pax [&hellip;]<\/p>\n","protected":false},"author":2,"featured_media":0,"parent":0,"menu_order":0,"comment_status":"closed","ping_status":"closed","template":"","meta":{"footnotes":""},"_links":{"self":[{"href":"https:\/\/nicaragua-travel-guide.com\/site\/wp-json\/wp\/v2\/pages\/6635"}],"collection":[{"href":"https:\/\/nicaragua-travel-guide.com\/site\/wp-json\/wp\/v2\/pages"}],"about":[{"href":"https:\/\/nicaragua-travel-guide.com\/site\/wp-json\/wp\/v2\/types\/page"}],"author":[{"embeddable":true,"href":"https:\/\/nicaragua-travel-guide.com\/site\/wp-json\/wp\/v2\/users\/2"}],"replies":[{"embeddable":true,"href":"https:\/\/nicaragua-travel-guide.com\/site\/wp-json\/wp\/v2\/comments?post=6635"}],"version-history":[{"count":6,"href":"https:\/\/nicaragua-travel-guide.com\/site\/wp-json\/wp\/v2\/pages\/6635\/revisions"}],"predecessor-version":[{"id":10899,"href":"https:\/\/nicaragua-travel-guide.com\/site\/wp-json\/wp\/v2\/pages\/6635\/revisions\/10899"}],"wp:attachment":[{"href":"https:\/\/nicaragua-travel-guide.com\/site\/wp-json\/wp\/v2\/media?parent=6635"}],"curies":[{"name":"wp","href":"https:\/\/api.w.org\/{rel}","templated":true}]}}