{"id":6655,"date":"2016-07-13T15:43:13","date_gmt":"2016-07-13T15:43:13","guid":{"rendered":"http:\/\/nicaragua-travel-guide.com\/site\/?page_id=6655"},"modified":"2016-08-14T21:54:34","modified_gmt":"2016-08-14T21:54:34","slug":"bus-marcopolo-higer-viaje-privado-en-nicaragua-capacidad-28-45-pasajeros","status":"publish","type":"page","link":"https:\/\/nicaragua-travel-guide.com\/site\/bus-marcopolo-higer-viaje-privado-en-nicaragua-capacidad-28-45-pasajeros\/","title":{"rendered":"Bus Marcopolo Higer   \u00abViaje Privado en Nicaragua\u00bb Capacidad 28 \/ 45 pasajeros"},"content":{"rendered":"<table style=\"width: 1032.666748046875px;\" border=\"0\">\n<tbody>\n<tr>\n<td style=\"width: 1025.666748046875px;\" bgcolor=\"#FFFFFF\" height=\"262\"><img loading=\"lazy\" decoding=\"async\" class=\"size-full wp-image-5117 aligncenter\" src=\"http:\/\/nicaragua-travel-guide.com\/site\/wp-content\/uploads\/2016\/06\/headertransportealquileryviajes.jpg\" alt=\"headertransportealquileryviajes\" width=\"1025\" height=\"345\" srcset=\"https:\/\/nicaragua-travel-guide.com\/site\/wp-content\/uploads\/2016\/06\/headertransportealquileryviajes.jpg 1025w, https:\/\/nicaragua-travel-guide.com\/site\/wp-content\/uploads\/2016\/06\/headertransportealquileryviajes-600x202.jpg 600w\" sizes=\"(max-width: 1025px) 100vw, 1025px\" \/><\/td>\n<\/tr>\n<tr>\n<td style=\"width: 1025.666748046875px;\" valign=\"top\" bgcolor=\"#FFFF00\" height=\"107\">\n<h4>Servicio de transporte, traslado de un destino a otro, en veh\u00edculo p\u00fablico o privado a su elecci\u00f3n y de acuerdo a su capacidad. Le pondremos en contacto con servicio de conductor y opci\u00f3n ir acompa\u00f1ado con gu\u00eda tur\u00edstico bilingue.<\/h4>\n<\/td>\n<\/tr>\n<tr>\n<td style=\"width: 1025.666748046875px;\" bgcolor=\"#FFFFFF\" height=\"43\">\n<table style=\"width: 1017px;\" border=\"0\">\n<tbody>\n<tr style=\"height: 37px;\">\n<td style=\"width: 1133px; height: 37px;\" colspan=\"8\" bgcolor=\"#FFFFFF\">Unidad de Bus <strong>Marcopolo Higer<\/strong> \u00a0\/ Mercedes \/ Ruso<\/td>\n<\/tr>\n<tr style=\"height: 37px;\">\n<td style=\"width: 1133px; height: 37px;\" colspan=\"8\" bgcolor=\"#FFFFFF\"><img loading=\"lazy\" decoding=\"async\" class=\"alignnone size-full wp-image-10886\" src=\"http:\/\/nicaragua-travel-guide.com\/site\/wp-content\/uploads\/2016\/07\/transportebusmarcopoloheader.jpg\" alt=\"transportebusmarcopoloheader\" width=\"1025\" height=\"345\" srcset=\"https:\/\/nicaragua-travel-guide.com\/site\/wp-content\/uploads\/2016\/07\/transportebusmarcopoloheader.jpg 1025w, https:\/\/nicaragua-travel-guide.com\/site\/wp-content\/uploads\/2016\/07\/transportebusmarcopoloheader-600x202.jpg 600w\" sizes=\"(max-width: 1025px) 100vw, 1025px\" \/><\/td>\n<\/tr>\n<tr style=\"height: 35.1945px;\">\n<td style=\"width: 82px; height: 35.1945px;\" bgcolor=\"#FFFFFF\">Car\/Truck<\/td>\n<td style=\"width: 107px; height: 35.1945px;\" bgcolor=\"#FFFF00\"><a href=\"http:\/\/nicaragua-travel-guide.com\/site\/viaje-en-taxi-privado-o-compartido\/\">Taxi 4 pax<\/a><\/td>\n<td style=\"width: 67px; height: 35.1945px;\" bgcolor=\"#FFFF00\">Van7pax<\/td>\n<td style=\"width: 167px; height: 35.1945px;\" bgcolor=\"#FFFF00\"><a href=\"http:\/\/nicaragua-travel-guide.com\/site\/microbus-toyota-hiace-viaje-privado-con-conductor-nicaragua\/\">Microbus 15 pax<\/a><\/td>\n<td style=\"width: 145.66668701171875px; height: 35.1945px;\" bgcolor=\"#FFFF00\"><a href=\"http:\/\/nicaragua-travel-guide.com\/site\/bus-toyota-coaster-nicaragua-viaje-privado-con-conductor-incluido\/\">Coaster 29 pax<\/a><\/td>\n<td style=\"width: 140.33331298828125px; height: 35.1945px;\" bgcolor=\"#FFFF00\">Higher 45 pax<\/td>\n<td style=\"width: 263px; height: 35.1945px;\" bgcolor=\"#FFFF00\"><a href=\"http:\/\/nicaragua-travel-guide.com\/site\/bus-marcopolo-viaje-privado-nicaragua\/\"><strong>Marcopolo<\/strong>\u00a045 \/ 55 \/70 pax<\/a><\/td>\n<td style=\"width: 161px; height: 35.1945px;\" bgcolor=\"#FFFF00\">SchoolBus 60pax<\/td>\n<\/tr>\n<\/tbody>\n<\/table>\n<\/td>\n<\/tr>\n<tr>\n<td style=\"width: 1025.666748046875px;\" valign=\"top\" bgcolor=\"#FFFF00\" height=\"415\">\n<table style=\"width: 1019.3333740234375px;\" border=\"0\">\n<tbody>\n<tr>\n<td style=\"width: 14px;\" bgcolor=\"#FFFFFF\">A<\/td>\n<td style=\"width: 136px;\" bgcolor=\"#FFFFFF\">Origen Granada<\/td>\n<td style=\"width: 53.3333740234375px;\" colspan=\"4\" rowspan=\"14\" valign=\"top\" bgcolor=\"#FFFFFF\">\n<table style=\"width: 851.666748046875px;\" border=\"0\">\n<tbody>\n<tr style=\"height: 21px;\">\n<td style=\"height: 21px; width: 106px;\"><\/td>\n<td style=\"height: 21px; width: 63px;\"><\/td>\n<td style=\"height: 21px; width: 134px;\"><\/td>\n<td style=\"height: 21px; width: 155px;\"><\/td>\n<td style=\"height: 21px; width: 191px;\"><\/td>\n<td style=\"height: 21px; width: 158.666748046875px;\"><\/td>\n<\/tr>\n<tr style=\"height: 23.9688px;\">\n<td style=\"height: 23.9688px; width: 106px;\">A+B<\/td>\n<td style=\"height: 23.9688px; width: 63px;\"><\/td>\n<td style=\"height: 23.9688px; width: 134px;\"><\/td>\n<td style=\"height: 23.9688px; width: 155px;\"><\/td>\n<td style=\"height: 23.9688px; width: 191px;\"><\/td>\n<td style=\"height: 23.9688px; width: 158.666748046875px;\"><\/td>\n<\/tr>\n<tr style=\"height: 21px;\">\n<td style=\"height: 21px; width: 106px;\">A+C<\/td>\n<td style=\"height: 21px; width: 63px;\"><\/td>\n<td style=\"height: 21px; width: 134px;\"><\/td>\n<td style=\"height: 21px; width: 155px;\"><\/td>\n<td style=\"height: 21px; width: 191px;\"><\/td>\n<td style=\"height: 21px; width: 158.666748046875px;\"><\/td>\n<\/tr>\n<tr style=\"height: 21px;\">\n<td style=\"height: 21px; width: 106px;\">A+D<\/td>\n<td style=\"height: 21px; width: 63px;\"><\/td>\n<td style=\"height: 21px; width: 134px;\"><\/td>\n<td style=\"height: 21px; width: 155px;\"><\/td>\n<td style=\"height: 21px; width: 191px;\"><\/td>\n<td style=\"height: 21px; width: 158.666748046875px;\"><\/td>\n<\/tr>\n<tr style=\"height: 21px;\">\n<td style=\"height: 21px; width: 106px;\">A+E<\/td>\n<td style=\"height: 21px; width: 63px;\"><\/td>\n<td style=\"height: 21px; width: 134px;\"><\/td>\n<td style=\"height: 21px; width: 155px;\"><\/td>\n<td style=\"height: 21px; width: 191px;\"><\/td>\n<td style=\"height: 21px; width: 158.666748046875px;\"><\/td>\n<\/tr>\n<tr style=\"height: 21px;\">\n<td style=\"height: 21px; width: 106px;\">A+F<\/td>\n<td style=\"height: 21px; width: 63px;\"><\/td>\n<td style=\"height: 21px; width: 134px;\"><\/td>\n<td style=\"height: 21px; width: 155px;\"><\/td>\n<td style=\"height: 21px; width: 191px;\"><\/td>\n<td style=\"height: 21px; width: 158.666748046875px;\"><\/td>\n<\/tr>\n<tr style=\"height: 21px;\">\n<td style=\"height: 21px; width: 106px;\">A+G<\/td>\n<td style=\"height: 21px; width: 63px;\"><\/td>\n<td style=\"height: 21px; width: 134px;\"><\/td>\n<td style=\"height: 21px; width: 155px;\"><\/td>\n<td style=\"height: 21px; width: 191px;\"><\/td>\n<td style=\"height: 21px; width: 158.666748046875px;\"><\/td>\n<\/tr>\n<tr style=\"height: 21px;\">\n<td style=\"height: 21px; width: 106px;\">A+H<\/td>\n<td style=\"height: 21px; width: 63px;\"><\/td>\n<td style=\"height: 21px; width: 134px;\"><\/td>\n<td style=\"height: 21px; width: 155px;\"><\/td>\n<td style=\"height: 21px; width: 191px;\"><\/td>\n<td style=\"height: 21px; width: 158.666748046875px;\"><\/td>\n<\/tr>\n<tr style=\"height: 21px;\">\n<td style=\"height: 21px; width: 106px;\">A+I<\/td>\n<td style=\"height: 21px; width: 63px;\"><\/td>\n<td style=\"height: 21px; width: 134px;\"><\/td>\n<td style=\"height: 21px; width: 155px;\"><\/td>\n<td style=\"height: 21px; width: 191px;\"><\/td>\n<td style=\"height: 21px; width: 158.666748046875px;\"><\/td>\n<\/tr>\n<tr style=\"height: 21px;\">\n<td style=\"height: 21px; width: 106px;\">A+J<\/td>\n<td style=\"height: 21px; width: 63px;\"><\/td>\n<td style=\"height: 21px; width: 134px;\"><\/td>\n<td style=\"height: 21px; width: 155px;\"><\/td>\n<td style=\"height: 21px; width: 191px;\"><\/td>\n<td style=\"height: 21px; width: 158.666748046875px;\"><\/td>\n<\/tr>\n<tr style=\"height: 21px;\">\n<td style=\"height: 21px; width: 106px;\">A+K<\/td>\n<td style=\"height: 21px; width: 63px;\"><\/td>\n<td style=\"height: 21px; width: 134px;\"><\/td>\n<td style=\"height: 21px; width: 155px;\"><\/td>\n<td style=\"height: 21px; width: 191px;\"><\/td>\n<td style=\"height: 21px; width: 158.666748046875px;\"><\/td>\n<\/tr>\n<tr style=\"height: 21px;\">\n<td style=\"height: 21px; width: 106px;\">A+L<\/td>\n<td style=\"height: 21px; width: 63px;\"><\/td>\n<td style=\"height: 21px; width: 134px;\"><\/td>\n<td style=\"height: 21px; width: 155px;\"><\/td>\n<td style=\"height: 21px; width: 191px;\"><\/td>\n<td style=\"height: 21px; width: 158.666748046875px;\"><\/td>\n<\/tr>\n<tr style=\"height: 21px;\">\n<td style=\"height: 21px; width: 106px;\">A+M<\/td>\n<td style=\"height: 21px; width: 63px;\"><\/td>\n<td style=\"height: 21px; width: 134px;\"><\/td>\n<td style=\"height: 21px; width: 155px;\"><\/td>\n<td style=\"height: 21px; width: 191px;\"><\/td>\n<td style=\"height: 21px; width: 158.666748046875px;\"><\/td>\n<\/tr>\n<tr style=\"height: 21px;\">\n<td style=\"height: 21px; width: 106px;\">A+N<\/td>\n<td style=\"height: 21px; width: 63px;\"><\/td>\n<td style=\"height: 21px; width: 134px;\"><\/td>\n<td style=\"height: 21px; width: 155px;\"><\/td>\n<td style=\"height: 21px; width: 191px;\"><\/td>\n<td style=\"height: 21px; width: 158.666748046875px;\"><\/td>\n<\/tr>\n<\/tbody>\n<\/table>\n<\/td>\n<\/tr>\n<tr>\n<td style=\"width: 14px;\" bgcolor=\"#FFFFFF\">B<\/td>\n<td style=\"width: 136px;\" bgcolor=\"#FFCC00\">Chinandega<\/td>\n<\/tr>\n<tr bgcolor=\"#FFCC00\">\n<td style=\"width: 14px;\" bgcolor=\"#FFFFFF\">C<\/td>\n<td style=\"width: 136px;\">Leon<\/td>\n<\/tr>\n<tr bgcolor=\"#FFCC00\">\n<td style=\"width: 14px;\" bgcolor=\"#FFFFFF\">D<\/td>\n<td style=\"width: 136px;\">Managua<\/td>\n<\/tr>\n<tr bgcolor=\"#FFCC00\">\n<td style=\"width: 14px;\" bgcolor=\"#FFFFFF\">E<\/td>\n<td style=\"width: 136px;\">Carazo<\/td>\n<\/tr>\n<tr bgcolor=\"#FFCC00\">\n<td style=\"width: 14px;\" bgcolor=\"#FFFFFF\">F<\/td>\n<td style=\"width: 136px;\">Masaya<\/td>\n<\/tr>\n<tr bgcolor=\"#FFCC00\">\n<td style=\"width: 14px;\" bgcolor=\"#FFFFFF\">G<\/td>\n<td style=\"width: 136px;\">Rivas<\/td>\n<\/tr>\n<tr bgcolor=\"#FFCC00\">\n<td style=\"width: 14px;\" bgcolor=\"#FFFFFF\">H<\/td>\n<td style=\"width: 136px;\">Madriz<\/td>\n<\/tr>\n<tr bgcolor=\"#FFCC00\">\n<td style=\"width: 14px;\" bgcolor=\"#FFFFFF\">I<\/td>\n<td style=\"width: 136px;\">Jinotega<\/td>\n<\/tr>\n<tr bgcolor=\"#FFCC00\">\n<td style=\"width: 14px;\" bgcolor=\"#FFFFFF\">J<\/td>\n<td style=\"width: 136px;\">Nueva Segovia<\/td>\n<\/tr>\n<tr bgcolor=\"#FFCC00\">\n<td style=\"width: 14px;\" bgcolor=\"#FFFFFF\">K<\/td>\n<td style=\"width: 136px;\">Esteli<\/td>\n<\/tr>\n<tr bgcolor=\"#FFCC00\">\n<td style=\"width: 14px;\" bgcolor=\"#FFFFFF\">L<\/td>\n<td style=\"width: 136px;\">Matagalpa<\/td>\n<\/tr>\n<tr bgcolor=\"#FFCC00\">\n<td style=\"width: 14px;\" bgcolor=\"#FFFFFF\">M<\/td>\n<td style=\"width: 136px;\">Aeropuerto<\/td>\n<\/tr>\n<tr bgcolor=\"#FFCC00\">\n<td style=\"width: 14px;\" bgcolor=\"#FFFFFF\">N<\/td>\n<td style=\"width: 136px;\">Chontales<\/td>\n<\/tr>\n<tr>\n<td style=\"width: 203.3333740234375px;\" colspan=\"6\" bgcolor=\"#FFFF00\">Por mayor informaci\u00f3n y reservacion <strong>Contactarnos<\/strong><\/td>\n<\/tr>\n<\/tbody>\n<\/table>\n<\/td>\n<\/tr>\n<\/tbody>\n<\/table>\n","protected":false},"excerpt":{"rendered":"<p>Servicio de transporte, traslado de un destino a otro, en veh\u00edculo p\u00fablico o privado a su elecci\u00f3n y de acuerdo a su capacidad. Le pondremos en contacto con servicio de conductor y opci\u00f3n ir acompa\u00f1ado con gu\u00eda tur\u00edstico bilingue. Unidad de Bus Marcopolo Higer \u00a0\/ Mercedes \/ Ruso Car\/Truck Taxi 4 pax Van7pax Microbus 15 [&hellip;]<\/p>\n","protected":false},"author":2,"featured_media":0,"parent":0,"menu_order":0,"comment_status":"closed","ping_status":"closed","template":"","meta":{"footnotes":""},"_links":{"self":[{"href":"https:\/\/nicaragua-travel-guide.com\/site\/wp-json\/wp\/v2\/pages\/6655"}],"collection":[{"href":"https:\/\/nicaragua-travel-guide.com\/site\/wp-json\/wp\/v2\/pages"}],"about":[{"href":"https:\/\/nicaragua-travel-guide.com\/site\/wp-json\/wp\/v2\/types\/page"}],"author":[{"embeddable":true,"href":"https:\/\/nicaragua-travel-guide.com\/site\/wp-json\/wp\/v2\/users\/2"}],"replies":[{"embeddable":true,"href":"https:\/\/nicaragua-travel-guide.com\/site\/wp-json\/wp\/v2\/comments?post=6655"}],"version-history":[{"count":4,"href":"https:\/\/nicaragua-travel-guide.com\/site\/wp-json\/wp\/v2\/pages\/6655\/revisions"}],"predecessor-version":[{"id":6658,"href":"https:\/\/nicaragua-travel-guide.com\/site\/wp-json\/wp\/v2\/pages\/6655\/revisions\/6658"}],"wp:attachment":[{"href":"https:\/\/nicaragua-travel-guide.com\/site\/wp-json\/wp\/v2\/media?parent=6655"}],"curies":[{"name":"wp","href":"https:\/\/api.w.org\/{rel}","templated":true}]}}