{"id":6663,"date":"2016-07-13T15:52:40","date_gmt":"2016-07-13T15:52:40","guid":{"rendered":"http:\/\/nicaragua-travel-guide.com\/site\/?page_id=6663"},"modified":"2016-08-14T21:53:10","modified_gmt":"2016-08-14T21:53:10","slug":"bus-escolar-capacidad-60-70-pasajeros-viaje-privado-nicaragua","status":"publish","type":"page","link":"https:\/\/nicaragua-travel-guide.com\/site\/bus-escolar-capacidad-60-70-pasajeros-viaje-privado-nicaragua\/","title":{"rendered":"Bus Escolar Capacidad 60 \/70 pasajeros \u00abViaje privado\u00bb Nicaragua"},"content":{"rendered":"<table style=\"width: 1069.666748046875px;\" border=\"0\">\n<tbody>\n<tr style=\"height: 262px;\">\n<td style=\"width: 1067.666748046875px; height: 262px;\" bgcolor=\"#FFFFFF\"><img loading=\"lazy\" decoding=\"async\" class=\" wp-image-5117 aligncenter\" src=\"http:\/\/nicaragua-travel-guide.com\/site\/wp-content\/uploads\/2016\/06\/headertransportealquileryviajes.jpg\" alt=\"headertransportealquileryviajes\" width=\"1120\" height=\"378\" srcset=\"https:\/\/nicaragua-travel-guide.com\/site\/wp-content\/uploads\/2016\/06\/headertransportealquileryviajes.jpg 1025w, https:\/\/nicaragua-travel-guide.com\/site\/wp-content\/uploads\/2016\/06\/headertransportealquileryviajes-600x202.jpg 600w\" sizes=\"(max-width: 1120px) 100vw, 1120px\" \/><\/td>\n<\/tr>\n<tr style=\"height: 35.66668701171875px;\">\n<td style=\"width: 1067.666748046875px; height: 35.66668701171875px;\" valign=\"top\" bgcolor=\"#FFFF00\">\n<h4>Servicio de transporte, traslado de un destino a otro, en veh\u00edculo p\u00fablico o privado a su elecci\u00f3n y de acuerdo a su capacidad. Le pondremos en contacto con servicio de conductor y opci\u00f3n ir acompa\u00f1ado con gu\u00eda tur\u00edstico bilingue.<\/h4>\n<\/td>\n<\/tr>\n<tr style=\"height: 13px;\">\n<td style=\"width: 1067.666748046875px; height: 13px;\" valign=\"top\" bgcolor=\"#FFFF00\">Unidad de <strong>Bus Escolar<\/strong> de Trompeta<\/td>\n<\/tr>\n<tr style=\"height: 13px;\">\n<td style=\"width: 1067.666748046875px; height: 13px;\" valign=\"top\" bgcolor=\"#FFFF00\"><img loading=\"lazy\" decoding=\"async\" class=\"wp-image-10878 aligncenter\" src=\"http:\/\/nicaragua-travel-guide.com\/site\/wp-content\/uploads\/2016\/07\/headertransportebusescolarviajesprivados-1.jpg\" alt=\"headertransportebusescolarviajesprivados\" width=\"1159\" height=\"391\" srcset=\"https:\/\/nicaragua-travel-guide.com\/site\/wp-content\/uploads\/2016\/07\/headertransportebusescolarviajesprivados-1.jpg 1025w, https:\/\/nicaragua-travel-guide.com\/site\/wp-content\/uploads\/2016\/07\/headertransportebusescolarviajesprivados-1-600x202.jpg 600w\" sizes=\"(max-width: 1159px) 100vw, 1159px\" \/><\/td>\n<\/tr>\n<tr style=\"height: 43px;\">\n<td style=\"width: 1067.666748046875px; height: 43px;\" bgcolor=\"#FFFFFF\">\n<table style=\"width: 1101px;\" border=\"0\">\n<tbody>\n<tr style=\"height: 35px;\">\n<td style=\"width: 75px; height: 35px;\" bgcolor=\"#FFFFFF\">Car\/Truck<\/td>\n<td style=\"width: 115px; height: 35px;\" bgcolor=\"#FFFF00\"><a href=\"http:\/\/nicaragua-travel-guide.com\/site\/viaje-en-taxi-privado-o-compartido\/\">Taxi 4 pax<\/a><\/td>\n<td style=\"width: 80px; height: 35px;\" bgcolor=\"#FFFF00\">Van7pax<\/td>\n<td style=\"width: 164px; height: 35px;\" bgcolor=\"#FFFF00\"><a href=\"http:\/\/nicaragua-travel-guide.com\/site\/microbus-toyota-hiace-viaje-privado-con-conductor-nicaragua\/\">Microbus 15 pax<\/a><\/td>\n<td style=\"width: 145.66668701171875px; height: 35px;\" bgcolor=\"#FFFF00\"><a href=\"http:\/\/nicaragua-travel-guide.com\/site\/bus-toyota-coaster-nicaragua-viaje-privado-con-conductor-incluido\/\">Coaster 29 pax<\/a><\/td>\n<td style=\"width: 158.33331298828125px; height: 35px;\" bgcolor=\"#FFFF00\"><a href=\"http:\/\/nicaragua-travel-guide.com\/site\/bus-marcopolo-higer-viaje-privado-en-nicaragua-capacidad-28-45-pasajeros\/\">Higher 45 pax<\/a><\/td>\n<td style=\"width: 276px; height: 35px;\" bgcolor=\"#FFFF00\"><a href=\"http:\/\/nicaragua-travel-guide.com\/site\/bus-marcopolo-viaje-privado-nicaragua\/\"><strong>Marcopolo<\/strong>\u00a045 \/ 55 \/70 pax<\/a><\/td>\n<td style=\"width: 215px; height: 35px;\" bgcolor=\"#FFFF00\">School Bus 60pax<\/td>\n<\/tr>\n<\/tbody>\n<\/table>\n<\/td>\n<\/tr>\n<tr style=\"height: 415px;\">\n<td style=\"width: 1067.666748046875px; height: 415px;\" valign=\"top\" bgcolor=\"#FFFF00\">\n<table style=\"width: 1101.3333740234375px;\" border=\"0\">\n<tbody>\n<tr>\n<td style=\"width: 14px;\" bgcolor=\"#FFFFFF\">A<\/td>\n<td style=\"width: 136px;\" bgcolor=\"#FFFFFF\">Origen Granada<\/td>\n<td style=\"width: 69.3333740234375px;\" colspan=\"4\" rowspan=\"14\" valign=\"top\" bgcolor=\"#FFFFFF\">\n<table style=\"width: 936.3333740234375px;\" border=\"0\">\n<tbody>\n<tr>\n<td style=\"width: 106px;\" height=\"21\"><\/td>\n<td style=\"width: 63px;\"><\/td>\n<td style=\"width: 134px;\"><\/td>\n<td style=\"width: 155px;\"><\/td>\n<td style=\"width: 191px;\"><\/td>\n<td style=\"width: 243.3333740234375px;\"><\/td>\n<\/tr>\n<tr>\n<td style=\"width: 106px;\" height=\"25\">A+B<\/td>\n<td style=\"width: 63px;\"><\/td>\n<td style=\"width: 134px;\"><\/td>\n<td style=\"width: 155px;\"><\/td>\n<td style=\"width: 191px;\"><\/td>\n<td style=\"width: 243.3333740234375px;\"><\/td>\n<\/tr>\n<tr>\n<td style=\"width: 106px;\" height=\"21\">A+C<\/td>\n<td style=\"width: 63px;\"><\/td>\n<td style=\"width: 134px;\"><\/td>\n<td style=\"width: 155px;\"><\/td>\n<td style=\"width: 191px;\"><\/td>\n<td style=\"width: 243.3333740234375px;\"><\/td>\n<\/tr>\n<tr>\n<td style=\"width: 106px;\" height=\"21\">A+D<\/td>\n<td style=\"width: 63px;\"><\/td>\n<td style=\"width: 134px;\"><\/td>\n<td style=\"width: 155px;\"><\/td>\n<td style=\"width: 191px;\"><\/td>\n<td style=\"width: 243.3333740234375px;\"><\/td>\n<\/tr>\n<tr>\n<td style=\"width: 106px;\" height=\"21\">A+E<\/td>\n<td style=\"width: 63px;\"><\/td>\n<td style=\"width: 134px;\"><\/td>\n<td style=\"width: 155px;\"><\/td>\n<td style=\"width: 191px;\"><\/td>\n<td style=\"width: 243.3333740234375px;\"><\/td>\n<\/tr>\n<tr>\n<td style=\"width: 106px;\" height=\"21\">A+F<\/td>\n<td style=\"width: 63px;\"><\/td>\n<td style=\"width: 134px;\"><\/td>\n<td style=\"width: 155px;\"><\/td>\n<td style=\"width: 191px;\"><\/td>\n<td style=\"width: 243.3333740234375px;\"><\/td>\n<\/tr>\n<tr>\n<td style=\"width: 106px;\" height=\"21\">A+G<\/td>\n<td style=\"width: 63px;\"><\/td>\n<td style=\"width: 134px;\"><\/td>\n<td style=\"width: 155px;\"><\/td>\n<td style=\"width: 191px;\"><\/td>\n<td style=\"width: 243.3333740234375px;\"><\/td>\n<\/tr>\n<tr>\n<td style=\"width: 106px;\" height=\"21\">A+H<\/td>\n<td style=\"width: 63px;\"><\/td>\n<td style=\"width: 134px;\"><\/td>\n<td style=\"width: 155px;\"><\/td>\n<td style=\"width: 191px;\"><\/td>\n<td style=\"width: 243.3333740234375px;\"><\/td>\n<\/tr>\n<tr>\n<td style=\"width: 106px;\" height=\"21\">A+I<\/td>\n<td style=\"width: 63px;\"><\/td>\n<td style=\"width: 134px;\"><\/td>\n<td style=\"width: 155px;\"><\/td>\n<td style=\"width: 191px;\"><\/td>\n<td style=\"width: 243.3333740234375px;\"><\/td>\n<\/tr>\n<tr>\n<td style=\"width: 106px;\" height=\"21\">A+J<\/td>\n<td style=\"width: 63px;\"><\/td>\n<td style=\"width: 134px;\"><\/td>\n<td style=\"width: 155px;\"><\/td>\n<td style=\"width: 191px;\"><\/td>\n<td style=\"width: 243.3333740234375px;\"><\/td>\n<\/tr>\n<tr>\n<td style=\"width: 106px;\">A+K<\/td>\n<td style=\"width: 63px;\"><\/td>\n<td style=\"width: 134px;\"><\/td>\n<td style=\"width: 155px;\"><\/td>\n<td style=\"width: 191px;\"><\/td>\n<td style=\"width: 243.3333740234375px;\"><\/td>\n<\/tr>\n<tr>\n<td style=\"width: 106px;\">A+L<\/td>\n<td style=\"width: 63px;\"><\/td>\n<td style=\"width: 134px;\"><\/td>\n<td style=\"width: 155px;\"><\/td>\n<td style=\"width: 191px;\"><\/td>\n<td style=\"width: 243.3333740234375px;\"><\/td>\n<\/tr>\n<tr>\n<td style=\"width: 106px;\">A+M<\/td>\n<td style=\"width: 63px;\"><\/td>\n<td style=\"width: 134px;\"><\/td>\n<td style=\"width: 155px;\"><\/td>\n<td style=\"width: 191px;\"><\/td>\n<td style=\"width: 243.3333740234375px;\"><\/td>\n<\/tr>\n<tr>\n<td style=\"width: 106px;\">A+N<\/td>\n<td style=\"width: 63px;\"><\/td>\n<td style=\"width: 134px;\"><\/td>\n<td style=\"width: 155px;\"><\/td>\n<td style=\"width: 191px;\"><\/td>\n<td style=\"width: 243.3333740234375px;\"><\/td>\n<\/tr>\n<\/tbody>\n<\/table>\n<\/td>\n<\/tr>\n<tr>\n<td style=\"width: 14px;\" bgcolor=\"#FFFFFF\">B<\/td>\n<td style=\"width: 136px;\" bgcolor=\"#FFCC00\">Chinandega<\/td>\n<\/tr>\n<tr bgcolor=\"#FFCC00\">\n<td style=\"width: 14px;\" bgcolor=\"#FFFFFF\">C<\/td>\n<td style=\"width: 136px;\">Leon<\/td>\n<\/tr>\n<tr bgcolor=\"#FFCC00\">\n<td style=\"width: 14px;\" bgcolor=\"#FFFFFF\">D<\/td>\n<td style=\"width: 136px;\">Managua<\/td>\n<\/tr>\n<tr bgcolor=\"#FFCC00\">\n<td style=\"width: 14px;\" bgcolor=\"#FFFFFF\">E<\/td>\n<td style=\"width: 136px;\">Carazo<\/td>\n<\/tr>\n<tr bgcolor=\"#FFCC00\">\n<td style=\"width: 14px;\" bgcolor=\"#FFFFFF\">F<\/td>\n<td style=\"width: 136px;\">Masaya<\/td>\n<\/tr>\n<tr bgcolor=\"#FFCC00\">\n<td style=\"width: 14px;\" bgcolor=\"#FFFFFF\">G<\/td>\n<td style=\"width: 136px;\">Rivas<\/td>\n<\/tr>\n<tr bgcolor=\"#FFCC00\">\n<td style=\"width: 14px;\" bgcolor=\"#FFFFFF\">H<\/td>\n<td style=\"width: 136px;\">Madriz<\/td>\n<\/tr>\n<tr bgcolor=\"#FFCC00\">\n<td style=\"width: 14px;\" bgcolor=\"#FFFFFF\">I<\/td>\n<td style=\"width: 136px;\">Jinotega<\/td>\n<\/tr>\n<tr bgcolor=\"#FFCC00\">\n<td style=\"width: 14px;\" bgcolor=\"#FFFFFF\">J<\/td>\n<td style=\"width: 136px;\">Nueva Segovia<\/td>\n<\/tr>\n<tr bgcolor=\"#FFCC00\">\n<td style=\"width: 14px;\" bgcolor=\"#FFFFFF\">K<\/td>\n<td style=\"width: 136px;\">Esteli<\/td>\n<\/tr>\n<tr bgcolor=\"#FFCC00\">\n<td style=\"width: 14px;\" bgcolor=\"#FFFFFF\">L<\/td>\n<td style=\"width: 136px;\">Matagalpa<\/td>\n<\/tr>\n<tr bgcolor=\"#FFCC00\">\n<td style=\"width: 14px;\" bgcolor=\"#FFFFFF\">M<\/td>\n<td style=\"width: 136px;\">Aeropuerto<\/td>\n<\/tr>\n<tr bgcolor=\"#FFCC00\">\n<td style=\"width: 14px;\" bgcolor=\"#FFFFFF\">N<\/td>\n<td style=\"width: 136px;\">Chontales<\/td>\n<\/tr>\n<tr>\n<td style=\"width: 219.3333740234375px;\" colspan=\"6\" bgcolor=\"#FFFF00\">Por mayor informaci\u00f3n y reservacion<strong> Contactarnos<\/strong><\/td>\n<\/tr>\n<\/tbody>\n<\/table>\n<\/td>\n<\/tr>\n<\/tbody>\n<\/table>\n","protected":false},"excerpt":{"rendered":"<p>Servicio de transporte, traslado de un destino a otro, en veh\u00edculo p\u00fablico o privado a su elecci\u00f3n y de acuerdo a su capacidad. Le pondremos en contacto con servicio de conductor y opci\u00f3n ir acompa\u00f1ado con gu\u00eda tur\u00edstico bilingue. Unidad de Bus Escolar de Trompeta Car\/Truck Taxi 4 pax Van7pax Microbus 15 pax Coaster 29 [&hellip;]<\/p>\n","protected":false},"author":2,"featured_media":0,"parent":0,"menu_order":0,"comment_status":"closed","ping_status":"closed","template":"","meta":{"footnotes":""},"_links":{"self":[{"href":"https:\/\/nicaragua-travel-guide.com\/site\/wp-json\/wp\/v2\/pages\/6663"}],"collection":[{"href":"https:\/\/nicaragua-travel-guide.com\/site\/wp-json\/wp\/v2\/pages"}],"about":[{"href":"https:\/\/nicaragua-travel-guide.com\/site\/wp-json\/wp\/v2\/types\/page"}],"author":[{"embeddable":true,"href":"https:\/\/nicaragua-travel-guide.com\/site\/wp-json\/wp\/v2\/users\/2"}],"replies":[{"embeddable":true,"href":"https:\/\/nicaragua-travel-guide.com\/site\/wp-json\/wp\/v2\/comments?post=6663"}],"version-history":[{"count":5,"href":"https:\/\/nicaragua-travel-guide.com\/site\/wp-json\/wp\/v2\/pages\/6663\/revisions"}],"predecessor-version":[{"id":10911,"href":"https:\/\/nicaragua-travel-guide.com\/site\/wp-json\/wp\/v2\/pages\/6663\/revisions\/10911"}],"wp:attachment":[{"href":"https:\/\/nicaragua-travel-guide.com\/site\/wp-json\/wp\/v2\/media?parent=6663"}],"curies":[{"name":"wp","href":"https:\/\/api.w.org\/{rel}","templated":true}]}}