{"id":6778,"date":"2016-07-14T18:49:35","date_gmt":"2016-07-14T18:49:35","guid":{"rendered":"http:\/\/nicaragua-travel-guide.com\/site\/?page_id=6778"},"modified":"2016-08-24T18:57:11","modified_gmt":"2016-08-24T18:57:11","slug":"isla-de-zapatera-sendero-de-los-petroglifos-visita-guiada","status":"publish","type":"page","link":"https:\/\/nicaragua-travel-guide.com\/site\/isla-de-zapatera-sendero-de-los-petroglifos-visita-guiada\/","title":{"rendered":"Isla de Zapatera \u00abSendero de los Petroglifos\u00bb visita guiada"},"content":{"rendered":"<table style=\"width: 1009px;\" border=\"0\">\n<tbody>\n<tr style=\"height: 5px;\">\n<td style=\"height: 5px; width: 1000px;\" colspan=\"2\" align=\"center\" valign=\"bottom\" bgcolor=\"#006600\"><strong><img loading=\"lazy\" decoding=\"async\" class=\" wp-image-12260 aligncenter\" src=\"http:\/\/nicaragua-travel-guide.com\/site\/wp-content\/uploads\/2016\/07\/granada-turismo-rural-comunitario-isla-de-zapatera-sitio-arqueologico-parque-nacional.jpg\" alt=\"granada turismo rural comunitario isla de zapatera sitio arqueologico parque nacional\" width=\"1246\" height=\"436\" \/><\/strong><\/td>\n<\/tr>\n<tr style=\"height: 37px;\">\n<td style=\"height: 37px; width: 1000px; background-color: #abe876;\" colspan=\"2\" align=\"center\" valign=\"bottom\" bgcolor=\"#006600\"><strong>Tour en el Sendero de los Petroglifos en la Isla de \u00a0Zapatera<\/strong><\/td>\n<\/tr>\n<tr style=\"height: 3px;\">\n<td style=\"height: 31.666748046875px; width: 703px; background-color: #faea3c;\" rowspan=\"3\" valign=\"top\" bgcolor=\"#FFFF00\"><strong>Descripci\u00f3n:<\/strong><\/p>\n<p>Antes de ser sometida y dispersada por los conquistadores espa\u00f1oles, una tribu de fuerte cultura habitaba la isla Zapatera y las costas cercanas. La isla era tambi\u00e9n un santuario, y prueba de ello es la enorme cantidad de estatuas, utensilios, cer\u00e1mica y petroglifos encontrados en algunos puntos del territorio insular. Aunque muchos de estos objetos fueron extra\u00eddos y otros tantos extraviados, en el \u00e1rea de Sonzapote a\u00fan se puede encontrar una interesant\u00edsima cantidad de petroglifos, o dise\u00f1os en piedra, testigos eternos del m\u00edstico pasado de Zapatera. Actualmente, la comunidad asentada en la zona ofrece como actividad tur\u00edstica un recorrido conocido como el Sendero de los petroglifos.<\/p>\n<p>&nbsp;<\/p>\n<p>&nbsp;<\/p>\n<p>Sonzapote es actualmente administrado y habitado por una peque\u00f1a cooperativa de familias dedicadas a la actividad agr\u00edcola, quienes han dispuesto un peque\u00f1o centro de recepci\u00f3n de visitantes (hospedaje y comedor). Es desde este centro que inicia el recorrido por el Sendero de los petroglifos. Gu\u00edas locales acompa\u00f1an a los turistas, haci\u00e9ndoles ver la enorme cantidad de petroglifos del sendero. Durante el trayecto es tambi\u00e9n posible ver algunos restos de estatuas precolombinas que a\u00fan quedan en la zona (gran parte de las estatuas extra\u00eddas se exponen actualmente en el <a href=\"http:\/\/nicaragua-travel-guide.com\/site\/granada-city-tour-museo-antiguo-convento-san-francisco\/\">Museo del Convento San Francisco de Granada.<\/a><\/p>\n<p>&nbsp;<\/p>\n<p>&nbsp;<\/p>\n<p>El recorrido se desarrolla alrededor del \u00e1rea r\u00fastica de las casa de la cooperativa, en un joven bosque que alberga los restos de estatuas y dibujos en piedra, los cuales se conservan en su sitio original y su estado natural (habr\u00e1 que agregar que a\u00fan no se realiza un estudio cient\u00edfico sobre el significado de los mismos).<\/p>\n<p>&nbsp;<\/p>\n<p>&nbsp;<\/p>\n<p>El trayecto del sendero tiene una duraci\u00f3n aproximada de 30 minutos, pero depende del visitante. Para los gu\u00edas se solicita siempre una cooperaci\u00f3n voluntaria. En la zona tambi\u00e9n se ofrecen otras tres interesantes actividades, como son la<a href=\"http:\/\/nicaragua-travel-guide.com\/site\/isla-de-zapatera-visita-guiada-escalando-el-cerro-las-banderas\/\"> escalada del cerrito Las Banderas<\/a> la escalada del <a href=\"http:\/\/nicaragua-travel-guide.com\/site\/tour-escalando-el-cerro-de-la-isla-de-zapatera-guiado\/\">Cerro Zapatera <\/a>y la <a href=\"http:\/\/nicaragua-travel-guide.com\/site\/pesca-con-atarraya-en-isla-de-zapatera-tour-guiado\/\">Pesca con Atarraya.<\/a><\/p>\n<p>&nbsp;<\/p>\n<p>&nbsp;<\/p>\n<p>Para Estos tours incluimos transporte en vehiculo hasta el puerto, lancha tur\u00edstica, entrada a la isla el Muerto mas guia, opcion de quedarse alojados en el eco albergue rural de la comunidad de sonzapote o <a href=\"http:\/\/nicaragua-travel-guide.com\/site\/isla-de-zapatera-hotel-casa-hacienda-santa-maria-visita-guiada\/\">Hotel Casa Hacienda Santa Mar\u00eda<\/a> incluyendo alimentos.<\/p>\n<p>&nbsp;<\/p>\n<p>&nbsp;<\/p>\n<p>Reservar alimento para grupos para el tour del d\u00eda en la comunidad de sonzapote, o llevar su propio almuerzo o comidas r\u00e1pidas.<\/td>\n<td style=\"height: 3px; width: 297px;\" bgcolor=\"#FFFF00\"><a href=\"http:\/\/nicaragua-travel-guide.com\/site\/granada-city-tour-museo-antiguo-convento-san-francisco\/\"><img loading=\"lazy\" decoding=\"async\" class=\" wp-image-12263 aligncenter\" src=\"http:\/\/nicaragua-travel-guide.com\/site\/wp-content\/uploads\/2016\/07\/ruralcomunitisladezapateraidolos.jpg\" alt=\"ruralcomunitisladezapateraidolos\" width=\"304\" height=\"275\" \/><\/a><\/td>\n<\/tr>\n<tr style=\"height: 7px;\">\n<td style=\"height: 7px; width: 297px;\" bgcolor=\"#FFFF00\"><a href=\"http:\/\/nicaragua-travel-guide.com\/site\/granada-city-tour-museo-antiguo-convento-san-francisco\/\"><img loading=\"lazy\" decoding=\"async\" class=\"alignnone wp-image-12285\" src=\"http:\/\/nicaragua-travel-guide.com\/site\/wp-content\/uploads\/2016\/07\/ruralcomunitarioislazapaterajeroglifos.jpg\" alt=\"ruralcomunitarioislazapaterajeroglifos\" width=\"292\" height=\"218\" \/><\/a><\/td>\n<\/tr>\n<tr style=\"height: 21.666748046875px;\">\n<td style=\"height: 21.666748046875px; width: 297px;\" bgcolor=\"#FFFF00\"><a href=\"http:\/\/nicaragua-travel-guide.com\/site\/granada-city-tour-museo-antiguo-convento-san-francisco\/\"><img loading=\"lazy\" decoding=\"async\" class=\" wp-image-12261 aligncenter\" src=\"http:\/\/nicaragua-travel-guide.com\/site\/wp-content\/uploads\/2016\/07\/ruralcomunitarioisladzapaterapetroglifos.jpg\" alt=\"ruralcomunitarioisladzapaterapetroglifos\" width=\"284\" height=\"428\" \/><\/a><\/td>\n<\/tr>\n<tr style=\"height: 12px;\">\n<td style=\"height: 12px; width: 1000px; background-color: #abe876;\" colspan=\"2\" bgcolor=\"#006600\"><strong>Por mayor\u00a0informaci\u00f3n\u00a0y reservacion<\/strong><strong>\u00a0Contactarnos<\/strong><\/td>\n<\/tr>\n<\/tbody>\n<\/table>\n","protected":false},"excerpt":{"rendered":"<p>Tour en el Sendero de los Petroglifos en la Isla de \u00a0Zapatera Descripci\u00f3n: Antes de ser sometida y dispersada por los conquistadores espa\u00f1oles, una tribu de fuerte cultura habitaba la isla Zapatera y las costas cercanas. La isla era tambi\u00e9n un santuario, y prueba de ello es la enorme cantidad de estatuas, utensilios, cer\u00e1mica y [&hellip;]<\/p>\n","protected":false},"author":2,"featured_media":0,"parent":0,"menu_order":0,"comment_status":"closed","ping_status":"closed","template":"","meta":{"footnotes":""},"_links":{"self":[{"href":"https:\/\/nicaragua-travel-guide.com\/site\/wp-json\/wp\/v2\/pages\/6778"}],"collection":[{"href":"https:\/\/nicaragua-travel-guide.com\/site\/wp-json\/wp\/v2\/pages"}],"about":[{"href":"https:\/\/nicaragua-travel-guide.com\/site\/wp-json\/wp\/v2\/types\/page"}],"author":[{"embeddable":true,"href":"https:\/\/nicaragua-travel-guide.com\/site\/wp-json\/wp\/v2\/users\/2"}],"replies":[{"embeddable":true,"href":"https:\/\/nicaragua-travel-guide.com\/site\/wp-json\/wp\/v2\/comments?post=6778"}],"version-history":[{"count":14,"href":"https:\/\/nicaragua-travel-guide.com\/site\/wp-json\/wp\/v2\/pages\/6778\/revisions"}],"predecessor-version":[{"id":12287,"href":"https:\/\/nicaragua-travel-guide.com\/site\/wp-json\/wp\/v2\/pages\/6778\/revisions\/12287"}],"wp:attachment":[{"href":"https:\/\/nicaragua-travel-guide.com\/site\/wp-json\/wp\/v2\/media?parent=6778"}],"curies":[{"name":"wp","href":"https:\/\/api.w.org\/{rel}","templated":true}]}}