{"id":6787,"date":"2016-07-14T19:05:17","date_gmt":"2016-07-14T19:05:17","guid":{"rendered":"http:\/\/nicaragua-travel-guide.com\/site\/?page_id=6787"},"modified":"2016-08-24T17:28:27","modified_gmt":"2016-08-24T17:28:27","slug":"isla-de-zapatera-hotel-casa-hacienda-santa-maria-visita-guiada","status":"publish","type":"page","link":"https:\/\/nicaragua-travel-guide.com\/site\/isla-de-zapatera-hotel-casa-hacienda-santa-maria-visita-guiada\/","title":{"rendered":"Isla de Zapatera \u00abHotel Casa Hacienda Santa Maria\u00bb visita guiada"},"content":{"rendered":"<table style=\"width: 1015px;\" border=\"0\">\n<tbody>\n<tr style=\"height: 20px;\">\n<td style=\"width: 1010.67px; height: 20px;\" bgcolor=\"#FFFFFF\"><img loading=\"lazy\" decoding=\"async\" class=\" wp-image-12260 aligncenter\" src=\"http:\/\/nicaragua-travel-guide.com\/site\/wp-content\/uploads\/2016\/07\/granada-turismo-rural-comunitario-isla-de-zapatera-sitio-arqueologico-parque-nacional.jpg\" alt=\"granada turismo rural comunitario isla de zapatera sitio arqueologico parque nacional\" width=\"1377\" height=\"481\" \/><\/td>\n<\/tr>\n<tr style=\"height: 22px;\">\n<td style=\"width: 1000.67px; height: 22px;\" bgcolor=\"#006600\">Hotel Casa Hacienda Santa Maria<\/td>\n<\/tr>\n<tr style=\"height: 22px;\">\n<td style=\"width: 1000.67px; height: 22px;\" bgcolor=\"#CCFF00\">Descripci\u00f3n:<\/td>\n<\/tr>\n<tr style=\"height: 22px;\">\n<td style=\"width: 1000.67px; height: 22px;\" bgcolor=\"#CCFF00\">La Casa Hacienda Hotel Santa Mar\u00eda, ubicado en la<a href=\"http:\/\/nicaragua-travel-guide.com\/site\/turismo-rural-comunitario-visita-guiada-isla-de-zapatera-sitio-arqueologico-y-parque-nacional\/\"> Isla Zapatera<\/a>, dentro del Lago de Nicaragua, ofrece a sus hu\u00e9spedes un servicio de alojamiento bajo el sistema \u00abtodo inclu\u00eddo\u00bb.<\/p>\n<p>\u00c9ste es un destino tur\u00edstico vers\u00e1til donde el hu\u00e9sped podr\u00e1 disfrutar de un bell\u00edsimo ambiente natural, sol y playa, rutas arqueol\u00f3gicas y expediciones de aventura, pesca deportiva y fauna salvaje. Adem\u00e1s, el hu\u00e9sped puede escoger entre una diversidad de actividades.<\/td>\n<\/tr>\n<tr style=\"height: 22px;\">\n<td style=\"width: 1000.67px; height: 22px;\" bgcolor=\"#CCFF00\"><img loading=\"lazy\" decoding=\"async\" class=\"alignnone  wp-image-12269\" src=\"http:\/\/nicaragua-travel-guide.com\/site\/wp-content\/uploads\/2016\/07\/Hotel-Casa-Hacienda-Santa-Maria.jpg\" alt=\"Hotel Casa Hacienda Santa Maria\" width=\"1006\" height=\"352\" \/><\/td>\n<\/tr>\n<tr style=\"height: 22px;\">\n<td style=\"width: 1000.67px; height: 22px;\" bgcolor=\"#CCFF00\"><span style=\"font-family: inherit; font-size: inherit; line-height: 1.5;\">La isla Zapatera ha sido declarado Parque Nacional por sus bellezas naturales, recursos arqueol\u00f3gicos y su enigm\u00e1tica historia. M\u00e1s de 14 expediciones cient\u00edficas y arqueol\u00f3gicas documentadas se han realizado a este santuario ind\u00edgena.<\/span><\/p>\n<p><img loading=\"lazy\" decoding=\"async\" class=\" wp-image-12270 aligncenter\" src=\"http:\/\/nicaragua-travel-guide.com\/site\/wp-content\/uploads\/2016\/07\/hotelcasahaciendasantamaria.jpg\" alt=\"hotelcasahaciendasantamaria\" width=\"454\" height=\"339\" \/><\/p>\n<p><strong>Nota:<\/strong> El sistema \u00abtodo inclu\u00eddo\u00bb aplica para dos d\u00edas y una noche. El hospedaje se ofrece para un m\u00e1ximo de seis personas<\/p>\n<div>Para Reservaciones: \u00a03 d\u00edas de anticipaci\u00f3n, a la fecha escogida.<\/div>\n<\/td>\n<\/tr>\n<tr style=\"height: 22px;\">\n<td style=\"width: 1010.67px; height: 22px;\" bgcolor=\"#CCFF00\">Precios:<\/td>\n<\/tr>\n<tr style=\"height: 101px;\">\n<td style=\"width: 1010.67px; height: 101px;\" valign=\"top\" bgcolor=\"#009933\">\n<table style=\"width: 1002.6666870117188px;\" border=\"0\" summary=\"overview of the room prices and amenities\" cellspacing=\"0\" cellpadding=\"5\">\n<tbody>\n<tr>\n<td style=\"width: 169px;\" bgcolor=\"#009933\">Tipo<\/td>\n<td style=\"width: 95px;\" bgcolor=\"#009933\">Precios<\/td>\n<td style=\"width: 82px;\" bgcolor=\"#009933\">Hu\u00e9spedes<\/td>\n<td style=\"width: 616.6666870117188px;\" bgcolor=\"#009933\">Comodidades<\/td>\n<\/tr>\n<tr>\n<td style=\"width: 169px;\" bgcolor=\"#CCFF00\">Habitaci\u00f3n Sencilla<\/td>\n<td style=\"width: 95px;\" bgcolor=\"#CCFF00\">US$120.00<\/td>\n<td style=\"width: 82px;\" bgcolor=\"#CCFF00\">1<\/td>\n<td style=\"width: 616.6666870117188px;\" bgcolor=\"#CCFF00\">Abanico, Ba\u00f1o Privado, Agua Caliente, Desayuno Incluido<\/td>\n<\/tr>\n<tr>\n<td style=\"width: 169px;\" bgcolor=\"#CCFF00\">Habitaci\u00f3n Familiar<\/td>\n<td style=\"width: 95px;\" bgcolor=\"#CCFF00\">US$110.00<\/td>\n<td style=\"width: 82px;\" bgcolor=\"#CCFF00\">6<\/td>\n<td style=\"width: 616.6666870117188px;\" bgcolor=\"#CCFF00\">Abanico, Ba\u00f1o Privado, Agua Caliente, Desayuno Incluido<\/td>\n<\/tr>\n<tr>\n<td style=\"width: 962.6666870117188px;\" colspan=\"4\" bgcolor=\"#CCFF00\"><strong>Los precios ya incluyen impuesto<\/strong><strong>.Los precios pueden variar por temporada.<\/strong><\/td>\n<\/tr>\n<\/tbody>\n<\/table>\n<\/td>\n<\/tr>\n<tr style=\"height: 37px;\">\n<td style=\"width: 1010.67px; height: 37px;\" bgcolor=\"#009933\">Por mayor informaci\u00f3n y reservacion <strong>Contactarnos<\/strong><\/td>\n<\/tr>\n<\/tbody>\n<\/table>\n","protected":false},"excerpt":{"rendered":"<p>Hotel Casa Hacienda Santa Maria Descripci\u00f3n: La Casa Hacienda Hotel Santa Mar\u00eda, ubicado en la Isla Zapatera, dentro del Lago de Nicaragua, ofrece a sus hu\u00e9spedes un servicio de alojamiento bajo el sistema \u00abtodo inclu\u00eddo\u00bb. \u00c9ste es un destino tur\u00edstico vers\u00e1til donde el hu\u00e9sped podr\u00e1 disfrutar de un bell\u00edsimo ambiente natural, sol y playa, rutas [&hellip;]<\/p>\n","protected":false},"author":2,"featured_media":0,"parent":0,"menu_order":0,"comment_status":"closed","ping_status":"closed","template":"","meta":{"footnotes":""},"_links":{"self":[{"href":"https:\/\/nicaragua-travel-guide.com\/site\/wp-json\/wp\/v2\/pages\/6787"}],"collection":[{"href":"https:\/\/nicaragua-travel-guide.com\/site\/wp-json\/wp\/v2\/pages"}],"about":[{"href":"https:\/\/nicaragua-travel-guide.com\/site\/wp-json\/wp\/v2\/types\/page"}],"author":[{"embeddable":true,"href":"https:\/\/nicaragua-travel-guide.com\/site\/wp-json\/wp\/v2\/users\/2"}],"replies":[{"embeddable":true,"href":"https:\/\/nicaragua-travel-guide.com\/site\/wp-json\/wp\/v2\/comments?post=6787"}],"version-history":[{"count":7,"href":"https:\/\/nicaragua-travel-guide.com\/site\/wp-json\/wp\/v2\/pages\/6787\/revisions"}],"predecessor-version":[{"id":12271,"href":"https:\/\/nicaragua-travel-guide.com\/site\/wp-json\/wp\/v2\/pages\/6787\/revisions\/12271"}],"wp:attachment":[{"href":"https:\/\/nicaragua-travel-guide.com\/site\/wp-json\/wp\/v2\/media?parent=6787"}],"curies":[{"name":"wp","href":"https:\/\/api.w.org\/{rel}","templated":true}]}}