{"id":6853,"date":"2016-07-15T23:16:35","date_gmt":"2016-07-15T23:16:35","guid":{"rendered":"http:\/\/nicaragua-travel-guide.com\/site\/?page_id=6853"},"modified":"2016-07-15T23:16:47","modified_gmt":"2016-07-15T23:16:47","slug":"art-gallery-tour-making-painting-and-learning","status":"publish","type":"page","link":"https:\/\/nicaragua-travel-guide.com\/site\/art-gallery-tour-making-painting-and-learning\/","title":{"rendered":"Art Gallery Tour \u00abMaking painting and learning\u00bb"},"content":{"rendered":"<table border=\"0\" width=\"1015\">\n<tbody>\n<tr>\n<td bgcolor=\"#FFFFFF\">Galeria de Arte Claro Oscuro<\/td>\n<td rowspan=\"3\" bgcolor=\"#FFFFFF\" width=\"370\"><\/td>\n<\/tr>\n<tr>\n<td bgcolor=\"#FFFFFF\">Descripci\u00f3n<\/td>\n<\/tr>\n<tr>\n<td bgcolor=\"#333333\" width=\"635\">La Galer\u00eda Claro Oscuro es una peque\u00f1a pero muy surtida sala de exposici\u00f3n de pinturas de j\u00f3venes autores nacionales y del pintor Ricardo Maya, quien la administra. En ella se pueden apreciar variadas pinturas de arte figurativo: primitivismo, realismo m\u00e1gico y surrealismo.<\/p>\n<p>La galer\u00eda est\u00e1 abierta a todo el p\u00fablico interesado en apreciar o comprar el arte pict\u00f3rico nicarag\u00fcense y latinoamericano, est\u00e1 disponible tambi\u00e9n a todos los profesionales que deseen exhibir sus creaciones.<\/p>\n<p>Los pintores que exponen son originarios de muchos sitios del pa\u00eds como Managua, Le\u00f3n, Niquinohomo, Granada, Masatepe, y otros.<\/p>\n<p>La galer\u00eda se ubica frente al restaurante Rock House en Calle La Calzada, y est\u00e1 abierta al p\u00fablico a diario, de las 9:00 am a las 8:00 pm.<\/p>\n<p>Podemos visitar esta galeria durante el tour caminando por la ciudad segun su interes y a su eleccion.<\/td>\n<\/tr>\n<tr>\n<td colspan=\"2\" bgcolor=\"#FFFFFF\">Por mayor informaci\u00f3n y reservacion Contactarnos.<\/td>\n<\/tr>\n<\/tbody>\n<\/table>\n","protected":false},"excerpt":{"rendered":"<p>Galeria de Arte Claro Oscuro Descripci\u00f3n La Galer\u00eda Claro Oscuro es una peque\u00f1a pero muy surtida sala de exposici\u00f3n de pinturas de j\u00f3venes autores nacionales y del pintor Ricardo Maya, quien la administra. En ella se pueden apreciar variadas pinturas de arte figurativo: primitivismo, realismo m\u00e1gico y surrealismo. La galer\u00eda est\u00e1 abierta a todo el [&hellip;]<\/p>\n","protected":false},"author":2,"featured_media":0,"parent":0,"menu_order":0,"comment_status":"closed","ping_status":"closed","template":"","meta":{"footnotes":""},"_links":{"self":[{"href":"https:\/\/nicaragua-travel-guide.com\/site\/wp-json\/wp\/v2\/pages\/6853"}],"collection":[{"href":"https:\/\/nicaragua-travel-guide.com\/site\/wp-json\/wp\/v2\/pages"}],"about":[{"href":"https:\/\/nicaragua-travel-guide.com\/site\/wp-json\/wp\/v2\/types\/page"}],"author":[{"embeddable":true,"href":"https:\/\/nicaragua-travel-guide.com\/site\/wp-json\/wp\/v2\/users\/2"}],"replies":[{"embeddable":true,"href":"https:\/\/nicaragua-travel-guide.com\/site\/wp-json\/wp\/v2\/comments?post=6853"}],"version-history":[{"count":1,"href":"https:\/\/nicaragua-travel-guide.com\/site\/wp-json\/wp\/v2\/pages\/6853\/revisions"}],"predecessor-version":[{"id":6854,"href":"https:\/\/nicaragua-travel-guide.com\/site\/wp-json\/wp\/v2\/pages\/6853\/revisions\/6854"}],"wp:attachment":[{"href":"https:\/\/nicaragua-travel-guide.com\/site\/wp-json\/wp\/v2\/media?parent=6853"}],"curies":[{"name":"wp","href":"https:\/\/api.w.org\/{rel}","templated":true}]}}