{"id":7047,"date":"2016-07-17T17:40:00","date_gmt":"2016-07-17T17:40:00","guid":{"rendered":"http:\/\/nicaragua-travel-guide.com\/site\/?page_id=7047"},"modified":"2016-12-07T20:12:46","modified_gmt":"2016-12-07T20:12:46","slug":"organizacion-de-eventos-salones-y-espacios-cerrados-y-abiertos-nicaragua","status":"publish","type":"page","link":"https:\/\/nicaragua-travel-guide.com\/site\/organizacion-de-eventos-salones-y-espacios-cerrados-y-abiertos-nicaragua\/","title":{"rendered":"Organizaci\u00f3n de eventos \u00abAlquiler de salones espacios cerrados y abiertos\u00bb Nicaragua"},"content":{"rendered":"<table style=\"width: 981px;\" border=\"0\">\n<tbody>\n<tr style=\"height: 24px;\">\n<td style=\"width: 602.6666870117188px; height: 24px;\" colspan=\"3\" valign=\"top\"><strong><img loading=\"lazy\" decoding=\"async\" class=\" wp-image-5188 aligncenter\" src=\"http:\/\/nicaragua-travel-guide.com\/site\/wp-content\/uploads\/2016\/06\/header-arreglos-de-sillas-y-mesas.jpg\" alt=\"header arreglos de sillas y mesas\" width=\"1003\" height=\"338\" srcset=\"https:\/\/nicaragua-travel-guide.com\/site\/wp-content\/uploads\/2016\/06\/header-arreglos-de-sillas-y-mesas.jpg 1025w, https:\/\/nicaragua-travel-guide.com\/site\/wp-content\/uploads\/2016\/06\/header-arreglos-de-sillas-y-mesas-600x202.jpg 600w\" sizes=\"(max-width: 1003px) 100vw, 1003px\" \/><\/strong><\/td>\n<\/tr>\n<tr style=\"height: 24px;\">\n<td style=\"width: 57px; background-color: #ffe58f; border-color: #ffe58f;\" colspan=\"3\" valign=\"top\">\n<table style=\"width: 964px;\" border=\"0\">\n<tbody>\n<tr>\n<td style=\"width: 57px; background-color: #f7f7f7; border-color: #ffc53d;\" bgcolor=\"#000000\"><strong>Inicio<\/strong><\/td>\n<td style=\"width: 50px; background-color: #f7f4d7; border-color: #ffc53d;\" bgcolor=\"#000000\"><strong><a href=\"http:\/\/nicaragua-travel-guide.com\/site\/boda-evento-especial-organizamos-todo-en-nicaragua\/\">Boda<\/a><\/strong><\/td>\n<td style=\"width: 79px; background-color: #d2faf7; border-color: #ffc53d;\" bgcolor=\"#000000\"><a href=\"http:\/\/nicaragua-travel-guide.com\/site\/evento-especial-organizamos-fiesta-de-bautizo-desde-granada-nicaragua\/\"><strong>Bautizo<\/strong><\/a><\/td>\n<td style=\"width: 48px; background-color: #f7f7f7; border-color: #ffc53d;\" bgcolor=\"#000000\">Pi\u00f1ata<\/td>\n<td style=\"width: 114px; background-color: #f8e6fa; border-color: #ffc53d;\" bgcolor=\"#000000\"><strong><a href=\"http:\/\/nicaragua-travel-guide.com\/site\/floristeria-organizacion-de-eventos-quince-anos-arreglos-y-decoracion\/\">Quince a\u00f1os<\/a><\/strong><\/td>\n<td style=\"width: 30px; background-color: #f5f77e; border-color: #ffc53d;\" bgcolor=\"#000000\">Cumplea\u00f1os<\/td>\n<td style=\"width: 129px; background-color: #f7f7f7; border-color: #ffc53d;\" bgcolor=\"#000000\">Ceremonia Civil<\/td>\n<td style=\"width: 64px; background-color: #f7f7f7; border-color: #ffc53d;\" bgcolor=\"#000000\">Graduaci\u00f3n<\/td>\n<td style=\"width: 93px; background-color: #f7f7f7; border-color: #ffc53d;\" bgcolor=\"#000000\">Corporativo<\/td>\n<td style=\"width: 53px; background-color: #f7f7f7; border-color: #ffc53d;\" bgcolor=\"#000000\">Social<\/td>\n<\/tr>\n<\/tbody>\n<\/table>\n<\/td>\n<\/tr>\n<tr style=\"height: 24px;\">\n<td style=\"width: 57px; background-color: #ffe58f; border-color: #ffe58f;\" colspan=\"3\" valign=\"top\">Salones de Hotel, Restaurantes, Centros Culturales, Iglesias, Parques, Plazas o en casa de domicilio&#8230;<\/p>\n<p>En la ciudad colonial Granada en el centro hist\u00f3rico y sus alrededores rodeados de naturaleza, estamos ofreciendo los siguientes establecimientos, espacios para organizar celebraciones religiosas, boda, quince a\u00f1os, bautizo, almuerzos, reuniones de negocio, ejecutivas, corporativas, congre<br \/>\nsos, seminarios, fiestas, cumplea\u00f1os y otros eventos.<\/td>\n<\/tr>\n<tr style=\"height: 24px;\">\n<td style=\"width: 602.6666870117188px; height: 187.66668701171875px;\" colspan=\"2\" rowspan=\"8\" valign=\"top\">\n<table style=\"height: 227px; width: 606px;\">\n<tbody>\n<tr style=\"height: 174.66668701171875px;\">\n<td style=\"width: 391.66668701171875px; border-color: #ffffff; background-color: #ffffff; height: 174.66668701171875px;\"><img loading=\"lazy\" decoding=\"async\" class=\"alignnone wp-image-11952\" src=\"http:\/\/nicaragua-travel-guide.com\/site\/wp-content\/uploads\/2016\/07\/toldosfiestas.jpg\" alt=\"toldosfiestas\" width=\"297\" height=\"222\" srcset=\"https:\/\/nicaragua-travel-guide.com\/site\/wp-content\/uploads\/2016\/07\/toldosfiestas.jpg 640w, https:\/\/nicaragua-travel-guide.com\/site\/wp-content\/uploads\/2016\/07\/toldosfiestas-600x450.jpg 600w\" sizes=\"(max-width: 297px) 100vw, 297px\" \/><\/td>\n<td style=\"width: 235.33331298828125px; border-color: #ffffff; background-color: #ffffff; height: 174.66668701171875px;\"><img loading=\"lazy\" decoding=\"async\" class=\"wp-image-11956 aligncenter\" src=\"http:\/\/nicaragua-travel-guide.com\/site\/wp-content\/uploads\/2016\/07\/casadeloleonesevento.jpg\" alt=\"casadeloleonesevento\" width=\"170\" height=\"227\" \/><\/td>\n<\/tr>\n<\/tbody>\n<\/table>\n<\/td>\n<td style=\"width: 677px; height: 24px; background-color: #e3faf9;\" valign=\"top\"><a href=\"http:\/\/nicaragua-travel-guide.com\/site\/organizacion-de-eventos-alquiler-de-salon-en-espacio-abierto-o-cerrado-mas-otros-servicios\/\">Otros servicios agregados<\/a><\/td>\n<\/tr>\n<tr style=\"height: 25px;\">\n<td style=\"width: 677px; height: 25px; background-color: #f3d7f5;\" valign=\"top\">Alimentos y bebidas<\/td>\n<\/tr>\n<tr style=\"height: 25px;\">\n<td style=\"width: 677px; height: 25px; background-color: #d7f5d3;\" valign=\"top\">Servicio catering<\/td>\n<\/tr>\n<tr style=\"height: 25px;\">\n<td style=\"width: 677px; height: 25px; background-color: #eff5bf;\" valign=\"top\">Fotograf\u00eda y video<\/td>\n<\/tr>\n<tr style=\"height: 25.66668701171875px;\">\n<td style=\"width: 677px; height: 25.66668701171875px; background-color: #fae6bb;\" valign=\"top\">Musicos \u00a0\/ Comparzas<\/td>\n<\/tr>\n<tr style=\"height: 25px;\">\n<td style=\"width: 677px; height: 25px; background-color: #eccbf5;\" valign=\"top\">Discoteca<\/td>\n<\/tr>\n<tr style=\"height: 25px;\">\n<td style=\"width: 677px; height: 25px; background-color: #f7adad;\" valign=\"top\"><a href=\"http:\/\/nicaragua-travel-guide.com\/site\/organizamos-alquiler-de-equipos-de-sonido-y-audio-servicios-en-nicaragua\/\">Equipos, sonido, audiovisual , DJ<\/a><\/td>\n<\/tr>\n<tr style=\"height: 13px;\">\n<td style=\"width: 677px; height: 13px; background-color: #cfeffa;\" valign=\"top\">Barman y meser@s<\/td>\n<\/tr>\n<tr style=\"height: 25px;\">\n<td style=\"width: 602.6666870117188px; height: 25px; text-align: center;\" valign=\"top\">Sal\u00f3n con piscina capacidad 250 p<\/td>\n<td style=\"width: 602.3333129882813px; height: 25px; text-align: center;\" valign=\"top\">Salones con corredores interiores<\/td>\n<td style=\"width: 677px; height: 25px;\" valign=\"top\">Decoraci\u00f3n de Iglesia y salones<\/td>\n<\/tr>\n<tr style=\"height: 11px;\">\n<td style=\"width: 602.6666870117188px; height: 11px;\" valign=\"top\"><img loading=\"lazy\" decoding=\"async\" class=\"wp-image-11966 aligncenter\" src=\"http:\/\/nicaragua-travel-guide.com\/site\/wp-content\/uploads\/2016\/07\/saloncpcpopas.jpg\" alt=\"Camera\" width=\"280\" height=\"210\" srcset=\"https:\/\/nicaragua-travel-guide.com\/site\/wp-content\/uploads\/2016\/07\/saloncpcpopas.jpg 2816w, https:\/\/nicaragua-travel-guide.com\/site\/wp-content\/uploads\/2016\/07\/saloncpcpopas-600x450.jpg 600w\" sizes=\"(max-width: 280px) 100vw, 280px\" \/><\/td>\n<td style=\"width: 602.3333129882813px; height: 11px;\" valign=\"top\"><img loading=\"lazy\" decoding=\"async\" class=\"wp-image-11953 aligncenter\" src=\"http:\/\/nicaragua-travel-guide.com\/site\/wp-content\/uploads\/2016\/07\/alquilersalonlagranfrancia.jpg\" alt=\"alquilersalonlagranfrancia\" width=\"279\" height=\"208\" \/><\/td>\n<td style=\"width: 677px; height: 11px;\" valign=\"top\">\n<h3><img loading=\"lazy\" decoding=\"async\" class=\"wp-image-5374 aligncenter\" src=\"http:\/\/nicaragua-travel-guide.com\/site\/wp-content\/uploads\/2016\/06\/arreglofloralpergolaboda.jpg\" alt=\"arreglofloralpergolaboda\" width=\"284\" height=\"204\" srcset=\"https:\/\/nicaragua-travel-guide.com\/site\/wp-content\/uploads\/2016\/06\/arreglofloralpergolaboda.jpg 625w, https:\/\/nicaragua-travel-guide.com\/site\/wp-content\/uploads\/2016\/06\/arreglofloralpergolaboda-600x432.jpg 600w\" sizes=\"(max-width: 284px) 100vw, 284px\" \/><\/h3>\n<\/td>\n<\/tr>\n<tr style=\"height: 12px;\">\n<td style=\"width: 602.6666870117188px; height: 12px; text-align: center;\" valign=\"top\">Sal\u00f3n\u00a0de reuniones y eventos<\/td>\n<td style=\"width: 602.3333129882813px; height: 12px; text-align: center;\" valign=\"top\">Sal\u00f3n para Quince a\u00f1os<\/td>\n<td style=\"width: 677px; height: 12px; text-align: center;\" valign=\"top\">Sal\u00f3n\u00a0de Hotel y Restaurante<\/td>\n<\/tr>\n<tr style=\"height: 25px;\">\n<td style=\"width: 602.6666870117188px; height: 25px;\" valign=\"top\"><img loading=\"lazy\" decoding=\"async\" class=\"wp-image-11958 aligncenter\" src=\"http:\/\/nicaragua-travel-guide.com\/site\/wp-content\/uploads\/2016\/07\/saloneventodereunion.jpg\" alt=\"saloneventodereunion\" width=\"304\" height=\"229\" \/><\/td>\n<td style=\"width: 602.3333129882813px; height: 25px;\" valign=\"top\"><img loading=\"lazy\" decoding=\"async\" class=\"wp-image-11967 aligncenter\" src=\"http:\/\/nicaragua-travel-guide.com\/site\/wp-content\/uploads\/2016\/07\/saloneventomesasarectangulares.jpg\" alt=\"saloneventomesasarectangulares\" width=\"299\" height=\"224\" \/><\/td>\n<td style=\"width: 677px; height: 25px;\" valign=\"top\"><img loading=\"lazy\" decoding=\"async\" class=\" wp-image-11960 aligncenter\" src=\"http:\/\/nicaragua-travel-guide.com\/site\/wp-content\/uploads\/2016\/07\/saloneventomesacerrada.jpg\" alt=\"saloneventomesacerrada\" width=\"325\" height=\"222\" \/><\/td>\n<\/tr>\n<tr style=\"height: 25px;\">\n<td style=\"width: 602.6666870117188px; height: 25px; text-align: center;\" valign=\"top\">Eventos estudiantiles y corporativos<\/td>\n<td style=\"width: 602.3333129882813px; height: 25px; text-align: center;\" valign=\"top\">Sal\u00f3n Centro de Convenciones<\/td>\n<td style=\"width: 677px; height: 25px; text-align: center;\" valign=\"top\">Elegante sal\u00f3n de restaurante<\/td>\n<\/tr>\n<tr style=\"height: 25px;\">\n<td style=\"width: 602.6666870117188px; height: 25px;\" valign=\"top\"><img loading=\"lazy\" decoding=\"async\" class=\" wp-image-11959 aligncenter\" src=\"http:\/\/nicaragua-travel-guide.com\/site\/wp-content\/uploads\/2016\/07\/saloneventomantelesazulescorporat.jpg\" alt=\"saloneventomantelesazulescorporat\" width=\"285\" height=\"219\" \/><\/td>\n<td style=\"width: 602.3333129882813px; height: 25px;\" valign=\"top\"><img loading=\"lazy\" decoding=\"async\" class=\"wp-image-11965 aligncenter\" src=\"http:\/\/nicaragua-travel-guide.com\/site\/wp-content\/uploads\/2016\/07\/salonarcosmuseoalquilerevento.jpg\" alt=\"salonarcosmuseoalquilerevento\" width=\"295\" height=\"221\" srcset=\"https:\/\/nicaragua-travel-guide.com\/site\/wp-content\/uploads\/2016\/07\/salonarcosmuseoalquilerevento.jpg 1600w, https:\/\/nicaragua-travel-guide.com\/site\/wp-content\/uploads\/2016\/07\/salonarcosmuseoalquilerevento-600x450.jpg 600w\" sizes=\"(max-width: 295px) 100vw, 295px\" \/><\/td>\n<td style=\"width: 677px; height: 25px;\" valign=\"top\"><img loading=\"lazy\" decoding=\"async\" class=\"wp-image-14254 aligncenter\" src=\"http:\/\/nicaragua-travel-guide.com\/site\/wp-content\/uploads\/2016\/07\/Granada-Hotle-Dario-salon-de-evento-quince.jpg\" alt=\"granada-hotle-dario-salon-de-evento-quince\" width=\"319\" height=\"218\" srcset=\"https:\/\/nicaragua-travel-guide.com\/site\/wp-content\/uploads\/2016\/07\/Granada-Hotle-Dario-salon-de-evento-quince.jpg 872w, https:\/\/nicaragua-travel-guide.com\/site\/wp-content\/uploads\/2016\/07\/Granada-Hotle-Dario-salon-de-evento-quince-600x410.jpg 600w\" sizes=\"(max-width: 319px) 100vw, 319px\" \/><\/td>\n<\/tr>\n<tr style=\"height: 25px;\">\n<td style=\"width: 602.6666870117188px; height: 25px; text-align: center;\" valign=\"top\">Sal\u00f3n privado \u00a0convenci\u00f3n<\/td>\n<td style=\"width: 602.3333129882813px; height: 25px; text-align: center;\" valign=\"top\">Congresos y Seminarios<\/td>\n<td style=\"width: 677px; height: 25px; text-align: center;\" valign=\"top\">Sal\u00f3n\u00a0Naturaleza Nocturna<\/td>\n<\/tr>\n<tr style=\"height: 33px;\">\n<td style=\"width: 602.6666870117188px; height: 33px;\" valign=\"top\"><img loading=\"lazy\" decoding=\"async\" class=\"alignnone wp-image-11957\" src=\"http:\/\/nicaragua-travel-guide.com\/site\/wp-content\/uploads\/2016\/07\/juegosinfantilescentroturisticogranada.jpg\" alt=\"juegosinfantilescentroturisticogranada\" width=\"344\" height=\"256\" \/><\/td>\n<td style=\"width: 602.3333129882813px; height: 33px;\" valign=\"top\"><img loading=\"lazy\" decoding=\"async\" class=\"wp-image-11955 aligncenter\" src=\"http:\/\/nicaragua-travel-guide.com\/site\/wp-content\/uploads\/2016\/07\/arreglosalondconvenciones.jpg\" alt=\"arreglosalondconvenciones\" width=\"252\" height=\"230\" \/><\/td>\n<td style=\"width: 677px; height: 33px;\" valign=\"top\"><img loading=\"lazy\" decoding=\"async\" class=\"wp-image-12730 aligncenter\" src=\"http:\/\/nicaragua-travel-guide.com\/site\/wp-content\/uploads\/2016\/07\/decoracion-para-boda.jpg\" alt=\"decoracion para boda\" width=\"332\" height=\"204\" \/><\/td>\n<\/tr>\n<tr style=\"height: 21px;\">\n<td style=\"width: 602.6666870117188px; height: 21px; text-align: center;\" valign=\"top\">Espacios con juegos para ni\u00f1os<\/td>\n<td style=\"width: 602.3333129882813px; height: 21px; text-align: center;\" valign=\"top\">\u00a0Alquiler de Isleta con habitaciones<\/td>\n<td style=\"width: 677px; height: 21px; text-align: center;\" valign=\"top\">Sal\u00f3n de Restaurante con Naturaleza<\/td>\n<\/tr>\n<tr style=\"height: 22px;\">\n<td style=\"width: 602.6666870117188px; height: 22px;\" valign=\"top\"><img loading=\"lazy\" decoding=\"async\" class=\"wp-image-11964 aligncenter\" src=\"http:\/\/nicaragua-travel-guide.com\/site\/wp-content\/uploads\/2016\/07\/islazopangoeventoalquiler.jpg\" alt=\"islazopangoeventoalquiler\" width=\"259\" height=\"194\" srcset=\"https:\/\/nicaragua-travel-guide.com\/site\/wp-content\/uploads\/2016\/07\/islazopangoeventoalquiler.jpg 960w, https:\/\/nicaragua-travel-guide.com\/site\/wp-content\/uploads\/2016\/07\/islazopangoeventoalquiler-600x450.jpg 600w\" sizes=\"(max-width: 259px) 100vw, 259px\" \/><\/td>\n<td style=\"width: 602.3333129882813px; height: 22px;\" valign=\"top\"><img loading=\"lazy\" decoding=\"async\" class=\"wp-image-10564 aligncenter\" style=\"font-family: inherit; font-size: inherit; line-height: 1.5;\" src=\"http:\/\/nicaragua-travel-guide.com\/site\/wp-content\/uploads\/2016\/06\/isletas-puerto-asese-granada.jpg\" alt=\"isletas puerto asese granada\" width=\"301\" height=\"187\" \/><\/td>\n<td style=\"width: 677px; height: 22px;\" valign=\"top\"><img loading=\"lazy\" decoding=\"async\" class=\"wp-image-11962 aligncenter\" src=\"http:\/\/nicaragua-travel-guide.com\/site\/wp-content\/uploads\/2016\/07\/isletaenalquiler.jpg\" alt=\"isletaenalquiler\" width=\"261\" height=\"197\" \/><\/td>\n<\/tr>\n<tr style=\"height: 22px;\">\n<td style=\"width: 602.6666870117188px; height: 22px;\" colspan=\"3\" valign=\"top\">Por mayor\u00a0informaci\u00f3n\u00a0y reservacion\u00a0<strong>Cont\u00e1ctenos \u00a0 \u00a0 \u00a0 \u00a0 \u00a0 \u00a0 \u00a0 \u00a0 \u00a0 \u00a0 \u00a0 \u00a0 \u00a0 \u00a0 \u00a0 \u00a0 \u00a0 \u00a0 \u00a0 \u00a0 \u00a0 \u00a0 \u00a0 \u00a0 \u00a0 \u00a0 \u00a0 \u00a0 \u00a0Pregunte por nuestra oferta especial\u00a0\u00a0<\/strong><\/td>\n<\/tr>\n<\/tbody>\n<\/table>\n","protected":false},"excerpt":{"rendered":"<p>Inicio Boda Bautizo Pi\u00f1ata Quince a\u00f1os Cumplea\u00f1os Ceremonia Civil Graduaci\u00f3n Corporativo Social Salones de Hotel, Restaurantes, Centros Culturales, Iglesias, Parques, Plazas o en casa de domicilio&#8230; En la ciudad colonial Granada en el centro hist\u00f3rico y sus alrededores rodeados de naturaleza, estamos ofreciendo los siguientes establecimientos, espacios para organizar celebraciones religiosas, boda, quince a\u00f1os, bautizo, [&hellip;]<\/p>\n","protected":false},"author":2,"featured_media":0,"parent":0,"menu_order":0,"comment_status":"closed","ping_status":"closed","template":"","meta":{"footnotes":""},"_links":{"self":[{"href":"https:\/\/nicaragua-travel-guide.com\/site\/wp-json\/wp\/v2\/pages\/7047"}],"collection":[{"href":"https:\/\/nicaragua-travel-guide.com\/site\/wp-json\/wp\/v2\/pages"}],"about":[{"href":"https:\/\/nicaragua-travel-guide.com\/site\/wp-json\/wp\/v2\/types\/page"}],"author":[{"embeddable":true,"href":"https:\/\/nicaragua-travel-guide.com\/site\/wp-json\/wp\/v2\/users\/2"}],"replies":[{"embeddable":true,"href":"https:\/\/nicaragua-travel-guide.com\/site\/wp-json\/wp\/v2\/comments?post=7047"}],"version-history":[{"count":42,"href":"https:\/\/nicaragua-travel-guide.com\/site\/wp-json\/wp\/v2\/pages\/7047\/revisions"}],"predecessor-version":[{"id":14255,"href":"https:\/\/nicaragua-travel-guide.com\/site\/wp-json\/wp\/v2\/pages\/7047\/revisions\/14255"}],"wp:attachment":[{"href":"https:\/\/nicaragua-travel-guide.com\/site\/wp-json\/wp\/v2\/media?parent=7047"}],"curies":[{"name":"wp","href":"https:\/\/api.w.org\/{rel}","templated":true}]}}