{"id":7079,"date":"2016-07-17T19:18:33","date_gmt":"2016-07-17T19:18:33","guid":{"rendered":"http:\/\/nicaragua-travel-guide.com\/site\/?page_id=7079"},"modified":"2016-07-31T04:41:11","modified_gmt":"2016-07-31T04:41:11","slug":"iglesias-principales-de-granada-nicaragua","status":"publish","type":"page","link":"https:\/\/nicaragua-travel-guide.com\/site\/iglesias-principales-de-granada-nicaragua\/","title":{"rendered":"\u00abIglesias principales de Granada\u00bb Nicaragua"},"content":{"rendered":"<table border=\"0\" width=\"1014\">\n<tbody>\n<tr>\n<td colspan=\"2\" bgcolor=\"#FFFF00\"><img decoding=\"async\" src=\"http:\/\/www.nicaragua-travel-guide.com\/img-index\/header.jpg\" \/><\/td>\n<\/tr>\n<tr>\n<td colspan=\"2\" bgcolor=\"#FFFF00\">Iglesias principales de Granada Nicaragua<\/td>\n<\/tr>\n<tr>\n<td bgcolor=\"#CCFFFF\">Catedral<\/td>\n<td bgcolor=\"#FFFFFF\"><\/td>\n<\/tr>\n<tr>\n<td align=\"center\" valign=\"top\" bgcolor=\"#FFFFFF\" width=\"259\" height=\"126\"><img loading=\"lazy\" decoding=\"async\" src=\"http:\/\/www.nicaragua-travel-guide.com\/imangenestres\/granadaiglesiacatedralplaza.jpg\" width=\"259\" height=\"194\" \/><\/td>\n<td valign=\"top\" bgcolor=\"#FFFFCC\" width=\"745\">\n<table border=\"0\" width=\"628\" cellspacing=\"0\" cellpadding=\"5\">\n<tbody>\n<tr>\n<td colspan=\"2\">Iglesia Catedral de Granada<\/td>\n<\/tr>\n<tr>\n<td width=\"91\">Construido<\/td>\n<td width=\"517\">1583<\/td>\n<\/tr>\n<tr>\n<td colspan=\"2\" valign=\"top\" height=\"56\">La Catedral de Granada es uno de los edificios m\u00e1s prominentes de la ciudad. Est\u00e1 ubicada en la parte este del Parque Central en Granada (Parque Col\u00f3n).<\/td>\n<\/tr>\n<\/tbody>\n<\/table>\n<\/td>\n<\/tr>\n<tr>\n<td bgcolor=\"#CCFFFF\">La Merced<\/td>\n<td bgcolor=\"#FFFFFF\"><\/td>\n<\/tr>\n<tr>\n<td align=\"center\" valign=\"top\" bgcolor=\"#FFFFFF\" height=\"126\"><img loading=\"lazy\" decoding=\"async\" src=\"http:\/\/www.nicaragua-travel-guide.com\/imangenestres\/granadaiglesialamerced.jpg\" width=\"259\" height=\"134\" \/><\/td>\n<td valign=\"top\" bgcolor=\"#FFFFCC\">\n<table border=\"0\" width=\"616\" cellspacing=\"0\" cellpadding=\"5\">\n<tbody>\n<tr>\n<td colspan=\"2\">Iglesia la Merced<\/td>\n<\/tr>\n<tr>\n<td width=\"91\">Construido<\/td>\n<td width=\"505\">1534<\/td>\n<\/tr>\n<tr>\n<td colspan=\"2\" valign=\"top\" height=\"56\">La iglesia es resguardada por una torre imponente y por otros edificios coloniales. La fachada de la Merced fue reconstruida usando un estilo barroco.<\/td>\n<\/tr>\n<\/tbody>\n<\/table>\n<\/td>\n<\/tr>\n<tr>\n<td bgcolor=\"#CCFFFF\">San Francisco<\/td>\n<td bgcolor=\"#FFFFFF\"><\/td>\n<\/tr>\n<tr>\n<td align=\"center\" valign=\"top\" bgcolor=\"#FFFFFF\"><img loading=\"lazy\" decoding=\"async\" src=\"http:\/\/www.nicaragua-travel-guide.com\/imangenestres\/granadaiglesiasanfranco.jpg\" width=\"259\" height=\"187\" \/><\/td>\n<td bgcolor=\"#FFFFCC\">\n<table border=\"0\" width=\"636\" cellspacing=\"0\" cellpadding=\"5\">\n<tbody>\n<tr>\n<td colspan=\"2\">Iglesia San Francisco<\/td>\n<\/tr>\n<tr>\n<td width=\"83\">Construido<\/td>\n<td width=\"533\">1529<\/td>\n<\/tr>\n<tr>\n<td colspan=\"2\" height=\"56\">El sorprendente azul celeste de la Iglesia San Francisco se puede apreciar a tan s\u00f3lo unas cuadras al noreste del Parque Central de Granada.<\/td>\n<\/tr>\n<\/tbody>\n<\/table>\n<\/td>\n<\/tr>\n<tr>\n<td bgcolor=\"#CCFFFF\">Guadalupe<\/td>\n<td bgcolor=\"#FFFFFF\"><\/td>\n<\/tr>\n<tr>\n<td align=\"center\" valign=\"top\" bgcolor=\"#FFFFFF\"><img loading=\"lazy\" decoding=\"async\" src=\"http:\/\/www.nicaragua-travel-guide.com\/imangenestres\/granadaiglesiaguadalup.jpg\" width=\"259\" height=\"181\" \/><\/td>\n<td valign=\"top\" bgcolor=\"#FFFFCC\">\n<table border=\"0\" width=\"630\" cellspacing=\"0\" cellpadding=\"5\">\n<tbody>\n<tr>\n<td colspan=\"2\">Iglesia de Guadalupe<\/td>\n<\/tr>\n<tr>\n<td width=\"91\">Construido<\/td>\n<td width=\"519\">1626<\/td>\n<\/tr>\n<tr>\n<td colspan=\"2\" height=\"59\">La Iglesia de Guadalupe est\u00e1 localizada en la para este de Granada, en la Calle de la Calzada. Fue construida en 1626 por Fray Benito Baltodano.<\/td>\n<\/tr>\n<\/tbody>\n<\/table>\n<\/td>\n<\/tr>\n<tr>\n<td bgcolor=\"#CCFFFF\">Xalteva<\/td>\n<td bgcolor=\"#FFFFFF\"><\/td>\n<\/tr>\n<tr>\n<td valign=\"middle\" bgcolor=\"#FFFFFF\" height=\"90\"><img loading=\"lazy\" decoding=\"async\" src=\"http:\/\/www.nicaragua-travel-guide.com\/imangenestres\/granadaiglesiaxalteva.jpg\" width=\"259\" height=\"147\" \/><\/td>\n<td valign=\"top\" bgcolor=\"#FFFFCC\">Iglesia de Xalteva<\/p>\n<p>El nombre de esta iglesia se toma del barrio ind\u00edgena que antiguamente ocupaba el \u00e1rea donde se encuentra la iglesia. El edificio est\u00e1 situado en la parte oeste de la ciudad, en la Calle Real.<\/td>\n<\/tr>\n<tr>\n<td bgcolor=\"#CCFFFF\">Capilla Maria Auxiliadora<\/td>\n<td bgcolor=\"#FFFFFF\"><\/td>\n<\/tr>\n<tr>\n<td align=\"center\" valign=\"top\" bgcolor=\"#FFFFFF\" height=\"113\"><img loading=\"lazy\" decoding=\"async\" src=\"http:\/\/www.nicaragua-travel-guide.com\/imangenestres\/granadaiglcapillamariaux.jpg\" width=\"153\" height=\"149\" \/><\/td>\n<td valign=\"top\" bgcolor=\"#FFFFCC\">Parroquia Mar\u00eda Auxiliadora.<\/p>\n<p>La Capilla de Mar\u00eda Auxiliadora, en Granada es de contrucccion reciente. La obra se inic\u00edo en 1921, a\u00f1o del centenario de la Independencia de Nicaragua, se concluy\u00f3 e inaugur\u00f3 el 15 de abril en 1922, el dise\u00f1o y la obra fue dirigida por el sacerdote Jose Misieri.<\/td>\n<\/tr>\n<tr>\n<td bgcolor=\"#CCFFFF\" height=\"28\">Capilla de las Animas<\/td>\n<td bgcolor=\"#FFFFFF\"><\/td>\n<\/tr>\n<tr>\n<td align=\"center\" valign=\"top\" bgcolor=\"#FFFFFF\"><img loading=\"lazy\" decoding=\"async\" src=\"http:\/\/www.nicaragua-travel-guide.com\/imangenestres\/granadaiglesiacapilladelasanimas.jpg\" width=\"257\" height=\"168\" \/><\/td>\n<td align=\"center\" valign=\"middle\" bgcolor=\"#FFFFCC\" height=\"170\"><strong>En 1878 el norteamericano Teodoro E . Hocke emprendio una campa\u00f1a con el fin de dotar al cementerio de Granada de una Capilla y para ello habia ideado una replica de la Magdalena de Paris.<\/strong><\/p>\n<p>Las obras fueron realizadas bajo la direccion del maestro Carlos Ferrey. En 1885 estaban levantadas las paredes, faltando unicamente el techo. Posteriormente la junta tomo a su cargo el remate de la construccion de tal manera que en 1922 se concluyeron definitivamente.<\/td>\n<\/tr>\n<tr>\n<td bgcolor=\"#FFFFFF\">Ermita Perpetuo Socorro<\/td>\n<td bgcolor=\"#FFFFFF\"><\/td>\n<\/tr>\n<tr>\n<td align=\"center\" bgcolor=\"#FFFFFF\"><img loading=\"lazy\" decoding=\"async\" src=\"http:\/\/www.nicaragua-travel-guide.com\/imangenestres\/granadaiglesiadelperpetuosocorro.jpg\" width=\"105\" height=\"134\" \/><\/td>\n<td bgcolor=\"#FFFFCC\"><\/td>\n<\/tr>\n<tr>\n<td bgcolor=\"#FFFFFF\">San Jose Obrero<\/td>\n<td bgcolor=\"#FFFFFF\"><\/td>\n<\/tr>\n<tr>\n<td align=\"center\" bgcolor=\"#FFFFFF\"><img loading=\"lazy\" decoding=\"async\" src=\"http:\/\/www.nicaragua-travel-guide.com\/imangenestres\/granadaiglesiadesanjoseobrero.jpg\" width=\"102\" height=\"130\" \/><\/td>\n<td bgcolor=\"#FFFFCC\"><\/td>\n<\/tr>\n<tr>\n<td bgcolor=\"#FFFFFF\">Diriomo- Iglesia de Candelaria<\/td>\n<td bgcolor=\"#FFFFFF\"><\/td>\n<\/tr>\n<tr>\n<td align=\"center\" valign=\"middle\" bgcolor=\"#FFFFFF\" height=\"127\"><img loading=\"lazy\" decoding=\"async\" src=\"http:\/\/www.nicaragua-travel-guide.com\/imangenestres\/granadaiglesiadecandelariadiriomo.jpg\" width=\"257\" height=\"179\" \/><\/td>\n<td bgcolor=\"#FFFFCC\"><\/td>\n<\/tr>\n<tr>\n<td bgcolor=\"#FFFFFF\" height=\"32\">Diria- Iglesia San Pedro<\/td>\n<td bgcolor=\"#FFFFFF\"><\/td>\n<\/tr>\n<tr>\n<td align=\"center\" valign=\"top\" bgcolor=\"#FFFFFF\" height=\"148\"><\/td>\n<td bgcolor=\"#FFFFCC\"><\/td>\n<\/tr>\n<tr>\n<td bgcolor=\"#FFFFFF\">Nandaime Basilica Santa Ana<\/td>\n<td bgcolor=\"#FFFFFF\"><\/td>\n<\/tr>\n<tr>\n<td align=\"center\" valign=\"top\" bgcolor=\"#FFFFFF\" height=\"152\"><\/td>\n<td bgcolor=\"#FFFFCC\"><\/td>\n<\/tr>\n<tr>\n<td colspan=\"2\" valign=\"bottom\" bgcolor=\"#FFFFFF\" height=\"33\">&lt;&lt; Volver a decoraci\u00f3n de Iglesias<\/td>\n<\/tr>\n<\/tbody>\n<\/table>\n","protected":false},"excerpt":{"rendered":"<p>Iglesias principales de Granada Nicaragua Catedral Iglesia Catedral de Granada Construido 1583 La Catedral de Granada es uno de los edificios m\u00e1s prominentes de la ciudad. Est\u00e1 ubicada en la parte este del Parque Central en Granada (Parque Col\u00f3n). La Merced Iglesia la Merced Construido 1534 La iglesia es resguardada por una torre imponente y [&hellip;]<\/p>\n","protected":false},"author":2,"featured_media":0,"parent":0,"menu_order":0,"comment_status":"closed","ping_status":"closed","template":"","meta":{"footnotes":""},"_links":{"self":[{"href":"https:\/\/nicaragua-travel-guide.com\/site\/wp-json\/wp\/v2\/pages\/7079"}],"collection":[{"href":"https:\/\/nicaragua-travel-guide.com\/site\/wp-json\/wp\/v2\/pages"}],"about":[{"href":"https:\/\/nicaragua-travel-guide.com\/site\/wp-json\/wp\/v2\/types\/page"}],"author":[{"embeddable":true,"href":"https:\/\/nicaragua-travel-guide.com\/site\/wp-json\/wp\/v2\/users\/2"}],"replies":[{"embeddable":true,"href":"https:\/\/nicaragua-travel-guide.com\/site\/wp-json\/wp\/v2\/comments?post=7079"}],"version-history":[{"count":2,"href":"https:\/\/nicaragua-travel-guide.com\/site\/wp-json\/wp\/v2\/pages\/7079\/revisions"}],"predecessor-version":[{"id":8891,"href":"https:\/\/nicaragua-travel-guide.com\/site\/wp-json\/wp\/v2\/pages\/7079\/revisions\/8891"}],"wp:attachment":[{"href":"https:\/\/nicaragua-travel-guide.com\/site\/wp-json\/wp\/v2\/media?parent=7079"}],"curies":[{"name":"wp","href":"https:\/\/api.w.org\/{rel}","templated":true}]}}