{"id":7231,"date":"2016-07-18T17:38:46","date_gmt":"2016-07-18T17:38:46","guid":{"rendered":"http:\/\/nicaragua-travel-guide.com\/site\/?page_id=7231"},"modified":"2016-08-20T22:39:35","modified_gmt":"2016-08-20T22:39:35","slug":"pianista-ejecutante-genero-clasico-jazz-bailable-variado-repertorio-en-nicaragua-y-el-exterior","status":"publish","type":"page","link":"https:\/\/nicaragua-travel-guide.com\/site\/pianista-ejecutante-genero-clasico-jazz-bailable-variado-repertorio-en-nicaragua-y-el-exterior\/","title":{"rendered":"Pianista ejecutante \u00abgenero cl\u00e1sico, Jazz, bailable, variado repertorio\u00bb en nicaragua y el exterior"},"content":{"rendered":"<table style=\"width: 1032.3333740234375px;\" border=\"0\">\n<tbody>\n<tr style=\"height: 37px;\">\n<td style=\"height: 37px; background-color: #d4d4d4; width: 1025.3333740234375px;\" bgcolor=\"#FFFFFF\"><strong>Pianista \/ ejecutante de teclado \/ m\u00fasica variada \/ instrumental \/acompa\u00f1amiento de cantante.<\/strong><\/td>\n<\/tr>\n<tr style=\"height: 348px;\">\n<td style=\"height: 348px; width: 1025.3333740234375px;\" bgcolor=\"#FFFFFF\"><img loading=\"lazy\" decoding=\"async\" class=\"alignnone size-full wp-image-11786\" src=\"http:\/\/nicaragua-travel-guide.com\/site\/wp-content\/uploads\/2016\/07\/headerpianotecladoevento.jpg\" alt=\"headerpianotecladoevento\" width=\"1025\" height=\"345\" srcset=\"https:\/\/nicaragua-travel-guide.com\/site\/wp-content\/uploads\/2016\/07\/headerpianotecladoevento.jpg 1025w, https:\/\/nicaragua-travel-guide.com\/site\/wp-content\/uploads\/2016\/07\/headerpianotecladoevento-600x202.jpg 600w\" sizes=\"(max-width: 1025px) 100vw, 1025px\" \/><\/td>\n<\/tr>\n<tr style=\"height: 82px;\">\n<td style=\"height: 82px; width: 1025.3333740234375px;\" bgcolor=\"#FFFFFF\">Con el respectivo repertorio para acompa\u00f1ar de manera profesional, especializado en ceremonias religiosas con m\u00fasica sacra en iglesias, para boda, bautizo, 15 a\u00f1os, misa de aniversario, funeral, y para amenizar en eventos, salones, restaurantes,hoteles, instrumental, bailable, cl\u00e1sica y jazz,acompa\u00f1amos cantante.<\/td>\n<\/tr>\n<tr style=\"height: 25px;\">\n<td style=\"height: 25px; background-color: #d4d4d4; width: 1025.3333740234375px;\" bgcolor=\"#000000\">Servicio de mantenimiento y reparaci\u00f3n de teclado.<\/td>\n<\/tr>\n<tr style=\"height: 8px;\">\n<td style=\"height: 8px; width: 1025.3333740234375px;\" bgcolor=\"#FFFFFF\">Por mayor informaci\u00f3n y reservaci\u00f3n <strong>Contactarnos<\/strong><\/td>\n<\/tr>\n<\/tbody>\n<\/table>\n","protected":false},"excerpt":{"rendered":"<p>Pianista \/ ejecutante de teclado \/ m\u00fasica variada \/ instrumental \/acompa\u00f1amiento de cantante. Con el respectivo repertorio para acompa\u00f1ar de manera profesional, especializado en ceremonias religiosas con m\u00fasica sacra en iglesias, para boda, bautizo, 15 a\u00f1os, misa de aniversario, funeral, y para amenizar en eventos, salones, restaurantes,hoteles, instrumental, bailable, cl\u00e1sica y jazz,acompa\u00f1amos cantante. Servicio de [&hellip;]<\/p>\n","protected":false},"author":2,"featured_media":0,"parent":0,"menu_order":0,"comment_status":"closed","ping_status":"closed","template":"","meta":{"footnotes":""},"_links":{"self":[{"href":"https:\/\/nicaragua-travel-guide.com\/site\/wp-json\/wp\/v2\/pages\/7231"}],"collection":[{"href":"https:\/\/nicaragua-travel-guide.com\/site\/wp-json\/wp\/v2\/pages"}],"about":[{"href":"https:\/\/nicaragua-travel-guide.com\/site\/wp-json\/wp\/v2\/types\/page"}],"author":[{"embeddable":true,"href":"https:\/\/nicaragua-travel-guide.com\/site\/wp-json\/wp\/v2\/users\/2"}],"replies":[{"embeddable":true,"href":"https:\/\/nicaragua-travel-guide.com\/site\/wp-json\/wp\/v2\/comments?post=7231"}],"version-history":[{"count":5,"href":"https:\/\/nicaragua-travel-guide.com\/site\/wp-json\/wp\/v2\/pages\/7231\/revisions"}],"predecessor-version":[{"id":11790,"href":"https:\/\/nicaragua-travel-guide.com\/site\/wp-json\/wp\/v2\/pages\/7231\/revisions\/11790"}],"wp:attachment":[{"href":"https:\/\/nicaragua-travel-guide.com\/site\/wp-json\/wp\/v2\/media?parent=7231"}],"curies":[{"name":"wp","href":"https:\/\/api.w.org\/{rel}","templated":true}]}}