{"id":7243,"date":"2016-07-18T18:13:44","date_gmt":"2016-07-18T18:13:44","guid":{"rendered":"http:\/\/nicaragua-travel-guide.com\/site\/?page_id=7243"},"modified":"2016-08-20T21:26:25","modified_gmt":"2016-08-20T21:26:25","slug":"mariachi-de-nicaragua-para-amenizar-en-evento-especial-cumpleanos-serenata-boda-quinceano-misas-y-funeral-paquete-con-regalo-incluido-o-sencillo","status":"publish","type":"page","link":"https:\/\/nicaragua-travel-guide.com\/site\/mariachi-de-nicaragua-para-amenizar-en-evento-especial-cumpleanos-serenata-boda-quinceano-misas-y-funeral-paquete-con-regalo-incluido-o-sencillo\/","title":{"rendered":"Mariachi  de Nicaragua \u00abpara amenizar en evento especial Paquete con regalo incluido o sencillo"},"content":{"rendered":"<table style=\"width: 889.6666870117188px;\" border=\"0\">\n<tbody>\n<tr style=\"height: 21px;\">\n<td style=\"height: 21px; width: 882.6666870117188px;\" bgcolor=\"#FFFFFF\"><img loading=\"lazy\" decoding=\"async\" class=\"alignnone size-full wp-image-11771\" src=\"http:\/\/nicaragua-travel-guide.com\/site\/wp-content\/uploads\/2016\/07\/mariachis-de-nicaragua-travel-guide-paquete-con-regalo-incluido-o-sencillo.jpg\" alt=\"mariachis de nicaragua travel guide paquete con regalo incluido o sencillo\" width=\"1025\" height=\"345\" srcset=\"https:\/\/nicaragua-travel-guide.com\/site\/wp-content\/uploads\/2016\/07\/mariachis-de-nicaragua-travel-guide-paquete-con-regalo-incluido-o-sencillo.jpg 1025w, https:\/\/nicaragua-travel-guide.com\/site\/wp-content\/uploads\/2016\/07\/mariachis-de-nicaragua-travel-guide-paquete-con-regalo-incluido-o-sencillo-600x202.jpg 600w\" sizes=\"(max-width: 1025px) 100vw, 1025px\" \/><\/td>\n<\/tr>\n<tr style=\"height: 21px;\">\n<td style=\"height: 21px; background-color: #e8e3e3; width: 882.6666870117188px;\" bgcolor=\"#000000\">Conjunto de \u00a0Mariachis \u00a0para su evento \u00a0especial amenizazaci\u00f3n\u00a0musical \u00a0y cantada \u00a0\u00bb Concierto\u00bb selecci\u00f3n de repertorio con el<\/td>\n<\/tr>\n<tr style=\"height: 25px;\">\n<td style=\"height: 25px; width: 882.6666870117188px;\" bgcolor=\"#FFFFFF\">\u00a0toque del alegre Mariachi \u00a0Loco! \u00a0con la mejor y m\u00e1s divertida serenata con un excelente precio.<\/td>\n<\/tr>\n<tr style=\"height: 21px;\">\n<td style=\"height: 21px; width: 882.6666870117188px;\" bgcolor=\"#FFFFFF\">Acompa\u00f1ado\u00a0con cantante de voz femenina y masculinas con alegr\u00eda y mucha diversi\u00f3n.<\/td>\n<\/tr>\n<tr style=\"height: 21px;\">\n<td style=\"height: 21px; width: 882.6666870117188px;\" bgcolor=\"#FFFFFF\">\n<ul>\n<li>Boda.<\/li>\n<li><span style=\"font-family: inherit; font-size: inherit; line-height: 1.5;\">Quince a\u00f1o.<\/span><\/li>\n<li><span style=\"font-family: inherit; font-size: inherit; line-height: 1.5;\">Cumplea\u00f1os.<\/span><\/li>\n<li><span style=\"font-family: inherit; font-size: inherit; line-height: 1.5;\">Serenata.<\/span><\/li>\n<li><span style=\"font-family: inherit; font-size: inherit; line-height: 1.5;\">Misas.<\/span><\/li>\n<\/ul>\n<\/td>\n<\/tr>\n<tr style=\"height: 21px;\">\n<td style=\"height: 21px; width: 882.6666870117188px;\" bgcolor=\"#FFFFFF\">\n<table style=\"width: 985px;\">\n<tbody>\n<tr>\n<td style=\"width: 718px;\" bgcolor=\"#FFFFFF\">Incluimos\u00a0transporte y todo lo necesario. <strong>\u00a0 \u00a0 \u00a0 \u00a0 \u00a0 \u00a0 \u00a0 \u00a0 \u00a0 \u00a0 \u00a0 \u00a0 Paquete especial \u00a0o sencillo<\/strong><\/td>\n<td style=\"width: 252px;\">Reclame\u00a0su obsequio.<\/td>\n<\/tr>\n<\/tbody>\n<\/table>\n<\/td>\n<\/tr>\n<tr style=\"height: 21px;\">\n<td style=\"height: 21px; width: 882.6666870117188px;\" bgcolor=\"#FFFFFF\"><img loading=\"lazy\" decoding=\"async\" class=\"alignnone size-full wp-image-7244\" src=\"http:\/\/nicaragua-travel-guide.com\/site\/wp-content\/uploads\/2016\/07\/headerorganizamosmusicaparatuevento.jpg\" alt=\"headerorganizamosmusicaparatuevento\" width=\"1025\" height=\"345\" srcset=\"https:\/\/nicaragua-travel-guide.com\/site\/wp-content\/uploads\/2016\/07\/headerorganizamosmusicaparatuevento.jpg 1025w, https:\/\/nicaragua-travel-guide.com\/site\/wp-content\/uploads\/2016\/07\/headerorganizamosmusicaparatuevento-600x202.jpg 600w\" sizes=\"(max-width: 1025px) 100vw, 1025px\" \/><\/td>\n<\/tr>\n<tr style=\"height: 25px;\">\n<td style=\"height: 25px; width: 882.6666870117188px;\" bgcolor=\"#99CC00\">Por mayor informaci\u00f3n y reservaci\u00f3n <strong>Contactarnos<\/strong><\/td>\n<\/tr>\n<\/tbody>\n<\/table>\n","protected":false},"excerpt":{"rendered":"<p>Conjunto de \u00a0Mariachis \u00a0para su evento \u00a0especial amenizazaci\u00f3n\u00a0musical \u00a0y cantada \u00a0\u00bb Concierto\u00bb selecci\u00f3n de repertorio con el \u00a0toque del alegre Mariachi \u00a0Loco! \u00a0con la mejor y m\u00e1s divertida serenata con un excelente precio. Acompa\u00f1ado\u00a0con cantante de voz femenina y masculinas con alegr\u00eda y mucha diversi\u00f3n. Boda. Quince a\u00f1o. Cumplea\u00f1os. Serenata. Misas. Incluimos\u00a0transporte y todo lo [&hellip;]<\/p>\n","protected":false},"author":2,"featured_media":0,"parent":0,"menu_order":0,"comment_status":"closed","ping_status":"closed","template":"","meta":{"footnotes":""},"_links":{"self":[{"href":"https:\/\/nicaragua-travel-guide.com\/site\/wp-json\/wp\/v2\/pages\/7243"}],"collection":[{"href":"https:\/\/nicaragua-travel-guide.com\/site\/wp-json\/wp\/v2\/pages"}],"about":[{"href":"https:\/\/nicaragua-travel-guide.com\/site\/wp-json\/wp\/v2\/types\/page"}],"author":[{"embeddable":true,"href":"https:\/\/nicaragua-travel-guide.com\/site\/wp-json\/wp\/v2\/users\/2"}],"replies":[{"embeddable":true,"href":"https:\/\/nicaragua-travel-guide.com\/site\/wp-json\/wp\/v2\/comments?post=7243"}],"version-history":[{"count":4,"href":"https:\/\/nicaragua-travel-guide.com\/site\/wp-json\/wp\/v2\/pages\/7243\/revisions"}],"predecessor-version":[{"id":11773,"href":"https:\/\/nicaragua-travel-guide.com\/site\/wp-json\/wp\/v2\/pages\/7243\/revisions\/11773"}],"wp:attachment":[{"href":"https:\/\/nicaragua-travel-guide.com\/site\/wp-json\/wp\/v2\/media?parent=7243"}],"curies":[{"name":"wp","href":"https:\/\/api.w.org\/{rel}","templated":true}]}}