{"id":7272,"date":"2016-07-18T21:51:27","date_gmt":"2016-07-18T21:51:27","guid":{"rendered":"http:\/\/nicaragua-travel-guide.com\/site\/?page_id=7272"},"modified":"2016-09-01T19:00:20","modified_gmt":"2016-09-01T19:00:20","slug":"embajadas-de-norteamerica-en-nicaragua","status":"publish","type":"page","link":"https:\/\/nicaragua-travel-guide.com\/site\/embajadas-de-norteamerica-en-nicaragua\/","title":{"rendered":"\u00abEmbajadas de Norteam\u00e9rica\u00bb en Nicaragua"},"content":{"rendered":"<table style=\"width: 1003px;\" border=\"0\" cellspacing=\"2\" cellpadding=\"2\">\n<tbody>\n<tr style=\"height: 22.5764px;\">\n<td style=\"height: 22.5764px; width: 992px;\" colspan=\"2\" bgcolor=\"#FFFF00\"><img loading=\"lazy\" decoding=\"async\" class=\"alignnone size-full wp-image-7273\" src=\"http:\/\/nicaragua-travel-guide.com\/site\/wp-content\/uploads\/2016\/07\/header-embajadas.jpg\" alt=\"header embajadas\" width=\"1025\" height=\"345\" srcset=\"https:\/\/nicaragua-travel-guide.com\/site\/wp-content\/uploads\/2016\/07\/header-embajadas.jpg 1025w, https:\/\/nicaragua-travel-guide.com\/site\/wp-content\/uploads\/2016\/07\/header-embajadas-600x202.jpg 600w\" sizes=\"(max-width: 1025px) 100vw, 1025px\" \/><\/td>\n<\/tr>\n<tr style=\"height: 22.5764px;\">\n<td style=\"height: 22.5764px; width: 992px;\" colspan=\"2\" bgcolor=\"#FFFF00\"><strong>Embajadas de Norteam\u00e9rica en Nicaragua<\/strong><\/td>\n<\/tr>\n<tr style=\"height: 334px;\">\n<td style=\"height: 334px; width: 212px;\" align=\"center\" valign=\"top\" bgcolor=\"#FFFFFF\">\n<table border=\"0\" width=\"214\">\n<tbody>\n<tr>\n<td width=\"200\">Canada<\/td>\n<\/tr>\n<tr>\n<td><img loading=\"lazy\" decoding=\"async\" class=\"alignnone size-full wp-image-12975\" src=\"http:\/\/nicaragua-travel-guide.com\/site\/wp-content\/uploads\/2016\/07\/embajada-de-canada-bandera.png\" alt=\"embajada de canada bandera\" width=\"800\" height=\"400\" srcset=\"https:\/\/nicaragua-travel-guide.com\/site\/wp-content\/uploads\/2016\/07\/embajada-de-canada-bandera.png 800w, https:\/\/nicaragua-travel-guide.com\/site\/wp-content\/uploads\/2016\/07\/embajada-de-canada-bandera-600x300.png 600w\" sizes=\"(max-width: 800px) 100vw, 800px\" \/><\/td>\n<\/tr>\n<\/tbody>\n<\/table>\n<\/td>\n<td style=\"height: 334px; width: 780px;\" align=\"middle\" valign=\"top\" bgcolor=\"#FFFFFF\">\n<table border=\"0\" width=\"100%\" cellspacing=\"5\" cellpadding=\"0\">\n<tbody>\n<tr>\n<td colspan=\"3\" nowrap=\"nowrap\" bgcolor=\"#FF0000\">Embajada de Canad\u00e1 en Managua:<\/td>\n<\/tr>\n<tr>\n<td nowrap=\"nowrap\" width=\"22%\">Oficina:<\/td>\n<td colspan=\"2\">Embajada<\/td>\n<\/tr>\n<tr>\n<td nowrap=\"nowrap\" width=\"22%\">Calle:<\/td>\n<td colspan=\"2\">Costado Oriental de la Casa Nazareth, une quadra arriba, Calle El Nogal<\/td>\n<\/tr>\n<tr>\n<td nowrap=\"nowrap\" width=\"22%\">Direcci\u00f3n Postal:<\/td>\n<td colspan=\"2\">PO Box 25<\/td>\n<\/tr>\n<tr>\n<td nowrap=\"nowrap\" width=\"22%\">Ciudad:<\/td>\n<td colspan=\"2\">Managua<\/td>\n<\/tr>\n<tr>\n<td nowrap=\"nowrap\" width=\"22%\">Provincia \/ Estado:<\/td>\n<td colspan=\"2\">Managua<\/td>\n<\/tr>\n<tr>\n<td nowrap=\"nowrap\" width=\"22%\">Pa\u00eds:<\/td>\n<td colspan=\"2\">Nicaragua<\/td>\n<\/tr>\n<tr>\n<td nowrap=\"nowrap\" width=\"22%\">Tel\u00e9fono\/s:<\/td>\n<td colspan=\"2\">(+505) 22680433<\/td>\n<\/tr>\n<tr>\n<td nowrap=\"nowrap\" width=\"22%\">Fax:<\/td>\n<td colspan=\"2\">(+505) 22680437<\/td>\n<\/tr>\n<tr>\n<td nowrap=\"nowrap\" width=\"22%\">Mail:<\/td>\n<td width=\"31%\">mngua@international.gc.ca<\/td>\n<td width=\"47%\">mngua@dfait-maeci.gc.ca<\/td>\n<\/tr>\n<tr>\n<td nowrap=\"nowrap\" width=\"22%\">P\u00e1gina Web:<\/td>\n<td colspan=\"2\">www.dfait-maeci.gc.ca\/sanjose\/mngua-en.asp<\/td>\n<\/tr>\n<\/tbody>\n<\/table>\n<\/td>\n<\/tr>\n<tr style=\"height: 309px;\">\n<td style=\"height: 309px; width: 212px;\" align=\"center\" valign=\"top\" bgcolor=\"#FFFFFF\">\n<table border=\"0\" width=\"208\">\n<tbody>\n<tr>\n<td width=\"202\">U.S.A.<\/td>\n<\/tr>\n<tr>\n<td><img loading=\"lazy\" decoding=\"async\" class=\"alignnone size-medium wp-image-12977\" src=\"http:\/\/nicaragua-travel-guide.com\/site\/wp-content\/uploads\/2016\/07\/embajada-de-estados-unidos-bandera.png\" alt=\"embajada de estados unidos bandera\" width=\"310\" height=\"163\" \/><\/td>\n<\/tr>\n<\/tbody>\n<\/table>\n<\/td>\n<td style=\"height: 309px; width: 780px;\" align=\"middle\" bgcolor=\"#FFFFFF\">\n<table border=\"0\" width=\"100%\" cellspacing=\"5\" cellpadding=\"0\">\n<tbody>\n<tr>\n<td colspan=\"2\" nowrap=\"nowrap\" bgcolor=\"#0033FF\">Embajada de Estados Unidos en Managua:<\/td>\n<\/tr>\n<tr>\n<td nowrap=\"nowrap\" width=\"22%\">Oficina:<\/td>\n<td width=\"78%\">Embajada<\/td>\n<\/tr>\n<tr>\n<td nowrap=\"nowrap\" width=\"22%\">Calle:<\/td>\n<td>KM 4 1\/2 Carretera Sur<\/td>\n<\/tr>\n<tr>\n<td nowrap=\"nowrap\" width=\"22%\">Direcci\u00f3n Postal:<\/td>\n<td>PO Box 327<\/td>\n<\/tr>\n<tr>\n<td nowrap=\"nowrap\" width=\"22%\">Ciudad:<\/td>\n<td>Managua<\/td>\n<\/tr>\n<tr>\n<td nowrap=\"nowrap\" width=\"22%\">Provincia \/ Estado:<\/td>\n<td>Managua<\/td>\n<\/tr>\n<tr>\n<td nowrap=\"nowrap\" width=\"22%\">Pa\u00eds:<\/td>\n<td>Nicaragua<\/td>\n<\/tr>\n<tr>\n<td nowrap=\"nowrap\" width=\"22%\">Tel\u00e9fono\/s:<\/td>\n<td>(+505) 2666010<\/td>\n<\/tr>\n<tr>\n<td nowrap=\"nowrap\" width=\"22%\">Mail:<\/td>\n<td>EmbassyInfo@state.gov<\/td>\n<\/tr>\n<tr>\n<td nowrap=\"nowrap\" width=\"22%\">P\u00e1gina Web:<\/td>\n<td>www.managua.usembassy.gov\/wwwhemba.html<\/td>\n<\/tr>\n<\/tbody>\n<\/table>\n<\/td>\n<\/tr>\n<tr style=\"height: 328px;\">\n<td style=\"height: 328px; width: 212px;\" align=\"center\" valign=\"top\" bgcolor=\"#FFFFFF\">\n<table border=\"0\" width=\"209\">\n<tbody>\n<tr>\n<td width=\"203\">M\u00e9xico<\/td>\n<\/tr>\n<tr>\n<td><img loading=\"lazy\" decoding=\"async\" class=\"alignnone size-full wp-image-12976\" src=\"http:\/\/nicaragua-travel-guide.com\/site\/wp-content\/uploads\/2016\/07\/embajada-de-mexico-bandera.png\" alt=\"embajada de mexico bandera\" width=\"297\" height=\"170\" \/><\/td>\n<\/tr>\n<\/tbody>\n<\/table>\n<\/td>\n<td style=\"height: 328px; width: 780px;\" align=\"middle\" bgcolor=\"#FFFFFF\">\n<table border=\"0\" width=\"100%\" cellspacing=\"5\" cellpadding=\"0\">\n<tbody>\n<tr>\n<td colspan=\"2\" nowrap=\"nowrap\" bgcolor=\"#009900\">Embajada de M\u00e9xico en Managua:<\/td>\n<\/tr>\n<tr>\n<td nowrap=\"nowrap\" width=\"22%\">Oficina:<\/td>\n<td width=\"78%\">Embajada<\/td>\n<\/tr>\n<tr>\n<td nowrap=\"nowrap\" width=\"22%\">Calle:<\/td>\n<td>Del Km. 4 1\/2 Carretera a Masaya 25\u00a0Varas Arriba, Altamira, Contiguo a\u00a0Optica Matamoros<\/td>\n<\/tr>\n<tr>\n<td nowrap=\"nowrap\" width=\"22%\">Direcci\u00f3n Postal:<\/td>\n<td>PO Box 834<\/td>\n<\/tr>\n<tr>\n<td nowrap=\"nowrap\" width=\"22%\">Ciudad:<\/td>\n<td>Managua<\/td>\n<\/tr>\n<tr>\n<td nowrap=\"nowrap\" width=\"22%\">Provincia \/ Estado:<\/td>\n<td>Managua<\/td>\n<\/tr>\n<tr>\n<td nowrap=\"nowrap\" width=\"22%\">Pa\u00eds:<\/td>\n<td>Nicaragua<\/td>\n<\/tr>\n<tr>\n<td nowrap=\"nowrap\" width=\"22%\">Tel\u00e9fono\/s:<\/td>\n<td>(+505) 2781859, 2784919, 21<\/td>\n<\/tr>\n<tr>\n<td nowrap=\"nowrap\" width=\"22%\">Fax:<\/td>\n<td>(+505) 2782886<\/td>\n<\/tr>\n<tr>\n<td nowrap=\"nowrap\" width=\"22%\">Mail:<\/td>\n<td>embamex@cablenet.com.ni<\/td>\n<\/tr>\n<\/tbody>\n<\/table>\n<\/td>\n<\/tr>\n<tr style=\"height: 10px;\">\n<td style=\"height: 10px; width: 992px;\" colspan=\"2\" align=\"middle\" bgcolor=\"#0033FF\"><a href=\"http:\/\/nicaragua-travel-guide.com\/site\/embajadas-y-consulados-en-nicaragua\/\"><strong>&lt;&lt; Volver a Embajadas y Consulados de otros pa\u00edses en<\/strong> <b>Nicaragua<\/b><\/a><\/td>\n<\/tr>\n<\/tbody>\n<\/table>\n","protected":false},"excerpt":{"rendered":"<p>Embajadas de Norteam\u00e9rica en Nicaragua Canada Embajada de Canad\u00e1 en Managua: Oficina: Embajada Calle: Costado Oriental de la Casa Nazareth, une quadra arriba, Calle El Nogal Direcci\u00f3n Postal: PO Box 25 Ciudad: Managua Provincia \/ Estado: Managua Pa\u00eds: Nicaragua Tel\u00e9fono\/s: (+505) 22680433 Fax: (+505) 22680437 Mail: mngua@international.gc.ca mngua@dfait-maeci.gc.ca P\u00e1gina Web: www.dfait-maeci.gc.ca\/sanjose\/mngua-en.asp U.S.A. Embajada de Estados [&hellip;]<\/p>\n","protected":false},"author":2,"featured_media":0,"parent":0,"menu_order":0,"comment_status":"closed","ping_status":"closed","template":"","meta":{"footnotes":""},"_links":{"self":[{"href":"https:\/\/nicaragua-travel-guide.com\/site\/wp-json\/wp\/v2\/pages\/7272"}],"collection":[{"href":"https:\/\/nicaragua-travel-guide.com\/site\/wp-json\/wp\/v2\/pages"}],"about":[{"href":"https:\/\/nicaragua-travel-guide.com\/site\/wp-json\/wp\/v2\/types\/page"}],"author":[{"embeddable":true,"href":"https:\/\/nicaragua-travel-guide.com\/site\/wp-json\/wp\/v2\/users\/2"}],"replies":[{"embeddable":true,"href":"https:\/\/nicaragua-travel-guide.com\/site\/wp-json\/wp\/v2\/comments?post=7272"}],"version-history":[{"count":6,"href":"https:\/\/nicaragua-travel-guide.com\/site\/wp-json\/wp\/v2\/pages\/7272\/revisions"}],"predecessor-version":[{"id":13039,"href":"https:\/\/nicaragua-travel-guide.com\/site\/wp-json\/wp\/v2\/pages\/7272\/revisions\/13039"}],"wp:attachment":[{"href":"https:\/\/nicaragua-travel-guide.com\/site\/wp-json\/wp\/v2\/media?parent=7272"}],"curies":[{"name":"wp","href":"https:\/\/api.w.org\/{rel}","templated":true}]}}