{"id":7287,"date":"2016-07-18T22:18:56","date_gmt":"2016-07-18T22:18:56","guid":{"rendered":"http:\/\/nicaragua-travel-guide.com\/site\/?page_id=7287"},"modified":"2016-08-02T03:54:40","modified_gmt":"2016-08-02T03:54:40","slug":"guia-de-hoteles-alojamiento-donde-dormir-en-granada-y-sus-alrededores","status":"publish","type":"page","link":"https:\/\/nicaragua-travel-guide.com\/site\/guia-de-hoteles-alojamiento-donde-dormir-en-granada-y-sus-alrededores\/","title":{"rendered":"Gu\u00eda de Hoteles, Alojamiento donde dormir en Granada y sus alrededores"},"content":{"rendered":"<table style=\"width: 1014px;\" border=\"0\">\n<tbody>\n<tr style=\"height: 422px;\">\n<td style=\"height: 422px; width: 991px;\" colspan=\"2\" bgcolor=\"#000000\">\n<table width=\"1006\">\n<tbody>\n<tr>\n<td width=\"998\"><img loading=\"lazy\" decoding=\"async\" class=\"alignnone size-full wp-image-7288\" src=\"http:\/\/nicaragua-travel-guide.com\/site\/wp-content\/uploads\/2016\/07\/header-donde-dormir-en-granada-y-su-alrededores.jpg\" alt=\"header donde dormir en granada y su alrededores\" width=\"1025\" height=\"345\" srcset=\"https:\/\/nicaragua-travel-guide.com\/site\/wp-content\/uploads\/2016\/07\/header-donde-dormir-en-granada-y-su-alrededores.jpg 1025w, https:\/\/nicaragua-travel-guide.com\/site\/wp-content\/uploads\/2016\/07\/header-donde-dormir-en-granada-y-su-alrededores-600x202.jpg 600w\" sizes=\"(max-width: 1025px) 100vw, 1025px\" \/><\/td>\n<\/tr>\n<tr style=\"height: 71px;\">\n<td style=\"height: 71px;\" width=\"998\">En Granada tenemos una gran variedad de oferta para acomodarse. Hay muchos buenos hoteles y hostales, desde el mas lujoso hasta el mas econ\u00f3mico, en la ciudad o en \u00e1reas rodeadas de la naturaleza, pueden ver aqu\u00ed y elegir el que mas les guste y haremos su reservacion con anticipaci\u00f3n y tambi\u00e9n vemos la disponibilidad de hoteles al momento de su llegada a la ciudad para su alojamiento.<\/td>\n<\/tr>\n<\/tbody>\n<\/table>\n<\/td>\n<\/tr>\n<tr style=\"height: 25px;\">\n<td style=\"height: 25px; width: 320.135px;\" valign=\"top\" bgcolor=\"#CCFFFF\">Hoteles A<\/td>\n<td style=\"height: 724.969px; width: 670.865px;\" rowspan=\"34\" valign=\"top\" bgcolor=\"#FFFFFF\">\n<table style=\"width: 677.024px;\" border=\"0\">\n<tbody>\n<tr style=\"height: 21px;\">\n<td style=\"height: 21px; width: 678.024px;\" bgcolor=\"#99FFFF\">Hostales A<\/td>\n<\/tr>\n<tr style=\"height: 21px;\">\n<td style=\"height: 21px; width: 678.024px;\" bgcolor=\"#FFFFFF\"><a href=\"http:\/\/nicaragua-travel-guide.com\/site\/granada-hostal-oasis\/\">Hostal Oasis<\/a><\/td>\n<\/tr>\n<tr style=\"height: 21px;\">\n<td style=\"height: 21px; width: 678.024px;\" bgcolor=\"#FFFFFF\"><a href=\"http:\/\/nicaragua-travel-guide.com\/site\/granada-hostal-emily\/\">Hostal Emily<\/a><\/td>\n<\/tr>\n<tr style=\"height: 21px;\">\n<td style=\"height: 21px; width: 678.024px;\" bgcolor=\"#FFFFFF\">Hostal San Miguel<\/td>\n<\/tr>\n<tr style=\"height: 21px;\">\n<td style=\"height: 21px; width: 678.024px;\" bgcolor=\"#FFFFFF\"><a href=\"http:\/\/nicaragua-travel-guide.com\/site\/granada-hostal-san-angel\/\">Hostal San \u00c1ngel<\/a><\/td>\n<\/tr>\n<tr style=\"height: 21px;\">\n<td style=\"height: 21px; width: 678.024px;\" bgcolor=\"#99FFFF\">Eco Albergue (Rural comunitario)<strong> Dormitorio<\/strong><\/td>\n<\/tr>\n<tr style=\"height: 21px;\">\n<td style=\"height: 21px; width: 678.024px;\" bgcolor=\"#FFFFFF\"><a href=\"http:\/\/nicaragua-travel-guide.com\/site\/turismo-rural-granada-visita-reserva-natural-finca-privada-domitila-ecoalbegue\/\">Eco Albergue Domitila<\/a><\/td>\n<\/tr>\n<tr style=\"height: 21.6354px;\">\n<td style=\"height: 21.6354px; width: 678.024px;\" bgcolor=\"#FFFFFF\"><a href=\"http:\/\/nicaragua-travel-guide.com\/site\/eco-albergue-dormitorio-volcan-mombacho-reserva-natural\/\">Eco Albergue Mombacho<\/a><\/td>\n<\/tr>\n<tr style=\"height: 21px;\">\n<td style=\"height: 21px; width: 678.024px;\" bgcolor=\"#FFFFFF\"><a href=\"http:\/\/nicaragua-travel-guide.com\/site\/granada-eco-albergue-rural-los-nortenos\/\">Albergue Rural Los Norte\u00f1os<\/a><\/td>\n<\/tr>\n<tr style=\"height: 21px;\">\n<td style=\"height: 21px; width: 678.024px;\" bgcolor=\"#FFFFFF\"><a href=\"http:\/\/nicaragua-travel-guide.com\/site\/turismo-rural-comunidad-la-granadilla-ecoalbergue-granada\/\">Albergue Rural La Granadilla<\/a><\/td>\n<\/tr>\n<tr style=\"height: 21px;\">\n<td style=\"height: 21px; width: 678.024px;\" bgcolor=\"#FFFFFF\"><a href=\"http:\/\/nicaragua-travel-guide.com\/site\/granada-eco-albergue-rural-charco-muerto\/\">Albergue Rural Charco Muerto<\/a><\/td>\n<\/tr>\n<tr style=\"height: 21px;\">\n<td style=\"height: 21px; width: 678.024px;\" bgcolor=\"#FFFFFF\"><a href=\"http:\/\/nicaragua-travel-guide.com\/site\/turismo-rural-comunidad-nicaragua-libre-cabalgata\/\">Albergue Rural Nicaragua Libre<\/a><\/td>\n<\/tr>\n<tr style=\"height: 21px;\">\n<td style=\"height: 21px; width: 678.024px;\" bgcolor=\"#CCFFFF\">Dormir en Isleta<\/td>\n<\/tr>\n<tr style=\"height: 21px;\">\n<td style=\"height: 21px; width: 678.024px;\" bgcolor=\"#FFFFFF\"><a href=\"http:\/\/nicaragua-travel-guide.com\/site\/alquiler-y-alojamiento-en-isleta-privada-evento-especial-por-horas-visita-guiada-en-lancha\/\">Se alquila Isleta<\/a>\u00a0 \u00a04 Habitaciones \u00a0 Capacidad m\u00e1xima 10 personas<\/td>\n<\/tr>\n<tr style=\"height: 21px;\">\n<td style=\"height: 21px; width: 678.024px;\" bgcolor=\"#FFFFFF\"><a href=\"http:\/\/nicaragua-travel-guide.com\/site\/alquiler-y-alojamiento-en-isleta-de-granada-evento-especial-visita-guiada-en-lancha\/\">Isleta \u00a0Ecol\u00f3gica<\/a>\u00a0 \u00a0 \u00a0 \u00a0 \u00a0 \u00a0 \u00a0 Capacidad m\u00e1xima 19 personas<\/td>\n<\/tr>\n<tr style=\"height: 21px;\">\n<td style=\"height: 21px; width: 678.024px;\" bgcolor=\"#FFFFFF\"><a href=\"http:\/\/nicaragua-travel-guide.com\/site\/alquiler-y-alojamiento-en-isleta-hotel-privado-y-compartido-visita-guiada-en-lancha\/\">Isleta \u00a0Hotel \u00a0\u00abEl Roble<\/a>\u00bb\u00a0 \u00a0 \u00a0 \u00a0 \u00a0 \u00a0 \u00a0 \u00a0 \u00a0 \u00a0 \u00a0 Capacidad m\u00e1xima \u00a0 25 personas<\/td>\n<\/tr>\n<tr style=\"height: 21px;\">\n<td style=\"height: 21px; width: 678.024px;\" bgcolor=\"#FFFFFF\"><a href=\"http:\/\/nicaragua-travel-guide.com\/site\/alquiler-y-alojamiento-en-isleta-privada-evento-especial-visita-guiada-en-lancha\/\">Isla Jacalatosa \u00a0<\/a> \u00a0 \u00a0 \u00a0 \u00a0 \u00a0 \u00a0 \u00a0 \u00a0 \u00a0 \u00a0 \u00a0 \u00a0 \u00a0 \u00a0 \u00a0 \u00a0 \u00a0 \u00a0 \u00a0 3 habitaciones<\/td>\n<\/tr>\n<tr style=\"height: 21px;\">\n<td style=\"height: 21px; width: 678.024px;\" bgcolor=\"#FFFFFF\"><strong>Isla de Zapatera \u00a0 \u00a0 \u00a0Hotel <a href=\"http:\/\/nicaragua-travel-guide.com\/site\/isla-de-zapatera-hotel-casa-hacienda-santa-maria-visita-guiada\/\">Casa Hacienda Santa Maria<\/a>\u00a0 \u00a0 \u00a0*Dormitorio \u00a0Sonzapote<\/strong><\/td>\n<\/tr>\n<tr style=\"height: 21px;\">\n<td style=\"height: 21px; width: 678.024px;\" bgcolor=\"#FFFFFF\"><\/td>\n<\/tr>\n<tr style=\"height: 21px;\">\n<td style=\"height: 21px; width: 678.024px;\" bgcolor=\"#FFFFFF\">Mira Lago<\/td>\n<\/tr>\n<tr style=\"height: 21px;\">\n<td style=\"height: 21px; width: 678.024px;\" bgcolor=\"#CCFFFF\"><strong>Laguna de Apoyo:\u00a0<\/strong>\u00ab<a href=\"http:\/\/nicaragua-travel-guide.com\/site\/laguna-de-apoyo-hostal-paradiso\/\">Hostal Paradiso<\/a>\u00ab<\/td>\n<\/tr>\n<tr style=\"height: 25px;\">\n<td style=\"height: 25px; width: 678.024px;\" bgcolor=\"#FFFFFF\"><\/td>\n<\/tr>\n<tr style=\"height: 21px;\">\n<td style=\"height: 21px; width: 678.024px;\" bgcolor=\"#FFFFFF\">Auto Moteles desde U$25 -50 Noche desde las 10:00 pm hasta las 8:00 am<\/td>\n<\/tr>\n<tr style=\"height: 21px;\">\n<td style=\"height: 21px; width: 678.024px;\" bgcolor=\"#99FFFF\">Se Alquila <strong>Casa &#8211; Apartamento &#8211; Condominio<\/strong><\/td>\n<\/tr>\n<tr style=\"height: 21px;\">\n<td style=\"height: 21px; width: 678.024px;\" bgcolor=\"#FFFFFF\">Condominio A<\/td>\n<\/tr>\n<tr style=\"height: 21px;\">\n<td style=\"height: 21px; width: 678.024px;\" bgcolor=\"#FFFFFF\"><strong>Condominio Central: \u00a0\u00a0<\/strong><a href=\"http:\/\/nicaragua-travel-guide.com\/site\/condominio-apartamentos-y-habitaciones-centro-de-granada-se-alquila-y-vende\/\">Apartamentos y habitaciones<\/a>\u00a0 \u00a0 \u00a0Casa Xalteva U$ Mensual<\/td>\n<\/tr>\n<tr style=\"height: 21px;\">\n<td style=\"height: 21px; width: 678.024px;\" bgcolor=\"#FFFFFF\">Acomodaci\u00f3n en Casa<\/td>\n<\/tr>\n<tr style=\"height: 21px;\">\n<td style=\"height: 21px; width: 678.024px;\" bgcolor=\"#FFFFFF\">Se alquila Casa por mas de un a\u00f1o &#8211; Mundo<\/td>\n<\/tr>\n<tr style=\"height: 21px;\">\n<td style=\"height: 21px; width: 678.024px;\" bgcolor=\"#FFFFFF\">Apartamento Sur un cuarto para dos Personas U$<\/td>\n<\/tr>\n<tr style=\"height: 21px;\">\n<td style=\"height: 21px; width: 678.024px;\" bgcolor=\"#FFFFFF\">Apartamento para dos Personas Dardanelo (por mes)<\/td>\n<\/tr>\n<tr style=\"height: 28px;\">\n<td style=\"height: 28px; width: 678.024px;\" bgcolor=\"#FFFFFF\">\n<table border=\"0\" width=\"570\">\n<tbody>\n<tr>\n<td width=\"372\">Casas con familia para estudiantes de espa\u00f1ol<\/td>\n<td width=\"188\">Casa Rosita<\/td>\n<\/tr>\n<\/tbody>\n<\/table>\n<\/td>\n<\/tr>\n<tr style=\"height: 28px;\">\n<td style=\"height: 28px; width: 678.024px;\" bgcolor=\"#FFFFFF\"><\/td>\n<\/tr>\n<tr style=\"height: 21px;\">\n<td style=\"height: 21px; width: 678.024px;\" bgcolor=\"#FFFFFF\">Ver Secci\u00f3n de Bienes Ra\u00edces en Granada Propiedades en Venta<\/td>\n<\/tr>\n<\/tbody>\n<\/table>\n<\/td>\n<\/tr>\n<tr style=\"height: 21px;\">\n<td style=\"height: 21px; width: 320.135px;\" bgcolor=\"#FFFFFF\"><a href=\"http:\/\/nicaragua-travel-guide.com\/site\/granada-hotel-dario\/\">Hotel Dar\u00edo<\/a><\/td>\n<\/tr>\n<tr style=\"height: 21px;\">\n<td style=\"height: 21px; width: 320.135px;\" bgcolor=\"#FFFFFF\"><a href=\"http:\/\/nicaragua-travel-guide.com\/site\/granada-hotel-granada\/\">Hotel Granada<\/a><\/td>\n<\/tr>\n<tr style=\"height: 21px;\">\n<td style=\"height: 21px; width: 320.135px;\" bgcolor=\"#FFFFFF\"><a href=\"http:\/\/nicaragua-travel-guide.com\/site\/granada-hotel-alhambra\/\">Hotel Alhambra<\/a><\/td>\n<\/tr>\n<tr style=\"height: 21px;\">\n<td style=\"height: 21px; width: 320.135px;\" bgcolor=\"#FFFFFF\"><a href=\"http:\/\/nicaragua-travel-guide.com\/site\/granada-hotel-la-gran-francia\/\">La Gran Francia<\/a><\/td>\n<\/tr>\n<tr style=\"height: 21px;\">\n<td style=\"height: 21px; width: 320.135px;\" bgcolor=\"#FFFFFF\"><a href=\"http:\/\/nicaragua-travel-guide.com\/site\/granada-hotel-la-bocona\/\">Hotel La Bocona<\/a><\/td>\n<\/tr>\n<tr style=\"height: 21px;\">\n<td style=\"height: 21px; width: 320.135px;\" bgcolor=\"#FFFFFF\"><a href=\"http:\/\/nicaragua-travel-guide.com\/site\/granada-hotel-plaza-colon\/\">Hotel Plaza Col\u00f3n<\/a><\/td>\n<\/tr>\n<tr style=\"height: 21px;\">\n<td style=\"height: 21px; width: 320.135px;\" bgcolor=\"#FFFFFF\"><a href=\"http:\/\/nicaragua-travel-guide.com\/site\/granada-hotel-el-almirante\/\">Hotel el Almirante<\/a><\/td>\n<\/tr>\n<tr style=\"height: 21px;\">\n<td style=\"height: 21px; width: 320.135px;\" bgcolor=\"#FFFFFF\"><a href=\"http:\/\/nicaragua-travel-guide.com\/site\/granada-hotel-granada-spa\/\">Hotel Granada Spa<\/a><\/td>\n<\/tr>\n<tr style=\"height: 21px;\">\n<td style=\"height: 21px; width: 320.135px;\" bgcolor=\"#FFFFFF\"><a href=\"http:\/\/nicaragua-travel-guide.com\/site\/granada-hotel-la-mar-dulce\/\">Hotel La Mar Dulce<\/a>*<\/td>\n<\/tr>\n<tr style=\"height: 21px;\">\n<td style=\"height: 21px; width: 320.135px;\" bgcolor=\"#FFFFFF\"><a href=\"http:\/\/nicaragua-travel-guide.com\/site\/granada-hotel-colonial\/\">Hotel Colonial Granada<\/a><\/td>\n<\/tr>\n<tr style=\"height: 27px;\">\n<td style=\"height: 27px; width: 320.135px;\" bgcolor=\"#FFFFFF\"><a href=\"http:\/\/nicaragua-travel-guide.com\/site\/granada-hotel-el-patio-del-malinche\/\">Hotel \u00a0El Patio del Malinche<\/a><\/td>\n<\/tr>\n<tr style=\"height: 21px;\">\n<td style=\"height: 21px; width: 320.135px;\" bgcolor=\"#CCFFFF\">Hoteles B<\/td>\n<\/tr>\n<tr style=\"height: 21px;\">\n<td style=\"height: 21px; width: 320.135px;\" bgcolor=\"#FFFFFF\"><a href=\"http:\/\/nicaragua-travel-guide.com\/site\/granada-alojamiento-casa-silas-habitaciones\/\">Casa Silas<\/a><\/td>\n<\/tr>\n<tr style=\"height: 21px;\">\n<td style=\"height: 21px; width: 320.135px;\" bgcolor=\"#FFFFFF\"><a href=\"http:\/\/nicaragua-travel-guide.com\/site\/granada-hotel-casa-de-alto\/\">Casa \u00a0de Alto<\/a><\/td>\n<\/tr>\n<tr style=\"height: 21px;\">\n<td style=\"height: 21px; width: 320.135px;\" bgcolor=\"#FFFFFF\"><a href=\"http:\/\/nicaragua-travel-guide.com\/site\/granada-hotel-casa-san-francisco\/\">Casa San Francisco<\/a><\/td>\n<\/tr>\n<tr style=\"height: 21.9688px;\">\n<td style=\"height: 21.9688px; width: 320.135px;\" bgcolor=\"#FFFFFF\"><\/td>\n<\/tr>\n<tr style=\"height: 21px;\">\n<td style=\"height: 21px; width: 320.135px;\" bgcolor=\"#FFFFFF\"><a href=\"http:\/\/nicaragua-travel-guide.com\/site\/granada-hotel-el-club-bar-restaurant\/\">Hotel el Club<\/a><\/td>\n<\/tr>\n<tr style=\"height: 21px;\">\n<td style=\"height: 21px; width: 320.135px;\" bgcolor=\"#FFFFFF\"><a href=\"http:\/\/nicaragua-travel-guide.com\/site\/granada-hotel-terrasol\/\">Hotel Terrasol<\/a><\/td>\n<\/tr>\n<tr style=\"height: 21px;\">\n<td style=\"height: 21px; width: 320.135px;\" bgcolor=\"#FFFFFF\"><a href=\"http:\/\/nicaragua-travel-guide.com\/site\/granada-hotel-los-patios\/\">Hotel Los Patios<\/a><\/td>\n<\/tr>\n<tr style=\"height: 21px;\">\n<td style=\"height: 21px; width: 320.135px;\" bgcolor=\"#FFFFFF\"><a href=\"http:\/\/nicaragua-travel-guide.com\/site\/granada-hotel-cocibolca\/\">Hotel Cocibolca<\/a><\/td>\n<\/tr>\n<tr style=\"height: 21px;\">\n<td style=\"height: 21px; width: 320.135px;\" bgcolor=\"#FFFFFF\"><a href=\"http:\/\/nicaragua-travel-guide.com\/site\/granada-hotel-economico\/\">Hotel Econ\u00f3mico<\/a><\/td>\n<\/tr>\n<tr style=\"height: 21px;\">\n<td style=\"height: 21px; width: 320.135px;\" bgcolor=\"#FFFFFF\"><\/td>\n<\/tr>\n<tr style=\"height: 21px;\">\n<td style=\"height: 21px; width: 320.135px;\" bgcolor=\"#FFFFFF\"><a href=\"http:\/\/nicaragua-travel-guide.com\/site\/granada-hotel-con-corazon-fundacion\/\">Hotel con Coraz\u00f3n<\/a><\/td>\n<\/tr>\n<tr style=\"height: 21px;\">\n<td style=\"height: 21px; width: 320.135px;\" bgcolor=\"#FFFFFF\">Hotel Casa Vivaldi<\/td>\n<\/tr>\n<tr style=\"height: 21px;\">\n<td style=\"height: 21px; width: 320.135px;\" bgcolor=\"#FFFFFF\"><a href=\"http:\/\/nicaragua-travel-guide.com\/site\/granada-hotel-casa-antigua\/\">Hotel Casa Antigua<\/a><\/td>\n<\/tr>\n<tr style=\"height: 21px;\">\n<td style=\"height: 21px; width: 320.135px;\" bgcolor=\"#FFFFFF\"><a href=\"http:\/\/nicaragua-travel-guide.com\/site\/granada-hotel-real-granada-rooms-apartments\/\">Hotel Real Granada<\/a><\/td>\n<\/tr>\n<tr style=\"height: 21px;\">\n<td style=\"height: 21px; width: 320.135px;\" bgcolor=\"#FFFFFF\"><a href=\"http:\/\/nicaragua-travel-guide.com\/site\/granada-hotel-posada-del-sol\/\">Hotel Posada del Sol<\/a><\/td>\n<\/tr>\n<tr style=\"height: 21px;\">\n<td style=\"height: 21px; width: 320.135px;\" bgcolor=\"#FFFFFF\"><a href=\"http:\/\/nicaragua-travel-guide.com\/site\/granada-hotel-casa-barcelona\/\">Hotel Casa Barcelona<\/a><\/td>\n<\/tr>\n<tr style=\"height: 21px;\">\n<td style=\"height: 21px; width: 320.135px;\" bgcolor=\"#FFFFFF\"><a href=\"http:\/\/nicaragua-travel-guide.com\/site\/granada-hotel-estancia-la-mar-dulce\/\">Estancia la Mar Dulce<\/a><\/td>\n<\/tr>\n<tr style=\"height: 21px;\">\n<td style=\"height: 21px; width: 320.135px;\" bgcolor=\"#FFFFFF\"><a href=\"http:\/\/nicaragua-travel-guide.com\/site\/granada-hotel-kekoldi\/\">Hotel Kekoldi de Granada<\/a><\/td>\n<\/tr>\n<tr style=\"height: 21px;\">\n<td style=\"height: 21px; width: 320.135px;\" bgcolor=\"#CCFFFF\">Hospedajes A<\/td>\n<\/tr>\n<tr style=\"height: 21px;\">\n<td style=\"height: 21px; width: 320.135px;\" bgcolor=\"#FFFFFF\"><a href=\"http:\/\/nicaragua-travel-guide.com\/site\/granada-hospedaje-cocibolca\/\">Hospedaje Cocibolca<\/a><\/td>\n<\/tr>\n<tr style=\"height: 21px;\">\n<td style=\"height: 21px; width: 320.135px;\" bgcolor=\"#FFFFFF\"><a href=\"http:\/\/nicaragua-travel-guide.com\/site\/granada-hotel-boutique-la-islita\/\">La Islita Boutique Hotel<\/a><\/td>\n<\/tr>\n<tr style=\"height: 25px;\">\n<td style=\"height: 25px; width: 991px; text-align: center; background-color: #f5dada;\" colspan=\"2\" bgcolor=\"#99FFFF\">\n<table border=\"0\" width=\"420\" cellspacing=\"0\" cellpadding=\"0\" align=\"center\">\n<tbody>\n<tr>\n<td align=\"right\"><\/td>\n<\/tr>\n<tr>\n<td valign=\"top\">\n<table border=\"0\" width=\"100%\" cellspacing=\"0\" cellpadding=\"0\">\n<tbody>\n<tr>\n<td style=\"width: 381px; background-color: #a2ebda;\" valign=\"top\" bgcolor=\"#FFFFFF\" width=\"381\"><strong>Reservaciones<\/strong><\/p>\n<p><strong>Todos los campos son requeridos<\/strong><\/p>\n<table border=\"0\" width=\"100%\" cellspacing=\"0\" cellpadding=\"3\">\n<tbody>\n<tr>\n<td style=\"width: 42%; background-color: #dedd8e;\" bgcolor=\"#FFFFFF\" width=\"42%\">T\u00edtulo<\/td>\n<td style=\"width: 58%; background-color: #e6f08d;\" width=\"58%\"><input name=\"gender\" type=\"radio\" value=\"Mr\" \/> Mr. <input name=\"gender\" type=\"radio\" value=\"Mrs\" \/> Mrs.<\/td>\n<\/tr>\n<tr>\n<td style=\"width: 42%; background-color: #dedd8e;\" bgcolor=\"#FFFFFF\" width=\"42%\">Nombre y apellidos<\/td>\n<td style=\"width: 58%; background-color: #e6f08d;\" width=\"58%\"><input maxlength=\"40\" name=\"name\" type=\"text\" \/><\/td>\n<\/tr>\n<tr>\n<td style=\"width: 42%; background-color: #dedd8e;\" bgcolor=\"#FFFFFF\">Correo electr\u00f3nico<\/td>\n<td style=\"width: 58%; background-color: #e6f08d;\"><input id=\"email\" maxlength=\"80\" name=\"email\" type=\"text\" \/><\/td>\n<\/tr>\n<tr>\n<td style=\"width: 42%; background-color: #dedd8e;\" bgcolor=\"#FFFFFF\">Tel\u00e9fono<\/td>\n<td style=\"width: 58%; background-color: #e6f08d;\"><input id=\"phone\" maxlength=\"13\" name=\"phone\" type=\"text\" \/><\/td>\n<\/tr>\n<tr>\n<td colspan=\"2\">Tipo de habitaci\u00f3n<\/p>\n<table border=\"0\" width=\"100%\" cellspacing=\"0\" cellpadding=\"0\">\n<tbody>\n<tr>\n<td><input name=\"check[]\" type=\"checkbox\" value=\"sencilla_balcon\" \/><\/td>\n<td style=\"background-color: #d4af8a;\">Sencilla con balc\u00f3n<\/td>\n<td><\/td>\n<td style=\"background-color: #cfbb7c;\"><input name=\"check[]\" type=\"checkbox\" value=\"doble_balcon\" \/><\/td>\n<td style=\"background-color: #c7b083;\">Doble con balc\u00f3n<\/td>\n<\/tr>\n<tr>\n<td><input name=\"check[]\" type=\"checkbox\" value=\"sencilla_estandar\" \/><\/td>\n<td style=\"background-color: #d4af8a;\">Sencilla est\u00e1ndar<\/td>\n<td><\/td>\n<td style=\"background-color: #cfbb7c;\"><input name=\"check[]\" type=\"checkbox\" value=\"doble_estandar\" \/><\/td>\n<td style=\"background-color: #c7b083;\">Doble est\u00e1ndar<\/td>\n<\/tr>\n<tr>\n<td><input name=\"check[]\" type=\"checkbox\" value=\"suite\" \/><\/td>\n<td style=\"background-color: #d4af8a;\">Suite<\/td>\n<td><\/td>\n<td style=\"background-color: #cfbb7c;\"><\/td>\n<td style=\"background-color: #c7b083;\"><\/td>\n<\/tr>\n<\/tbody>\n<\/table>\n<\/td>\n<\/tr>\n<tr>\n<td style=\"background-color: #e3f57f;\">D\u00eda de llegada<\/td>\n<td style=\"background-color: #dbd886;\"><input id=\"f_date_b\" name=\"arrival\" size=\"15\" type=\"text\" \/> <button id=\"f_trigger_b\" type=\"reset\"><\/button><\/td>\n<\/tr>\n<tr>\n<td style=\"background-color: #e3f57f;\">D\u00eda de partida<\/td>\n<td style=\"background-color: #dbd886;\"><input id=\"f_date_c\" name=\"departure\" size=\"15\" type=\"text\" \/> <button id=\"f_trigger_c\" type=\"reset\"><\/button><\/td>\n<\/tr>\n<tr>\n<td style=\"background-color: #e3f57f;\">N\u00famero de adultos<\/td>\n<td style=\"background-color: #dbd886;\"><select name=\"adults\" size=\"1\"><option selected=\"selected\">0<\/option><option>1<\/option><option>2<\/option><option>3<\/option><option>4<\/option><option>5<\/option><option>6<\/option><option>7<\/option><option>8 o\u00a0 mas<\/option><\/select><\/td>\n<\/tr>\n<tr>\n<td style=\"background-color: #e3f57f;\">N\u00famero de ni\u00f1os<br \/>\n(menores a 12 a\u00f1os)<\/td>\n<td style=\"background-color: #dbd886;\"><select name=\"childrens\" size=\"1\"><option selected=\"selected\">0<\/option><option>1<\/option><option>2<\/option><option>3<\/option><option>4<\/option><option>5<\/option><option>6<\/option><option>7<\/option><option>8 o\u00a0 mas<\/option><\/select><\/td>\n<\/tr>\n<tr>\n<td style=\"background-color: #afe0dd;\" colspan=\"2\">Comentarios<\/td>\n<\/tr>\n<tr>\n<td style=\"background-color: #afe0dd;\" colspan=\"2\" align=\"middle\" valign=\"top\" height=\"120\"><textarea id=\"comment\" cols=\"37\" name=\"comment\" rows=\"5\"><\/textarea><\/td>\n<\/tr>\n<tr>\n<td style=\"background-color: #d6d48b;\" colspan=\"2\" align=\"right\" valign=\"top\" bgcolor=\"#00CCFF\"><input name=\"submit\" type=\"submit\" value=\"Enviar\" \/><\/td>\n<\/tr>\n<\/tbody>\n<\/table>\n<\/td>\n<\/tr>\n<\/tbody>\n<\/table>\n<\/td>\n<\/tr>\n<\/tbody>\n<\/table>\n<\/td>\n<\/tr>\n<tr style=\"height: 25px;\">\n<td style=\"height: 25px; width: 991px;\" colspan=\"2\" bgcolor=\"#99FFFF\">Por mayor informaci\u00f3n \u00a0<a href=\"http:\/\/nicaragua-travel-guide.com\/site\/contactanos\/\"><strong>Contactarnos<\/strong><\/a><\/td>\n<\/tr>\n<\/tbody>\n<\/table>\n","protected":false},"excerpt":{"rendered":"<p>En Granada tenemos una gran variedad de oferta para acomodarse. Hay muchos buenos hoteles y hostales, desde el mas lujoso hasta el mas econ\u00f3mico, en la ciudad o en \u00e1reas rodeadas de la naturaleza, pueden ver aqu\u00ed y elegir el que mas les guste y haremos su reservacion con anticipaci\u00f3n y tambi\u00e9n vemos la disponibilidad [&hellip;]<\/p>\n","protected":false},"author":2,"featured_media":0,"parent":0,"menu_order":0,"comment_status":"closed","ping_status":"closed","template":"","meta":{"footnotes":""},"_links":{"self":[{"href":"https:\/\/nicaragua-travel-guide.com\/site\/wp-json\/wp\/v2\/pages\/7287"}],"collection":[{"href":"https:\/\/nicaragua-travel-guide.com\/site\/wp-json\/wp\/v2\/pages"}],"about":[{"href":"https:\/\/nicaragua-travel-guide.com\/site\/wp-json\/wp\/v2\/types\/page"}],"author":[{"embeddable":true,"href":"https:\/\/nicaragua-travel-guide.com\/site\/wp-json\/wp\/v2\/users\/2"}],"replies":[{"embeddable":true,"href":"https:\/\/nicaragua-travel-guide.com\/site\/wp-json\/wp\/v2\/comments?post=7287"}],"version-history":[{"count":79,"href":"https:\/\/nicaragua-travel-guide.com\/site\/wp-json\/wp\/v2\/pages\/7287\/revisions"}],"predecessor-version":[{"id":9597,"href":"https:\/\/nicaragua-travel-guide.com\/site\/wp-json\/wp\/v2\/pages\/7287\/revisions\/9597"}],"wp:attachment":[{"href":"https:\/\/nicaragua-travel-guide.com\/site\/wp-json\/wp\/v2\/media?parent=7287"}],"curies":[{"name":"wp","href":"https:\/\/api.w.org\/{rel}","templated":true}]}}