{"id":7337,"date":"2016-07-19T05:23:43","date_gmt":"2016-07-19T05:23:43","guid":{"rendered":"http:\/\/nicaragua-travel-guide.com\/site\/?page_id=7337"},"modified":"2016-08-23T15:44:56","modified_gmt":"2016-08-23T15:44:56","slug":"evento-especial-organizamos-fiesta-de-bautizo-desde-granada-nicaragua","status":"publish","type":"page","link":"https:\/\/nicaragua-travel-guide.com\/site\/evento-especial-organizamos-fiesta-de-bautizo-desde-granada-nicaragua\/","title":{"rendered":"Evento especial \u00abOrganizamos Fiesta de Bautizo\u00bb"},"content":{"rendered":"<table style=\"width: 1011.3333740234375px;\" border=\"0\">\n<tbody>\n<tr style=\"height: 2px;\">\n<td style=\"height: 2px; width: 555.3333740234375px;\" bgcolor=\"#FFFFFF\">\u00a0<img loading=\"lazy\" decoding=\"async\" class=\"wp-image-12101 alignnone\" src=\"http:\/\/nicaragua-travel-guide.com\/site\/wp-content\/uploads\/2016\/07\/eventoespecialreligiosoparani\u00f1o-1.jpg\" alt=\"eventoespecialreligiosoparani\u00f1o\" width=\"996\" height=\"335\" srcset=\"https:\/\/nicaragua-travel-guide.com\/site\/wp-content\/uploads\/2016\/07\/eventoespecialreligiosoparani\u00f1o-1.jpg 1025w, https:\/\/nicaragua-travel-guide.com\/site\/wp-content\/uploads\/2016\/07\/eventoespecialreligiosoparani\u00f1o-1-600x202.jpg 600w\" sizes=\"(max-width: 996px) 100vw, 996px\" \/><\/td>\n<\/tr>\n<tr style=\"height: 15px;\">\n<td style=\"height: 15px; width: 555.3333740234375px; background-color: #25f6fa;\" bgcolor=\"#FFFFFF\"><\/td>\n<\/tr>\n<tr style=\"height: 21px;\">\n<td style=\"height: 21px; width: 555.3333740234375px; background-color: #e3fafa;\" valign=\"top\" bgcolor=\"#FFFFFF\">Sal\u00f3n de Hotel, Restaurante, Centro Cultural, Iglesia, Parque y Plaza, o en casa..<\/p>\n<p>En la ciudad colonial Granada en el centro hist\u00f3rico y sus alrededores rodeados de naturaleza, estamos ofreciendo los siguientes establecimientos espacios para organizar celebraciones religiosas, boda, quince a\u00f1os, bautizo, almuerzo, reuniones de negocio, ejecutivas, corporativas, congresos, seminarios, fiestas, cumplea\u00f1os, o cualquier otro evento.<\/td>\n<\/tr>\n<tr style=\"height: 21px;\">\n<td style=\"height: 21px; width: 555.3333740234375px;\" valign=\"top\" bgcolor=\"#FFFFFF\">\n<h2>Celebraci\u00f3n de Bautizo<\/h2>\n<p>Tanto comuniones como bautizos han estado marcados por un ambiente \u00edntimo y familiar, aunque actualmente, ha traspasado este \u00e1mbito, para convertirse, en muchos casos, en motivo de celebraci\u00f3n bastante m\u00e1s multitudinaria que anta\u00f1o.<\/p>\n<p>Organizamos comuniones y bautizos inolvidables pensando en cada detalle, disponemos de payasos, animadores y obras de teatro entre otras muchas actividades, para que los ni\u00f1os nunca olviden un d\u00eda tan especial y para los mayores, disponemos de un amplio abanico de servicios para que no falte un detalle. No lo dudes, te ofrecemos un lugares \u00fanicos para celebrar un d\u00eda tan especial.<\/p>\n<p>Estamos seguros de organizar una celebraci\u00f3n que no se olvidar\u00e1 jam\u00e1s.<\/td>\n<\/tr>\n<tr style=\"height: 234px;\">\n<td style=\"height: 234px; width: 555.3333740234375px;\" valign=\"top\">\n<table style=\"width: 994px;\" border=\"0\">\n<tbody>\n<tr style=\"height: 21px;\">\n<td style=\"height: 21px; width: 1811px;\" colspan=\"3\" valign=\"top\" bgcolor=\"#CCFFFF\">\u00a0<a href=\"http:\/\/nicaragua-travel-guide.com\/site\/organizacion-de-eventos-alquiler-de-salon-en-espacio-abierto-o-cerrado-mas-otros-servicios\/\">Otros servicios complementarios<\/a><\/td>\n<\/tr>\n<tr style=\"height: 21px;\">\n<td style=\"height: 21px; width: 388px;\" valign=\"top\">Comidas y Bebidas<\/td>\n<td style=\"height: 312px; width: 1042.6666870117188px;\" rowspan=\"16\" valign=\"top\">\n<h2><img loading=\"lazy\" decoding=\"async\" class=\"wp-image-12100 aligncenter\" src=\"http:\/\/nicaragua-travel-guide.com\/site\/wp-content\/uploads\/2016\/07\/tarjetasdebautizodos.jpg\" alt=\"tarjetasdebautizodos\" width=\"479\" height=\"657\" \/><\/h2>\n<\/td>\n<td style=\"height: 21px; width: 380.33331298828125px;\" valign=\"top\"><strong><a href=\"http:\/\/nicaragua-travel-guide.com\/site\/organizacion-de-eventos-salones-y-espacios-cerrados-y-abiertos-nicaragua\/\">Inicio<\/a><\/strong><\/td>\n<\/tr>\n<tr style=\"height: 21px;\">\n<td style=\"height: 21px; width: 388px;\" valign=\"top\">Fotograf\u00eda<\/td>\n<td style=\"height: 21px; width: 380.33331298828125px;\" valign=\"top\"><strong><a href=\"http:\/\/nicaragua-travel-guide.com\/site\/boda-evento-especial-organizamos-todo-en-nicaragua\/\">Boda<\/a><\/strong><\/td>\n<\/tr>\n<tr style=\"height: 21px;\">\n<td style=\"height: 21px; width: 388px;\" valign=\"top\">Florister\u00eda<\/td>\n<td style=\"height: 21px; width: 380.33331298828125px;\" valign=\"top\"><strong>Bautizo<\/strong><\/td>\n<\/tr>\n<tr style=\"height: 21px;\">\n<td style=\"height: 21px; width: 388px;\" valign=\"top\">M\u00fasica y animaci\u00f3n<\/td>\n<td style=\"height: 21px; width: 380.33331298828125px;\" valign=\"top\"><strong>Comunion<\/strong><\/td>\n<\/tr>\n<tr style=\"height: 21px;\">\n<td style=\"height: 21px; width: 388px;\" valign=\"top\">Fotograf\u00eda ,V\u00eddeo,DVD<\/td>\n<td style=\"height: 21px; width: 380.33331298828125px;\" valign=\"top\"><strong><a href=\"http:\/\/nicaragua-travel-guide.com\/site\/floristeria-organizacion-de-eventos-quince-anos-arreglos-y-decoracion\/\">Quince a\u00f1o<\/a><\/strong><\/td>\n<\/tr>\n<tr style=\"height: 21px;\">\n<td style=\"height: 21px; width: 388px;\" valign=\"top\">Discoteca Fija<\/td>\n<td style=\"height: 21px; width: 380.33331298828125px;\" valign=\"top\"><strong>Cumplea\u00f1os<\/strong><\/td>\n<\/tr>\n<tr style=\"height: 21px;\">\n<td style=\"height: 21px; width: 388px;\" valign=\"top\">Bartenders y meseros<\/td>\n<td style=\"height: 21px; width: 380.33331298828125px;\" valign=\"top\"><strong>Ceremonia Civil<\/strong><\/td>\n<\/tr>\n<tr style=\"height: 21px;\">\n<td style=\"height: 21px; width: 388px;\" valign=\"top\">Dise\u00f1o gr\u00e1fico<\/td>\n<td style=\"height: 21px; width: 380.33331298828125px;\" valign=\"top\"><strong>Graduacion<\/strong><\/td>\n<\/tr>\n<tr style=\"height: 21px;\">\n<td style=\"height: 21px; width: 388px;\" valign=\"top\">Transporte a elecci\u00f3n<\/td>\n<td style=\"height: 21px; width: 380.33331298828125px;\" valign=\"top\"><strong>Corporativo<\/strong><\/td>\n<\/tr>\n<tr style=\"height: 21px;\">\n<td style=\"height: 21px; width: 388px;\" valign=\"top\">Paquetes Tur\u00edsticos<\/td>\n<td style=\"height: 21px; width: 380.33331298828125px;\" valign=\"top\"><strong>Social<\/strong><\/td>\n<\/tr>\n<tr style=\"height: 21px;\">\n<td style=\"height: 21px; width: 388px;\" valign=\"top\">Audio y Sonido<\/td>\n<td style=\"height: 21px; width: 380.33331298828125px;\" valign=\"top\"><\/td>\n<\/tr>\n<tr style=\"height: 21px;\">\n<td style=\"height: 21px; width: 388px;\" valign=\"top\">Sillas y mesas<\/td>\n<td style=\"height: 21px; width: 380.33331298828125px;\" valign=\"top\"><\/td>\n<\/tr>\n<tr style=\"height: 26px;\">\n<td style=\"height: 26px; width: 388px;\" valign=\"top\">Sal\u00f3n de Belleza<\/td>\n<td style=\"height: 26px; width: 380.33331298828125px;\" valign=\"top\"><\/td>\n<\/tr>\n<tr style=\"height: 26px;\">\n<td style=\"height: 26px; width: 388px;\" valign=\"top\">Vestuario<\/td>\n<td style=\"height: 26px; width: 380.33331298828125px;\" valign=\"top\"><\/td>\n<\/tr>\n<tr style=\"height: 11px;\">\n<td style=\"height: 11px; width: 388px;\" valign=\"top\">Joyer\u00eda<\/td>\n<td style=\"height: 11px; width: 380.33331298828125px;\" valign=\"top\"><\/td>\n<\/tr>\n<tr style=\"height: 11px;\">\n<td style=\"height: 11px; width: 388px;\" valign=\"top\"><\/td>\n<td style=\"height: 11px; width: 380.33331298828125px;\" valign=\"top\"><\/td>\n<\/tr>\n<\/tbody>\n<\/table>\n<\/td>\n<\/tr>\n<tr style=\"height: 2px;\">\n<td style=\"height: 2px; width: 555.3333740234375px; background-color: #23fcf9;\" valign=\"top\"><strong>\u00a1Contacta con Nosotros!<\/strong><\/td>\n<\/tr>\n<\/tbody>\n<\/table>\n","protected":false},"excerpt":{"rendered":"<p>\u00a0 Sal\u00f3n de Hotel, Restaurante, Centro Cultural, Iglesia, Parque y Plaza, o en casa.. En la ciudad colonial Granada en el centro hist\u00f3rico y sus alrededores rodeados de naturaleza, estamos ofreciendo los siguientes establecimientos espacios para organizar celebraciones religiosas, boda, quince a\u00f1os, bautizo, almuerzo, reuniones de negocio, ejecutivas, corporativas, congresos, seminarios, fiestas, cumplea\u00f1os, o cualquier [&hellip;]<\/p>\n","protected":false},"author":2,"featured_media":0,"parent":0,"menu_order":0,"comment_status":"closed","ping_status":"closed","template":"","meta":{"footnotes":""},"_links":{"self":[{"href":"https:\/\/nicaragua-travel-guide.com\/site\/wp-json\/wp\/v2\/pages\/7337"}],"collection":[{"href":"https:\/\/nicaragua-travel-guide.com\/site\/wp-json\/wp\/v2\/pages"}],"about":[{"href":"https:\/\/nicaragua-travel-guide.com\/site\/wp-json\/wp\/v2\/types\/page"}],"author":[{"embeddable":true,"href":"https:\/\/nicaragua-travel-guide.com\/site\/wp-json\/wp\/v2\/users\/2"}],"replies":[{"embeddable":true,"href":"https:\/\/nicaragua-travel-guide.com\/site\/wp-json\/wp\/v2\/comments?post=7337"}],"version-history":[{"count":24,"href":"https:\/\/nicaragua-travel-guide.com\/site\/wp-json\/wp\/v2\/pages\/7337\/revisions"}],"predecessor-version":[{"id":12104,"href":"https:\/\/nicaragua-travel-guide.com\/site\/wp-json\/wp\/v2\/pages\/7337\/revisions\/12104"}],"wp:attachment":[{"href":"https:\/\/nicaragua-travel-guide.com\/site\/wp-json\/wp\/v2\/media?parent=7337"}],"curies":[{"name":"wp","href":"https:\/\/api.w.org\/{rel}","templated":true}]}}