{"id":7339,"date":"2016-07-19T05:30:25","date_gmt":"2016-07-19T05:30:25","guid":{"rendered":"http:\/\/nicaragua-travel-guide.com\/site\/?page_id=7339"},"modified":"2016-08-23T16:41:16","modified_gmt":"2016-08-23T16:41:16","slug":"boda-evento-especial-organizamos-todo-en-nicaragua","status":"publish","type":"page","link":"https:\/\/nicaragua-travel-guide.com\/site\/boda-evento-especial-organizamos-todo-en-nicaragua\/","title":{"rendered":"Boda \u00abEvento especial\u00bb Organizamos todo en Nicaragua"},"content":{"rendered":"<table style=\"width: 1052.3333740234375px;\" border=\"0\">\n<tbody>\n<tr style=\"height: 25px;\">\n<td style=\"height: 25px; width: 979.3333740234375px;\" colspan=\"3\" valign=\"top\" bgcolor=\"#000000\"><img loading=\"lazy\" decoding=\"async\" class=\"wp-image-12106 alignnone\" src=\"http:\/\/nicaragua-travel-guide.com\/site\/wp-content\/uploads\/2016\/07\/eventoespecialsalonymesasvestidas.jpg\" alt=\"eventoespecialsalonymesasvestidas\" width=\"1058\" height=\"356\" srcset=\"https:\/\/nicaragua-travel-guide.com\/site\/wp-content\/uploads\/2016\/07\/eventoespecialsalonymesasvestidas.jpg 1025w, https:\/\/nicaragua-travel-guide.com\/site\/wp-content\/uploads\/2016\/07\/eventoespecialsalonymesasvestidas-600x202.jpg 600w\" sizes=\"(max-width: 1058px) 100vw, 1058px\" \/><\/td>\n<\/tr>\n<tr style=\"height: 25px;\">\n<td style=\"height: 25px; width: 979.3333740234375px; background-color: #fcf7f7;\" colspan=\"3\" valign=\"top\" bgcolor=\"#000000\">\n<table style=\"width: 1049.666748046875px;\" border=\"0\">\n<tbody>\n<tr>\n<td style=\"width: 71px; background-color: #d3fc19;\" bgcolor=\"#000000\"><a href=\"http:\/\/nicaragua-travel-guide.com\/site\/organizacion-de-eventos-salones-y-espacios-cerrados-y-abiertos-nicaragua\/\"><strong>Inicio<\/strong><\/a><\/td>\n<td style=\"width: 68px; background-color: #fcfafa;\" bgcolor=\"#000000\">Boda<\/td>\n<td style=\"width: 83px; background-color: #05edf5;\" bgcolor=\"#000000\"><a href=\"http:\/\/nicaragua-travel-guide.com\/site\/evento-especial-organizamos-fiesta-de-bautizo-desde-granada-nicaragua\/\"><strong>Bautizo<\/strong><\/a><\/td>\n<td style=\"width: 71px; background-color: #d236f5;\" bgcolor=\"#000000\">Comuni\u00f3n<\/td>\n<td style=\"width: 82px; background-color: #f5e616;\" bgcolor=\"#000000\">Pi\u00f1ata<\/td>\n<td style=\"width: 190px; background-color: #f9d2fa;\" bgcolor=\"#000000\"><strong><a href=\"http:\/\/nicaragua-travel-guide.com\/site\/floristeria-organizacion-de-eventos-quince-anos-arreglos-y-decoracion\/\">Quince a\u00f1os<\/a><\/strong><\/td>\n<td style=\"width: 91px; background-color: #37fa3d;\" bgcolor=\"#000000\">Cumplea\u00f1os<\/td>\n<td style=\"width: 200px; background-color: #f7ca36;\" bgcolor=\"#000000\">Ceremonia Civil<\/td>\n<td style=\"width: 92px; background-color: #0aa3f0;\" bgcolor=\"#000000\">Graduaci\u00f3n<\/td>\n<td style=\"width: 116px; background-color: #fc4444;\" bgcolor=\"#000000\">Corporativo<\/td>\n<td style=\"width: 162.666748046875px; background-color: #f5eada;\" bgcolor=\"#000000\">Social<\/td>\n<\/tr>\n<\/tbody>\n<\/table>\n<\/td>\n<\/tr>\n<tr style=\"height: 25px;\">\n<td style=\"height: 25px; width: 979.3333740234375px; background-color: #fffceb;\" colspan=\"3\" valign=\"top\" bgcolor=\"#000000\">Salones de Hotel, Restaurantes, Centros Culturales, Iglesias, Parques y Plazas, etc&#8230;En la ciudad colonial Granada en el centro hist\u00f3rico y sus alrededores rodeados de naturaleza, estamos ofreciendo los siguientes establecimientos espacios para organizar celebraciones religiosas, ,bodas, quince a\u00f1os, bautizos, almuerzos, reuniones de negocio, ejecutivas, corporativas, congresos, seminarios, fiestas, cumplea\u00f1os, o cualquier otro evento.<\/td>\n<\/tr>\n<tr style=\"height: 26px;\">\n<td style=\"height: 349px; width: 403px;\" rowspan=\"21\" valign=\"top\">\n<table style=\"width: 428.66668701171875px;\" border=\"0\">\n<tbody>\n<tr style=\"height: 37px;\">\n<td style=\"width: 429.66668701171875px; height: 37px;\">\n<h2>Celebraci\u00f3n de Boda y Banquete<\/h2>\n<\/td>\n<\/tr>\n<tr style=\"height: 21px;\">\n<td style=\"width: 429.66668701171875px; height: 21px;\">en espacio cerrado o abierto<\/td>\n<\/tr>\n<tr style=\"height: 21px;\">\n<td style=\"width: 429.66668701171875px; height: 21px;\"><strong>Celebraci\u00f3n de bodas y ceremonias civiles en Granada.<\/strong><\/td>\n<\/tr>\n<tr style=\"height: 763px;\">\n<td style=\"width: 429.66668701171875px; height: 763px;\">\u00a1Por f\u00edn casados!.<\/p>\n<p>Es momento para disfrutar en exclusiva de todo lo que te ofrecemos, sin m\u00e1s preocupaciones que saborear la felicidad del momento.<\/p>\n<p>Podemos organizar\u00a0<strong>Celebraciones de ceremonias civiles <\/strong>\u00a0con total validez legal en nuestros salones. Personalizando el acto, con vuestra m\u00fasica y participando con familiares y amigos.<\/p>\n<p>La calidad y la excelencia est\u00e1n presente en todas nuestras celebraciones, desde el aperitivo de bienvenida, almuerzo o cena nupcial, hasta el t\u00e9rmino de la celebraci\u00f3n con discoteca y barra libre.<\/p>\n<p>disponemos de salones que ponemos a vuestra disposici\u00f3n, cada uno con una dimensi\u00f3n y un estilo propio.<\/p>\n<p><strong>Servicios disponibles<\/strong>:<\/p>\n<p>&#8211; Confecci\u00f3n de protocolo<br \/>\n&#8211; Ornamentaci\u00f3n floral en mesas y en presidencia<br \/>\n&#8211; Ornamentaci\u00f3n de sillas y mesas<br \/>\n&#8211; Men\u00fas personalizados para banquetes de bodas en Granada<br \/>\n&#8211; Minutas impresas<br \/>\n&#8211; Barra libre<br \/>\n&#8211; Discoteca<br \/>\n<strong><br \/>\nServicios opcionales<\/strong>:<\/p>\n<p>&#8211; Gesti\u00f3n del desplazamiento y alojamiento de los invitados<br \/>\n&#8211; Organizaci\u00f3n de espect\u00e1culos: marimbas, mariachi, orquesta, etc.<br \/>\n&#8211; Decoraci\u00f3n Floral<\/p>\n<p>Estamos seguros de organizar una celebraci\u00f3n que no olvidar\u00e1s jam\u00e1s.<\/td>\n<\/tr>\n<tr style=\"height: 8.666748046875px;\">\n<td style=\"width: 429.66668701171875px; height: 8.666748046875px;\"><img loading=\"lazy\" decoding=\"async\" class=\"alignnone wp-image-12092\" src=\"http:\/\/nicaragua-travel-guide.com\/site\/wp-content\/uploads\/2016\/07\/arreglomeserosbuffetdeventos.jpg\" alt=\"arreglomeserosbuffetdeventos\" width=\"506\" height=\"411\" \/><\/td>\n<\/tr>\n<tr style=\"height: 8.666748046875px;\">\n<td style=\"width: 429.66668701171875px; height: 8.666748046875px;\">\u00a0<strong>\u00a1Contacta con Nosotros!<\/strong><\/td>\n<\/tr>\n<\/tbody>\n<\/table>\n<\/td>\n<td style=\"height: 349px; width: 215px;\" rowspan=\"21\" valign=\"top\">\n<table style=\"height: 1108px; width: 268px;\" border=\"0\">\n<tbody>\n<tr style=\"height: 21px;\">\n<td style=\"height: 21px; width: 273px;\" valign=\"top\"><img loading=\"lazy\" decoding=\"async\" class=\" wp-image-12112 aligncenter\" src=\"http:\/\/nicaragua-travel-guide.com\/site\/wp-content\/uploads\/2016\/07\/bodacivil.jpg\" alt=\"bodacivil\" width=\"292\" height=\"219\" \/><\/td>\n<\/tr>\n<tr style=\"height: 4px;\">\n<td style=\"height: 4px; width: 273px;\">Servicios Legal<\/td>\n<\/tr>\n<tr style=\"height: 16px;\">\n<td style=\"height: 16px; width: 273px;\"><img loading=\"lazy\" decoding=\"async\" class=\"wp-image-12114 aligncenter\" src=\"http:\/\/nicaragua-travel-guide.com\/site\/wp-content\/uploads\/2016\/07\/joyerianillosdebodahombreymujer.jpg\" alt=\"joyerianillosdebodahombreymujer\" width=\"228\" height=\"304\" \/><\/td>\n<\/tr>\n<tr style=\"height: 7px;\">\n<td style=\"height: 7px; width: 273px;\">Joyer\u00eda\u00a0 \u00a0sortija de matrimonio<\/td>\n<\/tr>\n<tr style=\"height: 7px;\">\n<td style=\"height: 7px; width: 273px;\"><img loading=\"lazy\" decoding=\"async\" class=\" wp-image-12108 aligncenter\" src=\"http:\/\/nicaragua-travel-guide.com\/site\/wp-content\/uploads\/2016\/07\/arregloberlinaboda.jpg\" alt=\"arregloberlinaboda\" width=\"286\" height=\"312\" \/><\/td>\n<\/tr>\n<tr style=\"height: 21px;\">\n<td style=\"height: 21px; width: 273px;\">Berlina \u00a0para Boda<\/td>\n<\/tr>\n<tr style=\"height: 21px;\">\n<td style=\"height: 21px; width: 273px;\"><img loading=\"lazy\" decoding=\"async\" class=\"alignnone wp-image-12111\" src=\"http:\/\/nicaragua-travel-guide.com\/site\/wp-content\/uploads\/2016\/07\/arreglomusicalpianoconcierto.jpg\" alt=\"arreglomusicalpianoconcierto\" width=\"261\" height=\"197\" \/><\/td>\n<\/tr>\n<\/tbody>\n<\/table>\n<\/td>\n<td style=\"height: 26px; width: 361.3333740234375px;\" valign=\"top\" bgcolor=\"#FFFF00\"><a href=\"http:\/\/nicaragua-travel-guide.com\/site\/organizacion-de-eventos-alquiler-de-salon-en-espacio-abierto-o-cerrado-mas-otros-servicios\/\">Otros servicios complementos<\/a><\/td>\n<\/tr>\n<tr style=\"height: 7px;\">\n<td style=\"height: 7px; width: 361.3333740234375px;\" valign=\"top\">Comidas y Bebidas<\/td>\n<\/tr>\n<tr style=\"height: 25px;\">\n<td style=\"height: 25px; width: 361.3333740234375px;\" valign=\"top\">Cena de Enamorados<\/td>\n<\/tr>\n<tr style=\"height: 7px;\">\n<td style=\"height: 7px; width: 361.3333740234375px;\" valign=\"top\">Fotograf\u00eda<\/td>\n<\/tr>\n<tr style=\"height: 11px;\">\n<td style=\"height: 11px; width: 361.3333740234375px;\" valign=\"top\">Florister\u00eda<\/td>\n<\/tr>\n<tr style=\"height: 25px;\">\n<td style=\"height: 25px; width: 361.3333740234375px;\" valign=\"top\">M\u00fasica y animaci\u00f3n<\/td>\n<\/tr>\n<tr style=\"height: 25px;\">\n<td style=\"height: 25px; width: 361.3333740234375px;\" valign=\"top\">Fotograf\u00eda ,V\u00eddeo,DVD<\/td>\n<\/tr>\n<tr style=\"height: 25px;\">\n<td style=\"height: 25px; width: 361.3333740234375px;\" valign=\"top\">Discoteca Fija<\/td>\n<\/tr>\n<tr style=\"height: 25px;\">\n<td style=\"height: 25px; width: 361.3333740234375px;\" valign=\"top\">Bartenders y meseros<\/td>\n<\/tr>\n<tr style=\"height: 25px;\">\n<td style=\"height: 25px; width: 361.3333740234375px;\" valign=\"top\">Dise\u00f1o gr\u00e1fico<\/td>\n<\/tr>\n<tr style=\"height: 25px;\">\n<td style=\"height: 25px; width: 361.3333740234375px;\" valign=\"top\">Transporte a elecci\u00f3n<\/td>\n<\/tr>\n<tr style=\"height: 25px;\">\n<td style=\"height: 25px; width: 361.3333740234375px;\" valign=\"top\">Paquetes Tur\u00edsticos<\/td>\n<\/tr>\n<tr style=\"height: 4px;\">\n<td style=\"height: 4px; width: 361.3333740234375px;\" valign=\"top\">Equipos de Audio y Sonido<\/td>\n<\/tr>\n<tr style=\"height: 5px;\">\n<td style=\"height: 5px; width: 361.3333740234375px;\" valign=\"top\">Alquiler de Sillas y mesas<\/td>\n<\/tr>\n<tr style=\"height: 12px;\">\n<td style=\"height: 12px; width: 361.3333740234375px;\" valign=\"top\">Sal\u00f3n de Belleza<\/td>\n<\/tr>\n<tr style=\"height: 21px;\">\n<td style=\"height: 21px; width: 361.3333740234375px;\" valign=\"top\">Vestuario<\/td>\n<\/tr>\n<tr style=\"height: 21px;\">\n<td style=\"height: 21px; width: 361.3333740234375px;\" valign=\"top\">Joyer\u00eda<\/td>\n<\/tr>\n<tr style=\"height: 9px;\">\n<td style=\"height: 9px; width: 361.3333740234375px;\" valign=\"top\">\u00a0Berlina \/ Veh\u00edculos<\/td>\n<\/tr>\n<tr style=\"height: 10px;\">\n<td style=\"height: 10px; width: 361.3333740234375px;\" valign=\"top\">\u00a0M\u00fasica<\/td>\n<\/tr>\n<tr style=\"height: 8px;\">\n<td style=\"height: 8px; width: 361.3333740234375px;\" valign=\"top\"><img loading=\"lazy\" decoding=\"async\" class=\"alignnone wp-image-11961\" src=\"http:\/\/nicaragua-travel-guide.com\/site\/wp-content\/uploads\/2016\/07\/arreglofloraliglesiabodalfombraroja.jpg\" alt=\"arreglofloraliglesiabodalfombraroja\" width=\"249\" height=\"139\" \/><\/td>\n<\/tr>\n<tr style=\"height: 8px;\">\n<td style=\"height: 8px; width: 361.3333740234375px;\" valign=\"top\"><img loading=\"lazy\" decoding=\"async\" class=\"wp-image-12109 aligncenter\" src=\"http:\/\/nicaragua-travel-guide.com\/site\/wp-content\/uploads\/2016\/07\/arreglofloral.jpg\" alt=\"arreglofloral\" width=\"231\" height=\"307\" \/><\/td>\n<\/tr>\n<\/tbody>\n<\/table>\n","protected":false},"excerpt":{"rendered":"<p>Inicio Boda Bautizo Comuni\u00f3n Pi\u00f1ata Quince a\u00f1os Cumplea\u00f1os Ceremonia Civil Graduaci\u00f3n Corporativo Social Salones de Hotel, Restaurantes, Centros Culturales, Iglesias, Parques y Plazas, etc&#8230;En la ciudad colonial Granada en el centro hist\u00f3rico y sus alrededores rodeados de naturaleza, estamos ofreciendo los siguientes establecimientos espacios para organizar celebraciones religiosas, ,bodas, quince a\u00f1os, bautizos, almuerzos, reuniones de [&hellip;]<\/p>\n","protected":false},"author":2,"featured_media":0,"parent":0,"menu_order":0,"comment_status":"closed","ping_status":"closed","template":"","meta":{"footnotes":""},"_links":{"self":[{"href":"https:\/\/nicaragua-travel-guide.com\/site\/wp-json\/wp\/v2\/pages\/7339"}],"collection":[{"href":"https:\/\/nicaragua-travel-guide.com\/site\/wp-json\/wp\/v2\/pages"}],"about":[{"href":"https:\/\/nicaragua-travel-guide.com\/site\/wp-json\/wp\/v2\/types\/page"}],"author":[{"embeddable":true,"href":"https:\/\/nicaragua-travel-guide.com\/site\/wp-json\/wp\/v2\/users\/2"}],"replies":[{"embeddable":true,"href":"https:\/\/nicaragua-travel-guide.com\/site\/wp-json\/wp\/v2\/comments?post=7339"}],"version-history":[{"count":25,"href":"https:\/\/nicaragua-travel-guide.com\/site\/wp-json\/wp\/v2\/pages\/7339\/revisions"}],"predecessor-version":[{"id":12122,"href":"https:\/\/nicaragua-travel-guide.com\/site\/wp-json\/wp\/v2\/pages\/7339\/revisions\/12122"}],"wp:attachment":[{"href":"https:\/\/nicaragua-travel-guide.com\/site\/wp-json\/wp\/v2\/media?parent=7339"}],"curies":[{"name":"wp","href":"https:\/\/api.w.org\/{rel}","templated":true}]}}