{"id":7352,"date":"2016-07-20T16:23:08","date_gmt":"2016-07-20T16:23:08","guid":{"rendered":"http:\/\/nicaragua-travel-guide.com\/site\/?page_id=7352"},"modified":"2016-07-20T16:33:21","modified_gmt":"2016-07-20T16:33:21","slug":"alquiler-de-habitacion-apartamento-independiente-granada","status":"publish","type":"page","link":"https:\/\/nicaragua-travel-guide.com\/site\/alquiler-de-habitacion-apartamento-independiente-granada\/","title":{"rendered":"Alquiler de habitaci\u00f3n  \/ apartamento independiente \u00abGranada\u00bb"},"content":{"rendered":"<table border=\"0\" width=\"1015\">\n<tbody>\n<tr>\n<td bgcolor=\"#FFFFFF\" height=\"21\"><strong>\u00a03 Cuartos Independientes:<\/strong><\/td>\n<\/tr>\n<tr>\n<td bgcolor=\"#FFFFFF\" height=\"21\">\n<ul>\n<li id=\"yiv1897233956yui_3_7_2_16_1355003920080_\"><strong><span id=\"yiv1897233956yui_3_7_2_16_1355003920080_252\">Habitaci\u00f3n Uno:<\/span><\/strong><\/li>\n<\/ul>\n<div id=\"yiv1897233956yui_3_7_2_16_1355003920080_\"><span id=\"yui_3_7_2_1_1365750625492_2678\">*Una cama matrimonial<\/span><\/div>\n<div id=\"yiv1897233956yui_3_7_2_16_1355003920080_\"><span id=\"yui_3_7_2_1_1365750625492_2677\">*un sof\u00e1 de doble\u00a0<\/span><span id=\"yui_3_7_2_1_1365750625492_2710\">funci\u00f3n<\/span><\/div>\n<div id=\"yiv1897233956yui_3_7_2_16_1355003920080_\"><\/div>\n<div id=\"yiv1897233956yui_3_7_2_16_1355003920080_\"><span id=\"yui_3_7_2_1_1365750625492_2417\">Puerta hacia afuera con verja de hierro, independiente de la casa, ba\u00f1o privado, closet para guardar ropa, tv con cable, un peque\u00f1o refrigerador y pantry de lavar trastes.<\/span><\/div>\n<div id=\"yiv1897233956yui_3_7_2_16_1355003920080_\"><\/div>\n<div id=\"yiv1897233956yui_3_7_2_16_1355003920080_\">\n<div id=\"yiv1897233956yui_3_7_2_16_1355003920080_\">Precio: $450 mensual con abanico.<\/div>\n<div id=\"yiv1897233956yui_3_7_2_16_1355003920080_\">\u00a0 \u00a0 \u00a0 \u00a0 \u00a0 \u00a0$600 \u00a0mensual con aire acondicionado<\/div>\n<div id=\"yiv1897233956yui_3_7_2_16_1355003920080_\">\n<p>\u00a0 \u00a0 \u00a0 \u00a0 \u00a0 $30\u00a0el d\u00eda con abanico<\/p>\n<\/div>\n<div id=\"yiv1897233956yui_3_7_2_16_1355003920080_\">\u00a0 \u00a0 \u00a0 \u00a0 \u00a0 \u00a0$40 el d\u00eda con aire acondicionado.<\/div>\n<\/div>\n<\/td>\n<\/tr>\n<tr>\n<td bgcolor=\"#FFFFFF\" height=\"21\">\n<div id=\"yiv1897233956yui_3_7_2_16_1355003920080_169\">\n<ul>\n<li id=\"yui_3_7_2_1_1365750625492_2599\"><strong><span id=\"yui_3_7_2_1_1365750625492_2636\">Habitaci\u00f3n<\/span>\u00a0Centro:<\/strong><\/li>\n<\/ul>\n<\/div>\n<div id=\"yiv1897233956yui_3_7_2_16_1355003920080_169\">*2 Camas matrimonial:<\/div>\n<div id=\"yiv1897233956yui_3_7_2_16_1355003920080_169\">Tienen puerta hacia afuera independiente de la casa,\u00a0ba\u00f1o privado y closet para guardar ropa.<span id=\"yiv1897233956yui_3_7_2_16_1355003920080_208\">\u00a0opci\u00f3n\u00a0de alquilar con aire acondicionado o abanico, tv \u00a0con cable y un peque\u00f1o refrigerador y una mesa con pantry de lavar trastos.<\/span><\/div>\n<div id=\"yiv1897233956yui_3_7_2_16_1355003920080_169\"><\/div>\n<div id=\"yiv1897233956yui_3_7_2_16_1355003920080_169\">\n<div id=\"yiv1897233956yui_3_7_2_16_1355003920080_169\">Precio: $450 mensual con abanico.<\/div>\n<div id=\"yiv1897233956yui_3_7_2_16_1355003920080_169\">\u00a0 \u00a0 \u00a0 \u00a0 \u00a0 \u00a0$600 \u00a0mensual con aire acondicionado<\/div>\n<div id=\"yiv1897233956yui_3_7_2_16_1355003920080_169\">\u00a0 \u00a0 \u00a0 \u00a0 \u00a0 \u00a0$30 el d\u00eda con abanico<\/div>\n<div id=\"yiv1897233956yui_3_7_2_16_1355003920080_169\">\u00a0 \u00a0 \u00a0 \u00a0 \u00a0 \u00a0$40 el d\u00eda con aire acondicionado.<\/div>\n<\/div>\n<div id=\"yiv1897233956yui_3_7_2_16_1355003920080_169\"><\/div>\n<ul>\n<li id=\"yiv1897233956yui_3_7_2_16_1355003920080_169\"><strong>Habitaci\u00f3n\u00a0Sencilla:<\/strong><\/li>\n<\/ul>\n<div id=\"yiv1897233956yui_3_7_2_16_1355003920080_169\">*Una cama matrimonial:<\/div>\n<div id=\"yiv1897233956yui_3_7_2_16_1355003920080_306\">\n<div id=\"yiv1897233956yui_3_7_2_16_1355003920080_169\"><span id=\"yiv1897233956yui_3_7_2_16_1355003920080_258\">Puerta de verjas de hierro hacia afuera,\u00a0<\/span>independiente de la casa, estas\u00a0habitaci\u00f3n\u00a0ofrecel,\u00a0\u00a0ba\u00f1o privado y closet para guardar ropa,<span id=\"yiv1897233956yui_3_7_2_16_1355003920080_208\">\u00a0tv con cable, y un peque\u00f1o refrigerador.<\/span><\/div>\n<div id=\"yiv1897233956yui_3_7_2_16_1355003920080_169\"><\/div>\n<div id=\"yiv1897233956yui_3_7_2_16_1355003920080_169\">Precio: $350 mensual con abanico.<\/div>\n<div id=\"yiv1897233956yui_3_7_2_16_1355003920080_169\">\u00a0 \u00a0 \u00a0 \u00a0 \u00a0 \u00a0 \u00a0$500 \u00a0mensual con aire acondicionado<\/div>\n<div id=\"yiv1897233956yui_3_7_2_16_1355003920080_169\">\u00a0 \u00a0 \u00a0 \u00a0 \u00a0 \u00a0 \u00a0$25 \u00a0el\u00a0d\u00eda\u00a0con abanico<\/div>\n<div id=\"yiv1897233956yui_3_7_2_16_1355003920080_169\">\u00a0 \u00a0 \u00a0 \u00a0 \u00a0 \u00a0 \u00a0$35 el\u00a0d\u00eda\u00a0con aire acondicionado.<\/div>\n<div id=\"yiv1897233956yui_3_7_2_16_1355003920080_169\"><\/div>\n<div id=\"yiv1897233956yui_3_7_2_16_1355003920080_169\">Este precio no incluye el 15%<\/div>\n<\/div>\n<\/td>\n<\/tr>\n<tr>\n<td valign=\"top\" bgcolor=\"#FFFFFF\" height=\"21\"><\/td>\n<\/tr>\n<\/tbody>\n<\/table>\n","protected":false},"excerpt":{"rendered":"<p>\u00a03 Cuartos Independientes: Habitaci\u00f3n Uno: *Una cama matrimonial *un sof\u00e1 de doble\u00a0funci\u00f3n Puerta hacia afuera con verja de hierro, independiente de la casa, ba\u00f1o privado, closet para guardar ropa, tv con cable, un peque\u00f1o refrigerador y pantry de lavar trastes. Precio: $450 mensual con abanico. \u00a0 \u00a0 \u00a0 \u00a0 \u00a0 \u00a0$600 \u00a0mensual con aire acondicionado [&hellip;]<\/p>\n","protected":false},"author":2,"featured_media":0,"parent":0,"menu_order":0,"comment_status":"closed","ping_status":"closed","template":"","meta":{"footnotes":""},"_links":{"self":[{"href":"https:\/\/nicaragua-travel-guide.com\/site\/wp-json\/wp\/v2\/pages\/7352"}],"collection":[{"href":"https:\/\/nicaragua-travel-guide.com\/site\/wp-json\/wp\/v2\/pages"}],"about":[{"href":"https:\/\/nicaragua-travel-guide.com\/site\/wp-json\/wp\/v2\/types\/page"}],"author":[{"embeddable":true,"href":"https:\/\/nicaragua-travel-guide.com\/site\/wp-json\/wp\/v2\/users\/2"}],"replies":[{"embeddable":true,"href":"https:\/\/nicaragua-travel-guide.com\/site\/wp-json\/wp\/v2\/comments?post=7352"}],"version-history":[{"count":4,"href":"https:\/\/nicaragua-travel-guide.com\/site\/wp-json\/wp\/v2\/pages\/7352\/revisions"}],"predecessor-version":[{"id":7357,"href":"https:\/\/nicaragua-travel-guide.com\/site\/wp-json\/wp\/v2\/pages\/7352\/revisions\/7357"}],"wp:attachment":[{"href":"https:\/\/nicaragua-travel-guide.com\/site\/wp-json\/wp\/v2\/media?parent=7352"}],"curies":[{"name":"wp","href":"https:\/\/api.w.org\/{rel}","templated":true}]}}