{"id":7391,"date":"2016-07-20T17:36:12","date_gmt":"2016-07-20T17:36:12","guid":{"rendered":"http:\/\/nicaragua-travel-guide.com\/site\/?page_id=7391"},"modified":"2016-07-20T17:36:12","modified_gmt":"2016-07-20T17:36:12","slug":"se-vende-finca-en-granada","status":"publish","type":"page","link":"https:\/\/nicaragua-travel-guide.com\/site\/se-vende-finca-en-granada\/","title":{"rendered":"Se vende finca en GRANADA"},"content":{"rendered":"<table border=\"0\" width=\"1021\" cellspacing=\"0\" cellpadding=\"0\" align=\"center\">\n<tbody>\n<tr>\n<td valign=\"top\" bgcolor=\"#A1D9FE\" width=\"1020\">\n<table width=\"100%\" cellspacing=\"0\" cellpadding=\"5\">\n<tbody>\n<tr>\n<td bgcolor=\"#009933\" width=\"14%\"><\/td>\n<td bgcolor=\"#CCFF99\" width=\"21%\">Se vende propiedad:<\/td>\n<td rowspan=\"7\" bgcolor=\"#CCFF99\" width=\"32%\"><\/td>\n<td rowspan=\"7\" bgcolor=\"#CCFF99\" width=\"33%\"><\/td>\n<\/tr>\n<tr>\n<td bgcolor=\"#009933\">Regi\u00f3n<\/td>\n<td bgcolor=\"#CCFF99\">Granada<\/td>\n<\/tr>\n<tr>\n<td bgcolor=\"#009933\">Departamento<\/td>\n<td bgcolor=\"#CCFF99\">Granada<\/td>\n<\/tr>\n<tr>\n<td bgcolor=\"#009933\">Tipo<\/td>\n<td bgcolor=\"#CCFF99\">Finca<\/td>\n<\/tr>\n<tr>\n<td bgcolor=\"#009933\">Cuartos<\/td>\n<td bgcolor=\"#CCFF99\">3<\/td>\n<\/tr>\n<tr>\n<td bgcolor=\"#009933\">Ar\u00e9a Total<\/td>\n<td bgcolor=\"#CCFF99\">2,452 metros cuadrados<\/td>\n<\/tr>\n<tr>\n<td bgcolor=\"#009933\">Precio<\/td>\n<td bgcolor=\"#CCFF99\">US$ 70,000<\/td>\n<\/tr>\n<tr>\n<td valign=\"top\" bgcolor=\"#009933\">Descripci\u00f3n<\/td>\n<td colspan=\"3\" bgcolor=\"#CCFF99\">Es una propiedad muy espaciosa que lograra llenar sus expectativas, porque est\u00e1 apartada del bullicio de la ciudad, pero al mismo tiempo muy cercana a \u00e9sta.<\/p>\n<p>El ambiente es muy fresco gracias a la variedad y cantidad de plantas que hay en el terreno, lo que lo hace c\u00f3modo para establecer construcciones.<\/p>\n<p>Se cuenta con papeles legales y seguridad en todo el proceso. No pierdan esta gran oportunidad!<\/td>\n<\/tr>\n<tr>\n<td bgcolor=\"#009933\">Estado<\/td>\n<td colspan=\"3\" bgcolor=\"#CCFF99\">Disponible<\/td>\n<\/tr>\n<tr>\n<td colspan=\"4\" bgcolor=\"#009933\">Por mayor informacion Contactarnos<\/td>\n<\/tr>\n<\/tbody>\n<\/table>\n<\/td>\n<\/tr>\n<\/tbody>\n<\/table>\n","protected":false},"excerpt":{"rendered":"<p>Se vende propiedad: Regi\u00f3n Granada Departamento Granada Tipo Finca Cuartos 3 Ar\u00e9a Total 2,452 metros cuadrados Precio US$ 70,000 Descripci\u00f3n Es una propiedad muy espaciosa que lograra llenar sus expectativas, porque est\u00e1 apartada del bullicio de la ciudad, pero al mismo tiempo muy cercana a \u00e9sta. El ambiente es muy fresco gracias a la variedad [&hellip;]<\/p>\n","protected":false},"author":2,"featured_media":0,"parent":0,"menu_order":0,"comment_status":"closed","ping_status":"closed","template":"","meta":{"footnotes":""},"_links":{"self":[{"href":"https:\/\/nicaragua-travel-guide.com\/site\/wp-json\/wp\/v2\/pages\/7391"}],"collection":[{"href":"https:\/\/nicaragua-travel-guide.com\/site\/wp-json\/wp\/v2\/pages"}],"about":[{"href":"https:\/\/nicaragua-travel-guide.com\/site\/wp-json\/wp\/v2\/types\/page"}],"author":[{"embeddable":true,"href":"https:\/\/nicaragua-travel-guide.com\/site\/wp-json\/wp\/v2\/users\/2"}],"replies":[{"embeddable":true,"href":"https:\/\/nicaragua-travel-guide.com\/site\/wp-json\/wp\/v2\/comments?post=7391"}],"version-history":[{"count":1,"href":"https:\/\/nicaragua-travel-guide.com\/site\/wp-json\/wp\/v2\/pages\/7391\/revisions"}],"predecessor-version":[{"id":7392,"href":"https:\/\/nicaragua-travel-guide.com\/site\/wp-json\/wp\/v2\/pages\/7391\/revisions\/7392"}],"wp:attachment":[{"href":"https:\/\/nicaragua-travel-guide.com\/site\/wp-json\/wp\/v2\/media?parent=7391"}],"curies":[{"name":"wp","href":"https:\/\/api.w.org\/{rel}","templated":true}]}}