{"id":7500,"date":"2016-07-22T01:21:16","date_gmt":"2016-07-22T01:21:16","guid":{"rendered":"http:\/\/nicaragua-travel-guide.com\/site\/?page_id=7500"},"modified":"2016-09-03T21:37:51","modified_gmt":"2016-09-03T21:37:51","slug":"joyeria-sortijas-para-graduacion-granada-masaya-managua","status":"publish","type":"page","link":"https:\/\/nicaragua-travel-guide.com\/site\/joyeria-sortijas-para-graduacion-granada-masaya-managua\/","title":{"rendered":"Joyer\u00eda \u00abSortijas para Graduaci\u00f3n\u00bb Granada, Masaya, Managua"},"content":{"rendered":"<table style=\"width: 1004.3333740234375px;\" border=\"0\">\n<tbody>\n<tr style=\"height: 15.66668701171875px;\">\n<td style=\"height: 15.66668701171875px; width: 678px; background-color: #ffffff;\" colspan=\"6\" bgcolor=\"#000000\"><img loading=\"lazy\" decoding=\"async\" class=\"wp-image-13123 aligncenter\" src=\"http:\/\/nicaragua-travel-guide.com\/site\/wp-content\/uploads\/2016\/07\/nicaragua-travel-guia-de-compras-joyeria-de-oro-y-plata-nacional-de-graduacion.jpg\" alt=\"nicaragua travel guia de compras joyeria de oro y plata nacional de graduacion\" width=\"1000\" height=\"350\" \/><\/td>\n<\/tr>\n<tr style=\"height: 31px;\">\n<td style=\"height: 31px; width: 678px; background-color: #f7e0a6;\" colspan=\"6\" bgcolor=\"#000000\">Estos anillos de graduaci\u00f3n fueron elaborados en pant\u00f3grafo tridimensional lo que garantiza un anillo de simetr\u00eda perfecta en cada letra, y una visi\u00f3n perfecta de los logos y escudos, lo cual no se puede obtener por medios artesanales.<\/p>\n<p>El cliente puede elegir entre el dise\u00f1o cl\u00e1sico o moderno, as\u00ed como ponerle su nombre y apellido en la parte exterior de su anillo.<br \/>\nEl kilataje recomendado es en 10 K por su dureza, \u00fanicos en Centro Am\u00e9rica con T\u00e9cnicos Especializados en la fabricaci\u00f3n de Anillos de Graduaci\u00f3n Estilo Norteamericano.<\/td>\n<\/tr>\n<tr style=\"height: 31px;\">\n<td style=\"height: 31px; width: 658px;\" colspan=\"4\" bgcolor=\"#000000\">\n<table border=\"0\" width=\"674\">\n<tbody>\n<tr>\n<td style=\"background-color: #f5d42f; width: 345px;\" width=\"345\">Graduaci\u00f3n de preescolar<\/td>\n<td style=\"background-color: #f5d42f; width: 345px;\" width=\"319\">Graduaci\u00f3n de primaria<\/td>\n<\/tr>\n<\/tbody>\n<\/table>\n<\/td>\n<td style=\"height: 407px; width: 20px; background-color: #f7e0a6;\" colspan=\"2\" rowspan=\"9\" valign=\"top\" bgcolor=\"#FFFFFF\">\n<table style=\"width: 297.3333740234375px;\" border=\"0\">\n<tbody>\n<tr style=\"height: 22px;\">\n<td style=\"width: 194px; background-color: #82c8fa; height: 22px;\" colspan=\"2\" bgcolor=\"#0066FF\"><a href=\"http:\/\/nicaragua-travel-guide.com\/site\/joyerias-orfebrerias-en-nicaragua-disenos-de-lujo-y-sencillos-para-toda-ocasion-y-evento-especial-compromiso-boda-graduacion-y-mas\/\">Inicio<\/a><\/td>\n<\/tr>\n<tr style=\"height: 22px;\">\n<td style=\"width: 194px; background-color: #f7d7f4; height: 22px;\" colspan=\"2\" bgcolor=\"#00FFFF\"><a href=\"http:\/\/nicaragua-travel-guide.com\/site\/joyeria-sortija-para-quince-anos-paquete-especial-por-evento-en-granada-masaya-managua\/\">Anillos para Quince a\u00f1os<\/a><\/td>\n<\/tr>\n<tr style=\"height: 22px;\">\n<td style=\"width: 194px; background-color: #f0cb37; height: 22px;\" colspan=\"2\" bgcolor=\"#FF9933\"><a href=\"http:\/\/nicaragua-travel-guide.com\/site\/joyeria-cadenas-gargantillas-dijes-brazaletes-pulseras-aretes-y-mas-en-granada-masaya-y-managua\/\">Cadenas, Gargantillas<\/a><\/td>\n<\/tr>\n<tr style=\"height: 22px;\">\n<td style=\"width: 194px; background-color: #b3fcbf; height: 22px;\" colspan=\"2\" bgcolor=\"#FF0000\"><a href=\"http:\/\/nicaragua-travel-guide.com\/site\/joyeria-sortija-de-compromiso-paquete-especial-granada-masaya-managua\/\">Anillos de Compromiso<\/a><\/td>\n<\/tr>\n<tr style=\"height: 22px;\">\n<td style=\"width: 194px; height: 22px;\" colspan=\"2\" bgcolor=\"#FFFFFF\"><a href=\"http:\/\/nicaragua-travel-guide.com\/site\/joyeria-sortijas-de-matrimonio-evento-especial-paquetes-en-granada-masaya-y-managua\/\">Anillos de Matrimonio<\/a><\/td>\n<\/tr>\n<tr style=\"height: 22px;\">\n<td style=\"width: 194px; background-color: #eded6d; height: 22px;\" colspan=\"2\" bgcolor=\"#CCCCCC\"><a href=\"http:\/\/nicaragua-travel-guide.com\/site\/joyeria-cadenas-gargantillas-dijes-brazaletes-pulseras-aretes-y-mas-en-granada-masaya-y-managua\/\">Joyer\u00eda en General<\/a><\/td>\n<\/tr>\n<tr>\n<td style=\"width: 184px;\" valign=\"top\">\n<table style=\"height: 235px; width: 297px;\">\n<tbody>\n<tr style=\"height: 36.3333740234375px;\">\n<td style=\"width: 140px; height: 36.3333740234375px; background-color: #ffdb26;\"><strong>Graduaci\u00f3n<\/strong><\/td>\n<td style=\"width: 164px; height: 199.3333740234375px;\" rowspan=\"5\"><img loading=\"lazy\" decoding=\"async\" class=\"alignnone wp-image-13242\" src=\"http:\/\/nicaragua-travel-guide.com\/site\/wp-content\/uploads\/2016\/07\/joyerianillosdegraduacioncuatro.jpg\" alt=\"joyerianillosdegraduacioncuatro\" width=\"148\" height=\"166\" \/><\/td>\n<\/tr>\n<tr style=\"height: 36px;\">\n<td style=\"width: 140px; height: 36px;\">\n<ul>\n<li>Pre escolar<\/li>\n<\/ul>\n<\/td>\n<\/tr>\n<tr style=\"height: 38px;\">\n<td style=\"width: 140px; height: 38px;\">\n<ul>\n<li>Primaria<\/li>\n<\/ul>\n<\/td>\n<\/tr>\n<tr style=\"height: 38px;\">\n<td style=\"width: 140px; height: 38px;\">\n<ul>\n<li>Secundaria<\/li>\n<\/ul>\n<\/td>\n<\/tr>\n<tr style=\"height: 51px;\">\n<td style=\"width: 140px; height: 51px;\">\n<ul>\n<li>Graduaci\u00f3n<\/li>\n<\/ul>\n<\/td>\n<\/tr>\n<\/tbody>\n<\/table>\n<\/td>\n<\/tr>\n<tr style=\"height: 393px;\">\n<td style=\"width: 194px; height: 393px;\" colspan=\"2\" valign=\"top\"><img loading=\"lazy\" decoding=\"async\" class=\"wp-image-13263 aligncenter\" src=\"http:\/\/nicaragua-travel-guide.com\/site\/wp-content\/uploads\/2016\/07\/joyeriagraduadosfoto.jpg\" alt=\"joyeriagraduadosfoto\" width=\"298\" height=\"443\" \/><\/td>\n<\/tr>\n<\/tbody>\n<\/table>\n<\/td>\n<\/tr>\n<tr style=\"height: 35px;\">\n<td style=\"height: 35px; width: 160px;\"><img loading=\"lazy\" decoding=\"async\" class=\"alignnone size-medium wp-image-13253\" src=\"http:\/\/nicaragua-travel-guide.com\/site\/wp-content\/uploads\/2016\/07\/joyerianillograduacionkinder.jpg\" alt=\"joyerianillograduacionkinder\" width=\"179\" height=\"131\" \/><\/td>\n<td style=\"height: 35px; width: 174px;\"><img loading=\"lazy\" decoding=\"async\" class=\"alignnone size-medium wp-image-13245\" src=\"http:\/\/nicaragua-travel-guide.com\/site\/wp-content\/uploads\/2016\/07\/joyerianillodegraduaciokin-2.jpg\" alt=\"joyerianillodegraduaciokin\" width=\"188\" height=\"138\" \/><\/td>\n<td style=\"height: 35px; width: 156px;\"><img loading=\"lazy\" decoding=\"async\" class=\"alignnone size-medium wp-image-13261\" src=\"http:\/\/nicaragua-travel-guide.com\/site\/wp-content\/uploads\/2016\/07\/joyerianillograduaprimari.jpg\" alt=\"joyerianillograduaprimari\" width=\"225\" height=\"225\" srcset=\"https:\/\/nicaragua-travel-guide.com\/site\/wp-content\/uploads\/2016\/07\/joyerianillograduaprimari.jpg 225w, https:\/\/nicaragua-travel-guide.com\/site\/wp-content\/uploads\/2016\/07\/joyerianillograduaprimari-100x100.jpg 100w, https:\/\/nicaragua-travel-guide.com\/site\/wp-content\/uploads\/2016\/07\/joyerianillograduaprimari-200x200.jpg 200w\" sizes=\"(max-width: 225px) 100vw, 225px\" \/><\/td>\n<td style=\"height: 35px; width: 168px;\"><img loading=\"lazy\" decoding=\"async\" class=\"alignnone size-medium wp-image-13244\" src=\"http:\/\/nicaragua-travel-guide.com\/site\/wp-content\/uploads\/2016\/07\/joyerianillodegradonuevo.jpg\" alt=\"joyerianillodegradonuevo\" width=\"204\" height=\"171\" \/><\/td>\n<\/tr>\n<tr style=\"height: 25px;\">\n<td style=\"height: 25px; width: 658px;\" colspan=\"4\" bgcolor=\"#000000\">\n<table border=\"0\" width=\"671\">\n<tbody>\n<tr>\n<td style=\"background-color: #fce005; width: 340px;\" width=\"340\">Bachiller hombres<\/td>\n<td style=\"background-color: #fce005; width: 340px;\" width=\"321\">Bachiller mujeres<\/td>\n<\/tr>\n<\/tbody>\n<\/table>\n<\/td>\n<\/tr>\n<tr style=\"height: 35px;\">\n<td style=\"height: 35px; width: 160px;\"><img loading=\"lazy\" decoding=\"async\" class=\"alignnone size-medium wp-image-13247\" src=\"http:\/\/nicaragua-travel-guide.com\/site\/wp-content\/uploads\/2016\/07\/joyerianillodegraduadauno.jpg\" alt=\"joyerianillodegraduadauno\" width=\"140\" height=\"185\" \/><\/td>\n<td style=\"height: 35px; width: 174px;\"><img loading=\"lazy\" decoding=\"async\" class=\"alignnone size-medium wp-image-13246\" src=\"http:\/\/nicaragua-travel-guide.com\/site\/wp-content\/uploads\/2016\/07\/joyerianillodegraduacionceleste.jpg\" alt=\"joyerianillodegraduacionceleste\" width=\"176\" height=\"140\" \/><\/td>\n<td style=\"height: 35px; width: 156px;\"><img loading=\"lazy\" decoding=\"async\" class=\"alignnone size-medium wp-image-13255\" src=\"http:\/\/nicaragua-travel-guide.com\/site\/wp-content\/uploads\/2016\/07\/joyerianillograduadabach.jpg\" alt=\"joyerianillograduadabach\" width=\"136\" height=\"145\" \/><\/td>\n<td style=\"height: 35px; width: 168px;\"><img loading=\"lazy\" decoding=\"async\" class=\" wp-image-13262 aligncenter\" src=\"http:\/\/nicaragua-travel-guide.com\/site\/wp-content\/uploads\/2016\/07\/joyerianillogrduaciondamaroj.jpg\" alt=\"joyerianillogrduaciondamaroj\" width=\"156\" height=\"156\" srcset=\"https:\/\/nicaragua-travel-guide.com\/site\/wp-content\/uploads\/2016\/07\/joyerianillogrduaciondamaroj.jpg 128w, https:\/\/nicaragua-travel-guide.com\/site\/wp-content\/uploads\/2016\/07\/joyerianillogrduaciondamaroj-100x100.jpg 100w\" sizes=\"(max-width: 156px) 100vw, 156px\" \/><\/td>\n<\/tr>\n<tr style=\"height: 25px;\">\n<td style=\"background-color: #fad82d; height: 25px; width: 658px;\" colspan=\"4\" bgcolor=\"#000000\">Carrera\u00a0T\u00e9cnica<\/td>\n<\/tr>\n<tr style=\"height: 35px;\">\n<td style=\"height: 35px; width: 160px;\"><img loading=\"lazy\" decoding=\"async\" class=\"alignnone size-medium wp-image-13260\" src=\"http:\/\/nicaragua-travel-guide.com\/site\/wp-content\/uploads\/2016\/07\/joyerianillograduadoquince.jpg\" alt=\"joyerianillograduadoquince\" width=\"223\" height=\"195\" \/><\/td>\n<td style=\"height: 35px; width: 174px;\"><img loading=\"lazy\" decoding=\"async\" class=\"alignnone size-medium wp-image-13252\" src=\"http:\/\/nicaragua-travel-guide.com\/site\/wp-content\/uploads\/2016\/07\/joyerianillograduacioncorteycon.jpg\" alt=\"joyerianillograduacioncorteycon\" width=\"164\" height=\"132\" \/><\/td>\n<td style=\"height: 35px; width: 156px;\"><img loading=\"lazy\" decoding=\"async\" class=\"alignnone size-medium wp-image-13254\" src=\"http:\/\/nicaragua-travel-guide.com\/site\/wp-content\/uploads\/2016\/07\/joyerianillograduacionsecundaria-1.jpg\" alt=\"joyerianillograduacionsecundaria\" width=\"222\" height=\"160\" \/><\/td>\n<td style=\"height: 35px; width: 168px;\"><img loading=\"lazy\" decoding=\"async\" class=\" wp-image-13259 aligncenter\" src=\"http:\/\/nicaragua-travel-guide.com\/site\/wp-content\/uploads\/2016\/07\/joyerianillograduadoperson.jpg\" alt=\"joyerianillograduadoperson\" width=\"150\" height=\"92\" \/><\/td>\n<\/tr>\n<tr style=\"height: 21px;\">\n<td style=\"background-color: #fcb526; height: 21px; width: 658px;\" colspan=\"4\" bgcolor=\"#000000\">Anillos de Graduacio, Licenciatura, doctorado, maestrias, posgrados, y grados<\/td>\n<\/tr>\n<tr style=\"height: 38px;\">\n<td style=\"height: 38px; width: 160px;\"><img loading=\"lazy\" decoding=\"async\" class=\"alignnone size-medium wp-image-13249\" src=\"http:\/\/nicaragua-travel-guide.com\/site\/wp-content\/uploads\/2016\/07\/joyerianillodegraduadoverde.jpg\" alt=\"joyerianillodegraduadoverde\" width=\"207\" height=\"200\" \/><\/td>\n<td style=\"height: 38px; width: 174px;\"><img loading=\"lazy\" decoding=\"async\" class=\"wp-image-13257 aligncenter\" src=\"http:\/\/nicaragua-travel-guide.com\/site\/wp-content\/uploads\/2016\/07\/joyerianillograduadoce.jpg\" alt=\"joyerianillograduadoce\" width=\"131\" height=\"154\" \/><\/td>\n<td style=\"height: 38px; width: 156px;\"><img loading=\"lazy\" decoding=\"async\" class=\"alignnone size-medium wp-image-13250\" src=\"http:\/\/nicaragua-travel-guide.com\/site\/wp-content\/uploads\/2016\/07\/joyerianillogrado.jpg\" alt=\"joyerianillogrado\" width=\"139\" height=\"150\" \/><\/td>\n<td style=\"height: 38px; width: 168px;\"><img loading=\"lazy\" decoding=\"async\" class=\"alignnone size-medium wp-image-13256\" src=\"http:\/\/nicaragua-travel-guide.com\/site\/wp-content\/uploads\/2016\/07\/joyerianillograduadados.jpg\" alt=\"joyerianillograduadados\" width=\"229\" height=\"218\" \/><\/td>\n<\/tr>\n<tr style=\"height: 162px;\">\n<td style=\"height: 162px; width: 160px;\" valign=\"top\"><img loading=\"lazy\" decoding=\"async\" class=\"alignnone size-medium wp-image-13243\" src=\"http:\/\/nicaragua-travel-guide.com\/site\/wp-content\/uploads\/2016\/07\/joyerianillodegradogeoquimica.jpg\" alt=\"joyerianillodegradogeoquimica\" width=\"197\" height=\"177\" \/><\/td>\n<td style=\"height: 162px; width: 174px;\" valign=\"top\"><img loading=\"lazy\" decoding=\"async\" class=\"alignnone size-medium wp-image-13258\" src=\"http:\/\/nicaragua-travel-guide.com\/site\/wp-content\/uploads\/2016\/07\/joyerianillograduadonegro.jpg\" alt=\"joyerianillograduadonegro\" width=\"155\" height=\"160\" \/><\/td>\n<td style=\"height: 162px; width: 156px;\" valign=\"top\"><img loading=\"lazy\" decoding=\"async\" class=\"alignnone size-medium wp-image-13248\" src=\"http:\/\/nicaragua-travel-guide.com\/site\/wp-content\/uploads\/2016\/07\/joyerianillodegraduados.jpg\" alt=\"joyerianillodegraduados\" width=\"128\" height=\"128\" srcset=\"https:\/\/nicaragua-travel-guide.com\/site\/wp-content\/uploads\/2016\/07\/joyerianillodegraduados.jpg 128w, https:\/\/nicaragua-travel-guide.com\/site\/wp-content\/uploads\/2016\/07\/joyerianillodegraduados-100x100.jpg 100w\" sizes=\"(max-width: 128px) 100vw, 128px\" \/><\/td>\n<td style=\"height: 162px; width: 168px;\" valign=\"top\"><img loading=\"lazy\" decoding=\"async\" class=\"alignnone size-medium wp-image-13251\" src=\"http:\/\/nicaragua-travel-guide.com\/site\/wp-content\/uploads\/2016\/07\/joyerianillograduacionazul.jpg\" alt=\"joyerianillograduacionazul\" width=\"251\" height=\"201\" \/><\/td>\n<\/tr>\n<tr style=\"height: 21px;\">\n<td style=\"height: 21px; width: 678px; background-color: #fcb849;\" colspan=\"6\" bgcolor=\"#000000\">Nota: Con este cat\u00e1logo puede ver y elegir el dise\u00f1o que te guste para su graduaci\u00f3n y te pondremos en contacto con el joyero.<\/td>\n<\/tr>\n<\/tbody>\n<\/table>\n","protected":false},"excerpt":{"rendered":"<p>Estos anillos de graduaci\u00f3n fueron elaborados en pant\u00f3grafo tridimensional lo que garantiza un anillo de simetr\u00eda perfecta en cada letra, y una visi\u00f3n perfecta de los logos y escudos, lo cual no se puede obtener por medios artesanales. El cliente puede elegir entre el dise\u00f1o cl\u00e1sico o moderno, as\u00ed como ponerle su nombre y apellido [&hellip;]<\/p>\n","protected":false},"author":2,"featured_media":0,"parent":0,"menu_order":0,"comment_status":"closed","ping_status":"closed","template":"","meta":{"footnotes":""},"_links":{"self":[{"href":"https:\/\/nicaragua-travel-guide.com\/site\/wp-json\/wp\/v2\/pages\/7500"}],"collection":[{"href":"https:\/\/nicaragua-travel-guide.com\/site\/wp-json\/wp\/v2\/pages"}],"about":[{"href":"https:\/\/nicaragua-travel-guide.com\/site\/wp-json\/wp\/v2\/types\/page"}],"author":[{"embeddable":true,"href":"https:\/\/nicaragua-travel-guide.com\/site\/wp-json\/wp\/v2\/users\/2"}],"replies":[{"embeddable":true,"href":"https:\/\/nicaragua-travel-guide.com\/site\/wp-json\/wp\/v2\/comments?post=7500"}],"version-history":[{"count":16,"href":"https:\/\/nicaragua-travel-guide.com\/site\/wp-json\/wp\/v2\/pages\/7500\/revisions"}],"predecessor-version":[{"id":13241,"href":"https:\/\/nicaragua-travel-guide.com\/site\/wp-json\/wp\/v2\/pages\/7500\/revisions\/13241"}],"wp:attachment":[{"href":"https:\/\/nicaragua-travel-guide.com\/site\/wp-json\/wp\/v2\/media?parent=7500"}],"curies":[{"name":"wp","href":"https:\/\/api.w.org\/{rel}","templated":true}]}}