{"id":7509,"date":"2016-07-22T01:35:05","date_gmt":"2016-07-22T01:35:05","guid":{"rendered":"http:\/\/nicaragua-travel-guide.com\/site\/?page_id=7509"},"modified":"2016-09-03T20:19:40","modified_gmt":"2016-09-03T20:19:40","slug":"joyeria-sortijas-de-matrimonio-evento-especial-paquetes-en-granada-masaya-y-managua","status":"publish","type":"page","link":"https:\/\/nicaragua-travel-guide.com\/site\/joyeria-sortijas-de-matrimonio-evento-especial-paquetes-en-granada-masaya-y-managua\/","title":{"rendered":"Joyer\u00eda \u00absortijas de matrimonio\u00bb Evento especial  Paquetes en Granada, Masaya, y Managua"},"content":{"rendered":"<table style=\"width: 964.6666870117188px;\" border=\"0\">\n<tbody>\n<tr style=\"height: 17.666671752929688px;\">\n<td style=\"width: 20px; height: 17.666671752929688px;\" colspan=\"2\" valign=\"top\" bgcolor=\"#FFFFFF\"><img loading=\"lazy\" decoding=\"async\" class=\"alignnone wp-image-13122\" src=\"http:\/\/nicaragua-travel-guide.com\/site\/wp-content\/uploads\/2016\/07\/nicaragua-travel-guia-de-compras-joyeria-de-oro-y-plata-nacional-de-compromiso.jpg\" alt=\"nicaragua travel guia de compras joyeria de oro y plata nacional de compromiso\" width=\"960\" height=\"336\" \/><\/td>\n<\/tr>\n<tr style=\"height: 23px;\">\n<td style=\"width: 20px; height: 23px;\" colspan=\"2\" valign=\"top\" bgcolor=\"#FFFFFF\"><a href=\"http:\/\/nicaragua-travel-guide.com\/site\/joyerias-orfebrerias-en-nicaragua-disenos-de-lujo-y-sencillos-para-toda-ocasion-y-evento-especial-compromiso-boda-graduacion-y-mas\/\">Inicio \u00a0<\/a>\u00a0 \u00a0 \u00a0 \u00a0\u00a0<a href=\"http:\/\/nicaragua-travel-guide.com\/site\/joyeria-sortijas-para-graduacion-granada-masaya-managua\/\">Graduaci\u00f3n<\/a>\u00a0 \u00a0 \u00a0 \u00a0 \u00a0 \u00a0<a href=\"http:\/\/nicaragua-travel-guide.com\/site\/joyeria-sortija-de-compromiso-paquete-especial-granada-masaya-managua\/\">Compromiso<\/a>\u00a0 \u00a0 \u00a0 \u00a0 \u00a0 Matrimonio \u00a0 \u00a0 \u00a0 \u00a0 \u00a0<a href=\"http:\/\/nicaragua-travel-guide.com\/site\/joyeria-cadenas-gargantillas-dijes-brazaletes-pulseras-aretes-y-mas-en-granada-masaya-y-managua\/\">Cadenas, gargantillas,dijes<\/a>\u00a0 \u00a0 \u00a0 \u00a0 \u00a0 \u00a0 \u00a0 \u00a0 \u00a0 \u00a0\u00a0<a href=\"http:\/\/nicaragua-travel-guide.com\/site\/joyeria-cadenas-gargantillas-dijes-brazaletes-pulseras-aretes-y-mas-en-granada-masaya-y-managua\/\">Joyer\u00eda en general<\/a><\/td>\n<\/tr>\n<tr style=\"height: 20px;\">\n<td style=\"width: 20px; height: 20px;\" colspan=\"2\" valign=\"top\">\n<table style=\"height: 134px; width: 948px;\">\n<tbody>\n<tr>\n<td style=\"width: 349px;\"><img loading=\"lazy\" decoding=\"async\" class=\"alignnone wp-image-13205\" src=\"http:\/\/nicaragua-travel-guide.com\/site\/wp-content\/uploads\/2016\/07\/joyerianillodematrimoniodos.jpg\" alt=\"joyerianillodematrimoniodos\" width=\"183\" height=\"183\" srcset=\"https:\/\/nicaragua-travel-guide.com\/site\/wp-content\/uploads\/2016\/07\/joyerianillodematrimoniodos.jpg 225w, https:\/\/nicaragua-travel-guide.com\/site\/wp-content\/uploads\/2016\/07\/joyerianillodematrimoniodos-100x100.jpg 100w, https:\/\/nicaragua-travel-guide.com\/site\/wp-content\/uploads\/2016\/07\/joyerianillodematrimoniodos-200x200.jpg 200w\" sizes=\"(max-width: 183px) 100vw, 183px\" \/><\/td>\n<td style=\"width: 378px;\"><img loading=\"lazy\" decoding=\"async\" class=\"wp-image-13212 aligncenter\" src=\"http:\/\/nicaragua-travel-guide.com\/site\/wp-content\/uploads\/2016\/07\/joyerianillosdematrimoniodosclor.jpg\" alt=\"joyerianillosdematrimoniodosclor\" width=\"214\" height=\"169\" \/><\/td>\n<td style=\"width: 385px;\"><img loading=\"lazy\" decoding=\"async\" class=\"wp-image-13206 aligncenter\" src=\"http:\/\/nicaragua-travel-guide.com\/site\/wp-content\/uploads\/2016\/07\/joyerianillosdeboda.jpg\" alt=\"joyerianillosdeboda\" width=\"173\" height=\"173\" srcset=\"https:\/\/nicaragua-travel-guide.com\/site\/wp-content\/uploads\/2016\/07\/joyerianillosdeboda.jpg 225w, https:\/\/nicaragua-travel-guide.com\/site\/wp-content\/uploads\/2016\/07\/joyerianillosdeboda-100x100.jpg 100w, https:\/\/nicaragua-travel-guide.com\/site\/wp-content\/uploads\/2016\/07\/joyerianillosdeboda-200x200.jpg 200w\" sizes=\"(max-width: 173px) 100vw, 173px\" \/><\/td>\n<td style=\"width: 411px;\"><img loading=\"lazy\" decoding=\"async\" class=\" wp-image-13214 aligncenter\" src=\"http:\/\/nicaragua-travel-guide.com\/site\/wp-content\/uploads\/2016\/07\/joyerianilloorodiamante.jpg\" alt=\"joyerianilloorodiamante\" width=\"231\" height=\"165\" \/><\/td>\n<\/tr>\n<tr>\n<td style=\"width: 349px;\"><img loading=\"lazy\" decoding=\"async\" class=\"alignnone size-full wp-image-13213\" src=\"http:\/\/nicaragua-travel-guide.com\/site\/wp-content\/uploads\/2016\/07\/joyerianillosdematrimonioliso.jpg\" alt=\"joyerianillosdematrimonioliso\" width=\"165\" height=\"169\" \/><\/td>\n<td style=\"width: 378px;\"><img loading=\"lazy\" decoding=\"async\" class=\"alignnone size-full wp-image-13210\" src=\"http:\/\/nicaragua-travel-guide.com\/site\/wp-content\/uploads\/2016\/07\/joyerianillosdematrimonioaros.jpg\" alt=\"joyerianillosdematrimonioaros\" width=\"204\" height=\"155\" \/><\/td>\n<td style=\"width: 385px;\"><img loading=\"lazy\" decoding=\"async\" class=\"wp-image-13209 aligncenter\" src=\"http:\/\/nicaragua-travel-guide.com\/site\/wp-content\/uploads\/2016\/07\/joyerianillosdematrimonioargollas.jpg\" alt=\"joyerianillosdematrimonioargollas\" width=\"210\" height=\"125\" \/><\/td>\n<td style=\"width: 411px;\"><img loading=\"lazy\" decoding=\"async\" class=\"alignnone size-full wp-image-13211\" src=\"http:\/\/nicaragua-travel-guide.com\/site\/wp-content\/uploads\/2016\/07\/joyerianillosdematrimoniodentro.jpg\" alt=\"joyerianillosdematrimoniodentro\" width=\"225\" height=\"168\" \/><\/td>\n<\/tr>\n<\/tbody>\n<\/table>\n<\/td>\n<\/tr>\n<tr style=\"height: 21px;\">\n<td style=\"width: 20px; height: 21px; background-color: #f7eed0;\" colspan=\"2\" valign=\"top\"><strong>Dise\u00f1o exclusivos:<\/strong><\/p>\n<p>Ofrecemos \u00a0una\u00a0gu\u00eda\u00a0de compras que lo llevara a la \u00a0Joyer\u00eda y podr\u00e1 solicitar directamente al orfebre artesano,\u00a0con amplia experiencia en la manufactura y producci\u00f3n de joyas en oro en 10k y 14k y 17 k de alta calidad de acabado, forma y materiales, as\u00ed como en el manejo del mayoreo y la exportaci\u00f3n de joyer\u00eda de oro a cualquier parte del mundo y ofrecemos una gran gama de dise\u00f1os exclusivos al gusto con en diversos terminados, sin y con piedras preciosas y semipreciosas.<\/p>\n<p>El tipo de piezas de joyer\u00eda fabricadas en oro liso o con\u00a0gemas son, entre otras: pulseras, cadenas, aretes, pendientes, colgantes, brazaletes, prendedores, broches, anillos, gargantillas, collares, mancuernillas, arracadas, coquetas, esclavas, broqueles y otros, en diversos acabados. Para su comodidad, se cuenta con cat\u00e1logos de joyer\u00eda de oro en linea y por lo general, tambi\u00e9n con cat\u00e1logos de joyer\u00eda impresos.<\/p>\n<p>Presentamos dise\u00f1os de joyer\u00eda de vanguardia, as\u00ed como tradicionales.<\/p>\n<p>El oro \u00a0tiene una larga tradici\u00f3n, conocida por su habilidad y creatividad en el \u00e1mbito de la joyer\u00eda.<\/td>\n<\/tr>\n<tr style=\"height: 21px;\">\n<td style=\"width: 20px; height: 21px;\" colspan=\"2\" valign=\"top\"><img loading=\"lazy\" decoding=\"async\" class=\"alignnone wp-image-13207\" src=\"http:\/\/nicaragua-travel-guide.com\/site\/wp-content\/uploads\/2016\/07\/joyerianillosdebodageneral.jpg\" alt=\"joyerianillosdebodageneral\" width=\"1018\" height=\"1174\" srcset=\"https:\/\/nicaragua-travel-guide.com\/site\/wp-content\/uploads\/2016\/07\/joyerianillosdebodageneral.jpg 1234w, https:\/\/nicaragua-travel-guide.com\/site\/wp-content\/uploads\/2016\/07\/joyerianillosdebodageneral-600x692.jpg 600w\" sizes=\"(max-width: 1018px) 100vw, 1018px\" \/><\/td>\n<\/tr>\n<tr style=\"height: 9px;\">\n<td style=\"width: 20px; height: 9px;\" colspan=\"2\" valign=\"top\"><img loading=\"lazy\" decoding=\"async\" class=\"alignnone wp-image-13125\" src=\"http:\/\/nicaragua-travel-guide.com\/site\/wp-content\/uploads\/2016\/07\/nicaragua-travel-guia-de-compras-joyeria-de-oro-y-plata-nacional-paquete-de-evento-especial-boda-banquete-transporte.jpg\" alt=\"nicaragua travel guia de compras joyeria de oro y plata nacional paquete de evento especial boda banquete transporte\" width=\"974\" height=\"341\" \/><\/td>\n<\/tr>\n<tr style=\"height: 9px;\">\n<td style=\"width: 20px; height: 9px;\" colspan=\"2\" valign=\"top\">Nota: Consulte por la disponibilidad y asistencia de la \u00a0gu\u00eda\u00a0de compras.<\/td>\n<\/tr>\n<\/tbody>\n<\/table>\n","protected":false},"excerpt":{"rendered":"<p>Inicio \u00a0\u00a0 \u00a0 \u00a0 \u00a0\u00a0Graduaci\u00f3n\u00a0 \u00a0 \u00a0 \u00a0 \u00a0 \u00a0Compromiso\u00a0 \u00a0 \u00a0 \u00a0 \u00a0 Matrimonio \u00a0 \u00a0 \u00a0 \u00a0 \u00a0Cadenas, gargantillas,dijes\u00a0 \u00a0 \u00a0 \u00a0 \u00a0 \u00a0 \u00a0 \u00a0 \u00a0 \u00a0\u00a0Joyer\u00eda en general Dise\u00f1o exclusivos: Ofrecemos \u00a0una\u00a0gu\u00eda\u00a0de compras que lo llevara a la \u00a0Joyer\u00eda y podr\u00e1 solicitar directamente al orfebre artesano,\u00a0con amplia experiencia en la manufactura [&hellip;]<\/p>\n","protected":false},"author":2,"featured_media":0,"parent":0,"menu_order":0,"comment_status":"closed","ping_status":"closed","template":"","meta":{"footnotes":""},"_links":{"self":[{"href":"https:\/\/nicaragua-travel-guide.com\/site\/wp-json\/wp\/v2\/pages\/7509"}],"collection":[{"href":"https:\/\/nicaragua-travel-guide.com\/site\/wp-json\/wp\/v2\/pages"}],"about":[{"href":"https:\/\/nicaragua-travel-guide.com\/site\/wp-json\/wp\/v2\/types\/page"}],"author":[{"embeddable":true,"href":"https:\/\/nicaragua-travel-guide.com\/site\/wp-json\/wp\/v2\/users\/2"}],"replies":[{"embeddable":true,"href":"https:\/\/nicaragua-travel-guide.com\/site\/wp-json\/wp\/v2\/comments?post=7509"}],"version-history":[{"count":21,"href":"https:\/\/nicaragua-travel-guide.com\/site\/wp-json\/wp\/v2\/pages\/7509\/revisions"}],"predecessor-version":[{"id":13216,"href":"https:\/\/nicaragua-travel-guide.com\/site\/wp-json\/wp\/v2\/pages\/7509\/revisions\/13216"}],"wp:attachment":[{"href":"https:\/\/nicaragua-travel-guide.com\/site\/wp-json\/wp\/v2\/media?parent=7509"}],"curies":[{"name":"wp","href":"https:\/\/api.w.org\/{rel}","templated":true}]}}