{"id":7514,"date":"2016-07-22T01:44:15","date_gmt":"2016-07-22T01:44:15","guid":{"rendered":"http:\/\/nicaragua-travel-guide.com\/site\/?page_id=7514"},"modified":"2016-07-31T18:23:27","modified_gmt":"2016-07-31T18:23:27","slug":"joyeria-anillos-y-sortijas-variedades-en-granada-masaya-y-managua","status":"publish","type":"page","link":"https:\/\/nicaragua-travel-guide.com\/site\/joyeria-anillos-y-sortijas-variedades-en-granada-masaya-y-managua\/","title":{"rendered":"Joyer\u00eda \u00abanillos y sortijas variedades \u00bb en Granada, Masaya y Managua"},"content":{"rendered":"<table style=\"width: 1018px;\" border=\"0\">\n<tbody>\n<tr>\n<td style=\"width: 1013px;\">\n<table style=\"width: 1005px;\" border=\"0\">\n<tbody>\n<tr>\n<td style=\"width: 23px; background-color: #c9a349;\"><strong><a href=\"http:\/\/nicaragua-travel-guide.com\/site\/joyerias-orfebrerias-en-nicaragua-disenos-de-lujo-y-sencillos-para-toda-ocasion-y-evento-especial-compromiso-boda-graduacion-y-mas\/\">Inicio<\/a><\/strong><\/td>\n<td style=\"width: 113px; background-color: #c9a349;\"><a href=\"http:\/\/nicaragua-travel-guide.com\/site\/joyeria-sortijas-para-graduacion-granada-masaya-managua\/\"><strong>Sortijas \u00a0de Graduaci\u00f3n<\/strong><\/a><\/td>\n<td style=\"width: 115px; background-color: #c9a349;\">Anillos de Compromiso<\/td>\n<td style=\"width: 102.809px; background-color: #c9a349;\">Anillos de Matrimonio<\/td>\n<td style=\"width: 98.1909px; background-color: #c9a349;\"><a href=\"http:\/\/nicaragua-travel-guide.com\/site\/joyeria-cadenas-gargantillas-dijes-brazaletes-pulseras-aretes-y-mas-en-granada-masaya-y-managua\/\">Cadenas, gargantillas<\/a><\/td>\n<td style=\"width: 81px; background-color: #c9a349;\">Joyer\u00eda en General<\/td>\n<\/tr>\n<\/tbody>\n<\/table>\n<\/td>\n<\/tr>\n<tr style=\"height: 21px;\">\n<td style=\"height: 21px; width: 1013px; background-color: #d4a704;\" valign=\"top\" bgcolor=\"#33CCFF\"><strong>Anillos para Quince a\u00f1os\u00a0<\/strong><\/td>\n<\/tr>\n<tr style=\"height: 1145px;\">\n<td style=\"height: 1145px; width: 933.247px; border-color: #ffffff;\" valign=\"top\" bgcolor=\"#FFFFFF\">\n<table border=\"0\">\n<tbody>\n<tr>\n<td>\u00a0<img loading=\"lazy\" decoding=\"async\" src=\"http:\/\/www.nicaragua-travel-guide.com\/imangenestres\/joyerianilloquincecorazones.jpg\" width=\"171\" height=\"148\" \/><\/td>\n<td><img loading=\"lazy\" decoding=\"async\" src=\"http:\/\/www.nicaragua-travel-guide.com\/imangenestres\/joyerianilloquiceanos.jpg\" width=\"187\" height=\"116\" \/><\/td>\n<td><img loading=\"lazy\" decoding=\"async\" src=\"http:\/\/www.nicaragua-travel-guide.com\/imangenestres\/joyerianilloquinceanera.jpg\" width=\"165\" height=\"145\" \/><\/td>\n<td><img loading=\"lazy\" decoding=\"async\" src=\"http:\/\/www.nicaragua-travel-guide.com\/imangenestres\/joyerianilloquinceanos.jpg\" width=\"182\" height=\"126\" \/><\/td>\n<\/tr>\n<tr>\n<td><img loading=\"lazy\" decoding=\"async\" src=\"http:\/\/www.nicaragua-travel-guide.com\/imangenestres\/joyerianillosdequincetres.jpg\" width=\"181\" height=\"136\" \/><\/td>\n<td><img loading=\"lazy\" decoding=\"async\" src=\"http:\/\/www.nicaragua-travel-guide.com\/imangenestres\/joyerianilloroquinc.jpg\" width=\"176\" height=\"139\" \/><\/td>\n<td><img loading=\"lazy\" decoding=\"async\" src=\"http:\/\/www.nicaragua-travel-guide.com\/imangenestres\/joyerianilloplataros.jpg\" width=\"167\" height=\"104\" \/><\/td>\n<td><img loading=\"lazy\" decoding=\"async\" src=\"http:\/\/www.nicaragua-travel-guide.com\/imangenestres\/joyerianilloquinceaneras.jpg\" width=\"178\" height=\"180\" \/><\/td>\n<\/tr>\n<tr>\n<td><img loading=\"lazy\" decoding=\"async\" src=\"http:\/\/www.nicaragua-travel-guide.com\/imangenestres\/joyerianillodequincesiete.jpg\" width=\"176\" height=\"120\" \/><\/td>\n<td><img loading=\"lazy\" decoding=\"async\" src=\"http:\/\/www.nicaragua-travel-guide.com\/imangenestres\/joyeriaanilloquincedoscoraz.jpg\" width=\"203\" height=\"175\" \/><\/td>\n<td><img loading=\"lazy\" decoding=\"async\" src=\"http:\/\/www.nicaragua-travel-guide.com\/imangenestres\/joyerianillodecompromisorosaoro.jpg\" width=\"162\" height=\"155\" \/><\/td>\n<td><img loading=\"lazy\" decoding=\"async\" src=\"http:\/\/www.nicaragua-travel-guide.com\/imangenestres\/joyerianillodecompromisoverde.jpg\" width=\"168\" height=\"145\" \/><\/td>\n<\/tr>\n<tr>\n<td><img loading=\"lazy\" decoding=\"async\" src=\"http:\/\/www.nicaragua-travel-guide.com\/imangenestres\/joyerianillodegraduaciokin.jpg\" width=\"183\" height=\"137\" \/><\/td>\n<td><img loading=\"lazy\" decoding=\"async\" src=\"http:\/\/www.nicaragua-travel-guide.com\/imangenestres\/joyerianillograduacionsecundaria.jpg\" width=\"182\" height=\"130\" \/><\/td>\n<td><img loading=\"lazy\" decoding=\"async\" src=\"http:\/\/www.nicaragua-travel-guide.com\/imangenestres\/joyerianillosdequincedos.jpg\" width=\"164\" height=\"138\" \/><\/td>\n<td><img loading=\"lazy\" decoding=\"async\" src=\"http:\/\/www.nicaragua-travel-guide.com\/imangenestres\/joyerianilloquincepiedraverd.jpg\" width=\"168\" height=\"120\" \/><\/td>\n<\/tr>\n<tr>\n<td style=\"background-color: #dba42e;\" colspan=\"4\"><\/td>\n<\/tr>\n<tr>\n<td><img loading=\"lazy\" decoding=\"async\" class=\"\" src=\"http:\/\/www.nicaragua-travel-guide.com\/imangenestres\/joyeriadijequincellave.jpg\" width=\"173\" height=\"396\" \/><\/td>\n<td><img loading=\"lazy\" decoding=\"async\" class=\"\" src=\"http:\/\/www.nicaragua-travel-guide.com\/imangenestres\/joyeriadijequinceanos.jpg\" width=\"188\" height=\"283\" \/><\/td>\n<td><\/td>\n<td><\/td>\n<\/tr>\n<tr>\n<td style=\"background-color: #b5b3b3;\" colspan=\"4\"><\/td>\n<\/tr>\n<tr>\n<td><img loading=\"lazy\" decoding=\"async\" class=\"aligncenter\" src=\"http:\/\/www.nicaragua-travel-guide.com\/imangenestres\/joyeriaoroblancodiamantesazulturqueza.jpg\" width=\"132\" height=\"177\" \/><\/td>\n<td><img loading=\"lazy\" decoding=\"async\" src=\"http:\/\/www.nicaragua-travel-guide.com\/imangenestres\/joyerianillopiedraceleste.jpg\" width=\"182\" height=\"130\" \/><\/td>\n<td><img loading=\"lazy\" decoding=\"async\" src=\"http:\/\/www.nicaragua-travel-guide.com\/imangenestres\/joyerianilloplatapiedraverde.jpg\" width=\"160\" height=\"130\" \/><\/td>\n<td><img loading=\"lazy\" decoding=\"async\" src=\"http:\/\/www.nicaragua-travel-guide.com\/imangenestres\/joyerianilloplatapiedraroja.jpg\" width=\"166\" height=\"135\" \/><\/td>\n<\/tr>\n<tr>\n<td><img loading=\"lazy\" decoding=\"async\" src=\"http:\/\/www.nicaragua-travel-guide.com\/imangenestres\/joyeranillodecompromisorosado.jpg\" width=\"162\" height=\"162\" \/><\/td>\n<td><img loading=\"lazy\" decoding=\"async\" src=\"http:\/\/www.nicaragua-travel-guide.com\/imangenestres\/joyerianilloquincanoshombre.jpg\" width=\"165\" height=\"176\" \/><\/td>\n<td><\/td>\n<td><\/td>\n<\/tr>\n<\/tbody>\n<\/table>\n<\/td>\n<\/tr>\n<tr style=\"height: 21px;\">\n<td style=\"height: 21px; width: 933.247px;\" valign=\"top\" bgcolor=\"#FF0000\">Anillos de Compromiso<\/td>\n<\/tr>\n<tr style=\"height: 21px;\">\n<td style=\"height: 21px; width: 933.247px;\" valign=\"top\" bgcolor=\"#CCCC00\">Cadenas, gargantillas<\/td>\n<\/tr>\n<tr style=\"height: 21px;\">\n<td style=\"height: 21px; width: 933.247px;\" valign=\"top\" bgcolor=\"#FFCC00\">Sortijas \/anillos<\/td>\n<\/tr>\n<tr style=\"height: 21px;\">\n<td style=\"height: 21px; width: 933.247px;\" valign=\"top\" bgcolor=\"#000000\">Anillos de graduaci\u00f3n<\/td>\n<\/tr>\n<tr style=\"height: 21px;\">\n<td style=\"height: 21px; width: 933.247px;\" valign=\"top\" bgcolor=\"#FFFFFF\">Anillos de matrimonio<\/td>\n<\/tr>\n<\/tbody>\n<\/table>\n","protected":false},"excerpt":{"rendered":"<p>Inicio Sortijas \u00a0de Graduaci\u00f3n Anillos de Compromiso Anillos de Matrimonio Cadenas, gargantillas Joyer\u00eda en General Anillos para Quince a\u00f1os\u00a0 \u00a0 Anillos de Compromiso Cadenas, gargantillas Sortijas \/anillos Anillos de graduaci\u00f3n Anillos de matrimonio<\/p>\n","protected":false},"author":2,"featured_media":0,"parent":0,"menu_order":0,"comment_status":"closed","ping_status":"closed","template":"","meta":{"footnotes":""},"_links":{"self":[{"href":"https:\/\/nicaragua-travel-guide.com\/site\/wp-json\/wp\/v2\/pages\/7514"}],"collection":[{"href":"https:\/\/nicaragua-travel-guide.com\/site\/wp-json\/wp\/v2\/pages"}],"about":[{"href":"https:\/\/nicaragua-travel-guide.com\/site\/wp-json\/wp\/v2\/types\/page"}],"author":[{"embeddable":true,"href":"https:\/\/nicaragua-travel-guide.com\/site\/wp-json\/wp\/v2\/users\/2"}],"replies":[{"embeddable":true,"href":"https:\/\/nicaragua-travel-guide.com\/site\/wp-json\/wp\/v2\/comments?post=7514"}],"version-history":[{"count":14,"href":"https:\/\/nicaragua-travel-guide.com\/site\/wp-json\/wp\/v2\/pages\/7514\/revisions"}],"predecessor-version":[{"id":9066,"href":"https:\/\/nicaragua-travel-guide.com\/site\/wp-json\/wp\/v2\/pages\/7514\/revisions\/9066"}],"wp:attachment":[{"href":"https:\/\/nicaragua-travel-guide.com\/site\/wp-json\/wp\/v2\/media?parent=7514"}],"curies":[{"name":"wp","href":"https:\/\/api.w.org\/{rel}","templated":true}]}}