{"id":7751,"date":"2016-07-26T17:01:38","date_gmt":"2016-07-26T17:01:38","guid":{"rendered":"http:\/\/nicaragua-travel-guide.com\/site\/?page_id=7751"},"modified":"2016-11-01T22:39:41","modified_gmt":"2016-11-01T22:39:41","slug":"granada-hotel-dario","status":"publish","type":"page","link":"https:\/\/nicaragua-travel-guide.com\/site\/granada-hotel-dario\/","title":{"rendered":"Granada \u00abHotel Dario\u00bb"},"content":{"rendered":"<table style=\"width: 994.6666870117188px;\" border=\"0\">\n<tbody>\n<tr style=\"height: 6.333343505859375px;\">\n<td style=\"width: 50px; height: 6.333343505859375px;\" colspan=\"5\" valign=\"top\" bgcolor=\"#006600\"><img loading=\"lazy\" decoding=\"async\" class=\"wp-image-13484 aligncenter\" src=\"http:\/\/nicaragua-travel-guide.com\/site\/wp-content\/uploads\/2016\/07\/Nicaragua-travel-guide-Granada-Hotel-Dario-header.jpg\" alt=\"nicaragua-travel-guide-granada-hotel-dario-header\" width=\"1034\" height=\"363\" \/><\/td>\n<\/tr>\n<tr style=\"height: 535px;\">\n<td style=\"width: 50px; height: 535px;\" colspan=\"5\" bgcolor=\"#006600\">\n<table style=\"width: 1005px;\">\n<tbody>\n<tr style=\"height: 575.3333740234375px;\">\n<td style=\"width: 396.6666564941406px; height: 575.3333740234375px;\" bgcolor=\"#006600\">Situado en el centro hist\u00f3rico de la ciudad de <strong>Granada,<\/strong> espec\u00edficamente en la famosa calle La Calzada y a 100 metros del parque central, Hotel Dar\u00edo es un elegante edificio de estilo neocl\u00e1sico de principios de 1900, declarado de inter\u00e9s hist\u00f3rico y totalmente reformado.<\/p>\n<p>El hotel ofrece a sus hu\u00e9spedes un ambiente tranquilo y privado. Hermosos jardines, piscina con jacuzzi, gimnasio, y salon de conferencia y estupendas instalaciones, el lugar perfecto para una estancia inolvidable.<\/p>\n<p>Adem\u00e1s, posee hermosos jardines. Asimismo, cuenta con un restaurante llamado<a href=\"http:\/\/nicaragua-travel-guide.com\/site\/granada-hotel-dario-bar-y-restaurante-el-tranvia\/\"><strong> El Tranv\u00eda<\/strong><\/a> y la cafeter\u00eda<a href=\"http:\/\/nicaragua-travel-guide.com\/site\/granada-hotel-dario-coffee-shop-chocolate\/\"><strong> Chocolate Coffee Shop.<\/strong><\/a><\/p>\n<p>Situado en el centro hist\u00f3rico de granada, en la calle de La Calzada a 100 m. del parque central y a pocos minutos del Gran Lago de Nicaragua o Lago Cocibolca. Goza de excelentes vistas a La Catedral y al Volc\u00e1n Mombacho.<\/td>\n<td style=\"width: 360.6666564941406px; height: 575.3333740234375px;\" bgcolor=\"#006600\">\u00a0<img loading=\"lazy\" decoding=\"async\" class=\"alignnone wp-image-13495\" src=\"http:\/\/nicaragua-travel-guide.com\/site\/wp-content\/uploads\/2016\/07\/hoteldarioloby.jpg\" alt=\"hoteldarioloby\" width=\"374\" height=\"591\" \/><br \/>\n<img loading=\"lazy\" decoding=\"async\" src=\"file:\/\/\/C:\/WebGioconda2015\/imangenestres\/hoteldarioloby.jpg\" width=\"372\" height=\"587\" \/><\/td>\n<td style=\"width: 223.3333282470703px; height: 575.3333740234375px;\" bgcolor=\"#006600\"><img loading=\"lazy\" decoding=\"async\" class=\"alignnone wp-image-13494\" src=\"http:\/\/nicaragua-travel-guide.com\/site\/wp-content\/uploads\/2016\/07\/hoteldarioboda.jpg\" alt=\"hoteldarioboda\" width=\"223\" height=\"298\" \/><\/p>\n<table border=\"0\" width=\"224\">\n<tbody>\n<tr>\n<td>Eventos<\/td>\n<\/tr>\n<tr>\n<td><img loading=\"lazy\" decoding=\"async\" class=\"alignnone wp-image-13496\" src=\"http:\/\/nicaragua-travel-guide.com\/site\/wp-content\/uploads\/2016\/07\/hoteldariomesadequincevento.jpg\" alt=\"hoteldariomesadequincevento\" width=\"211\" height=\"159\" \/><img loading=\"lazy\" decoding=\"async\" src=\"file:\/\/\/C:\/WebGioconda2015\/imangenestres\/hoteldarioboda.jpg\" alt=\"\" width=\"233\" height=\"324\" \/><\/td>\n<\/tr>\n<\/tbody>\n<\/table>\n<\/td>\n<\/tr>\n<\/tbody>\n<\/table>\n<\/td>\n<\/tr>\n<tr style=\"height: 142px;\">\n<td style=\"width: 50px; height: 142px;\" colspan=\"5\" bgcolor=\"#FFFFFF\">\n<table border=\"0\" width=\"1005\">\n<tbody>\n<tr>\n<td bgcolor=\"#99CC00\" width=\"171\"><strong>Tipo<\/strong><\/td>\n<td bgcolor=\"#99CC00\" width=\"111\"><strong>Precios<\/strong><\/td>\n<td bgcolor=\"#99CC00\" width=\"100\"><strong>Hu\u00e9spedes<\/strong><\/td>\n<td bgcolor=\"#99CC00\" width=\"292\"><strong>Comodidades<\/strong><\/td>\n<td bgcolor=\"#99CC00\" width=\"309\">Organizacion de Eventos<\/td>\n<\/tr>\n<tr>\n<td bgcolor=\"#006600\">Habitaci\u00f3n Sencilla<\/td>\n<td bgcolor=\"#006600\" width=\"111\">US$85.00<\/td>\n<td bgcolor=\"#006600\" width=\"100\">1<\/td>\n<td bgcolor=\"#006600\" width=\"292\">A\/A, Abanico, TV, Ba\u00f1o Privado<\/td>\n<td bgcolor=\"#FFCCCC\" width=\"309\">Quincea\u00f1os<\/td>\n<\/tr>\n<tr>\n<td bgcolor=\"#006600\">Habitaci\u00f3n Doble<\/td>\n<td bgcolor=\"#006600\" width=\"111\">US$100.00<\/td>\n<td bgcolor=\"#006600\" width=\"100\">2<\/td>\n<td bgcolor=\"#006600\" width=\"292\">A\/A, Abanico, TV, Ba\u00f1o Privado<\/td>\n<td bgcolor=\"#FFFFCC\" width=\"309\">Bodas<\/td>\n<\/tr>\n<tr>\n<td bgcolor=\"#006600\">Habitaci\u00f3n Triple<\/td>\n<td bgcolor=\"#006600\">US$130.00<\/td>\n<td bgcolor=\"#006600\">3<\/td>\n<td bgcolor=\"#006600\">A\/A, Abanico, TV, Ba\u00f1o Privado<\/td>\n<td bgcolor=\"#FFFFFF\" width=\"309\">Bautizos<\/td>\n<\/tr>\n<tr>\n<td colspan=\"4\" bgcolor=\"#99CC00\"><strong>Los precios ya incluyen impuestos y pueden variar por temporada<\/strong><strong>.<\/strong><\/td>\n<td bgcolor=\"#99FFFF\">Reuniones<\/td>\n<\/tr>\n<\/tbody>\n<\/table>\n<\/td>\n<\/tr>\n<tr style=\"height: 21px;\" bgcolor=\"#009900\">\n<td style=\"width: 50px; height: 21px;\" colspan=\"5\" bgcolor=\"#006600\"><img loading=\"lazy\" decoding=\"async\" class=\"alignnone wp-image-13483\" src=\"http:\/\/nicaragua-travel-guide.com\/site\/wp-content\/uploads\/2016\/07\/Nicaragua-travel-guide-Granada-Hotel-Dario-habitaciones.jpg\" alt=\"nicaragua-travel-guide-granada-hotel-dario-habitaciones\" width=\"1032\" height=\"361\" \/><\/td>\n<\/tr>\n<tr style=\"height: 21px;\" bgcolor=\"#009900\">\n<td style=\"width: 50px; height: 21px;\" colspan=\"5\" bgcolor=\"#006600\"><img loading=\"lazy\" decoding=\"async\" class=\"alignnone wp-image-13482\" src=\"http:\/\/nicaragua-travel-guide.com\/site\/wp-content\/uploads\/2016\/07\/Nicaragua-travel-guide-Granada-Hotel-Dario-piscina-y-corredores.jpg\" alt=\"nicaragua-travel-guide-granada-hotel-dario-piscina-y-corredores\" width=\"1035\" height=\"362\" \/><\/td>\n<\/tr>\n<tr style=\"height: 27px;\" bgcolor=\"#009900\">\n<td style=\"width: 50px; height: 27px;\" colspan=\"5\" bgcolor=\"#006600\">Por mayor informaci\u00f3n y reservacion <a href=\"http:\/\/nicaragua-travel-guide.com\/site\/contactanos\/\"><b>Contactar<\/b><\/a><\/td>\n<\/tr>\n<\/tbody>\n<\/table>\n","protected":false},"excerpt":{"rendered":"<p>Situado en el centro hist\u00f3rico de la ciudad de Granada, espec\u00edficamente en la famosa calle La Calzada y a 100 metros del parque central, Hotel Dar\u00edo es un elegante edificio de estilo neocl\u00e1sico de principios de 1900, declarado de inter\u00e9s hist\u00f3rico y totalmente reformado. El hotel ofrece a sus hu\u00e9spedes un ambiente tranquilo y privado. [&hellip;]<\/p>\n","protected":false},"author":2,"featured_media":0,"parent":0,"menu_order":0,"comment_status":"closed","ping_status":"closed","template":"","meta":{"footnotes":""},"_links":{"self":[{"href":"https:\/\/nicaragua-travel-guide.com\/site\/wp-json\/wp\/v2\/pages\/7751"}],"collection":[{"href":"https:\/\/nicaragua-travel-guide.com\/site\/wp-json\/wp\/v2\/pages"}],"about":[{"href":"https:\/\/nicaragua-travel-guide.com\/site\/wp-json\/wp\/v2\/types\/page"}],"author":[{"embeddable":true,"href":"https:\/\/nicaragua-travel-guide.com\/site\/wp-json\/wp\/v2\/users\/2"}],"replies":[{"embeddable":true,"href":"https:\/\/nicaragua-travel-guide.com\/site\/wp-json\/wp\/v2\/comments?post=7751"}],"version-history":[{"count":14,"href":"https:\/\/nicaragua-travel-guide.com\/site\/wp-json\/wp\/v2\/pages\/7751\/revisions"}],"predecessor-version":[{"id":13662,"href":"https:\/\/nicaragua-travel-guide.com\/site\/wp-json\/wp\/v2\/pages\/7751\/revisions\/13662"}],"wp:attachment":[{"href":"https:\/\/nicaragua-travel-guide.com\/site\/wp-json\/wp\/v2\/media?parent=7751"}],"curies":[{"name":"wp","href":"https:\/\/api.w.org\/{rel}","templated":true}]}}