{"id":7810,"date":"2016-07-26T18:11:28","date_gmt":"2016-07-26T18:11:28","guid":{"rendered":"http:\/\/nicaragua-travel-guide.com\/site\/?page_id=7810"},"modified":"2016-11-07T02:58:39","modified_gmt":"2016-11-07T02:58:39","slug":"granada-hotel-la-mar-dulce-servicios","status":"publish","type":"page","link":"https:\/\/nicaragua-travel-guide.com\/site\/granada-hotel-la-mar-dulce-servicios\/","title":{"rendered":"Granada Hotel \u00abLa Mar Dulce\u00bb Servicios"},"content":{"rendered":"<table style=\"width: 1026px;\" border=\"0\">\n<tbody>\n<tr style=\"height: 14.9063px;\">\n<td style=\"height: 14.9063px; width: 50px; border-color: #faf5f5;\" colspan=\"5\" bgcolor=\"#FFFFFF\">\n<table style=\"height: 19px; width: 1017px;\">\n<tbody>\n<tr style=\"height: 18.333335876464844px;\">\n<td style=\"width: 328px; height: 18.333335876464844px; border-color: #f2eded;\">\u00a0\u00a0<img loading=\"lazy\" decoding=\"async\" class=\"alignnone wp-image-13797\" src=\"http:\/\/nicaragua-travel-guide.com\/site\/wp-content\/uploads\/2016\/07\/hotelamardulcelogo.jpg\" alt=\"hotelamardulcelogo\" width=\"453\" height=\"276\" \/><\/td>\n<td style=\"width: 404px; height: 18.333335876464844px; border-color: #f2eded;\"><img loading=\"lazy\" decoding=\"async\" class=\"alignnone wp-image-13796\" src=\"http:\/\/nicaragua-travel-guide.com\/site\/wp-content\/uploads\/2016\/07\/hotelamardulcefrente.jpg\" alt=\"hotelamardulcefrente\" width=\"550\" height=\"290\" \/><\/td>\n<\/tr>\n<\/tbody>\n<\/table>\n<\/td>\n<\/tr>\n<tr style=\"height: 14.9063px;\">\n<td style=\"height: 14.9063px; width: 50px;\" colspan=\"5\" bgcolor=\"#FFFFFF\">\n<table style=\"width: 1016.95px;\" border=\"0\">\n<tbody>\n<tr>\n<td style=\"width: 485px; border-color: #f7f2f2; height: 37px;\" bgcolor=\"#0066FF\" height=\"37\">Servicios<\/td>\n<td style=\"width: 485px; border-color: #f7f2f2; height: 37px;\" bgcolor=\"#FFFFFF\"><a href=\"http:\/\/nicaragua-travel-guide.com\/site\/granada-hotel-la-mar-dulce\/\"><strong>Inicio<\/strong><\/a><\/td>\n<td style=\"width: 485px; border-color: #f7f2f2; height: 37px;\" bgcolor=\"#FFFFFF\"><a href=\"http:\/\/nicaragua-travel-guide.com\/site\/granada-hotel-la-mar-dulce-habitaciones\/\">Habitaciones<\/a><\/td>\n<td style=\"width: 485px; border-color: #f7f2f2; height: 37px;\" bgcolor=\"#FFFFFF\"><a href=\"http:\/\/nicaragua-travel-guide.com\/site\/granada-hotel-la-mar-dulce-tarifas\/\"><strong>Tarifas<\/strong><\/a><\/td>\n<\/tr>\n<\/tbody>\n<\/table>\n<\/td>\n<\/tr>\n<tr style=\"height: 595px;\">\n<td style=\"height: 595px; width: 50px;\" colspan=\"5\" bgcolor=\"#FFFFFF\">\n<table style=\"width: 1020.3333740234375px;\" border=\"0\">\n<tbody>\n<tr>\n<td style=\"border-color: #f7f7f7; width: 574px;\" rowspan=\"2\" valign=\"top\"><em>Para hacer mas \u00a0c\u00f3moda su estancia, La Mar Dulce dispone de:<\/em><\/p>\n<ul type=\"disc\">\n<li><em>16 Habitaciones<\/em><\/li>\n<li><em>Piscina<\/em><\/li>\n<li><em>Servicio de Internet inal\u00e1mbrico gratis<\/em><\/li>\n<li><em>Amenidades de Shampoo, Acondicionador, Gel de Ba\u00f1o, Loci\u00f3n<\/em><\/li>\n<li><em>Minibar<\/em><\/li>\n<li><em>Aire acondicionado y abanicos de techo<\/em><\/li>\n<li><em>TV de pantalla LCD con servicio de TV por cable<\/em><\/li>\n<li><em>Caja de seguridad (servicio gratuito)<\/em><\/li>\n<li><em>Agua Caliente<\/em><\/li>\n<li><em>Iluminaci\u00f3n LED<\/em><\/li>\n<li><em>Cyber caf\u00e9 (Gratis)<\/em><\/li>\n<li><em>\u00a0Servicio de desayuno: Continental, Americano o Nicarag\u00fcense (inclu\u00eddo)<\/em><\/li>\n<li><em>Servicio de bar<\/em><\/li>\n<li><em>Servicio de Lavander\u00eda<\/em><\/li>\n<li><em>Informaci\u00f3n tur\u00edstica<\/em><\/li>\n<li><em>Servicios de transporte y tours<\/em><\/li>\n<li><em>Transporte desde \/hacia el aeropuerto<\/em><\/li>\n<li><em>Boletos nacionales e internacionales<\/em><\/li>\n<li><em>Alquiler de Laptop Apple con conexi\u00f3n Wifi<\/em><\/li>\n<li><em>Servicio Telefono. Llamadas nacionales e internacionales (tecnolog\u00eda IP)<\/em><\/li>\n<li><em>Sistema de respaldo el\u00e9ctrico a trav\u00e9s de nuestro propio generador el\u00e9ctrico de emergencia<\/em><\/li>\n<li><em>Paneles solares y tanques de reserva de agua<\/em><\/li>\n<li><em>Aceptamos tarjetas de cr\u00e9dito.<\/em><\/li>\n<\/ul>\n<\/td>\n<td style=\"border-color: #f7f7f7; width: 589.3333740234375px;\" height=\"291\"><img loading=\"lazy\" decoding=\"async\" class=\"alignnone wp-image-13799\" src=\"http:\/\/nicaragua-travel-guide.com\/site\/wp-content\/uploads\/2016\/07\/hotelamardulcehabitacion.jpg\" alt=\"hotelamardulcehabitacion\" width=\"499\" height=\"270\" \/><\/td>\n<\/tr>\n<tr>\n<td style=\"border-color: #f7f7f7; width: 589.3333740234375px;\" height=\"296\"><img loading=\"lazy\" decoding=\"async\" class=\"alignnone wp-image-13798\" src=\"http:\/\/nicaragua-travel-guide.com\/site\/wp-content\/uploads\/2016\/07\/hotelamardulcefotostres.jpg\" alt=\"hotelamardulcefotostres\" width=\"498\" height=\"272\" \/><\/td>\n<\/tr>\n<\/tbody>\n<\/table>\n<\/td>\n<\/tr>\n<tr style=\"height: 21px;\">\n<td style=\"height: 21px; width: 50px;\" colspan=\"5\" bgcolor=\"#FFFFFF\">\n<table style=\"width: 1011.03px;\" border=\"0\">\n<tbody>\n<tr>\n<td style=\"width: 386px;\" bgcolor=\"#0066FF\"><a href=\"http:\/\/nicaragua-travel-guide.com\/site\/guia-de-hoteles-alojamiento-donde-dormir-en-granada-y-sus-alrededores\/\"><strong>&lt;&lt; Donde dormir en Granada y Reservar<\/strong><\/a><\/td>\n<td style=\"width: 234px;\" bgcolor=\"#0066FF\"><a href=\"http:\/\/nicaragua-travel-guide.com\/site\/granada\/\"><strong>&lt;&lt; Granada Inicio<\/strong><\/a><\/td>\n<td style=\"width: 382.028px;\" bgcolor=\"#0066FF\">Por mayor informaci\u00f3n <strong>Contactarnos<\/strong><\/td>\n<\/tr>\n<\/tbody>\n<\/table>\n<\/td>\n<\/tr>\n<\/tbody>\n<\/table>\n","protected":false},"excerpt":{"rendered":"<p>\u00a0\u00a0 Servicios Inicio Habitaciones Tarifas Para hacer mas \u00a0c\u00f3moda su estancia, La Mar Dulce dispone de: 16 Habitaciones Piscina Servicio de Internet inal\u00e1mbrico gratis Amenidades de Shampoo, Acondicionador, Gel de Ba\u00f1o, Loci\u00f3n Minibar Aire acondicionado y abanicos de techo TV de pantalla LCD con servicio de TV por cable Caja de seguridad (servicio gratuito) Agua [&hellip;]<\/p>\n","protected":false},"author":2,"featured_media":0,"parent":0,"menu_order":0,"comment_status":"closed","ping_status":"closed","template":"","meta":{"footnotes":""},"_links":{"self":[{"href":"https:\/\/nicaragua-travel-guide.com\/site\/wp-json\/wp\/v2\/pages\/7810"}],"collection":[{"href":"https:\/\/nicaragua-travel-guide.com\/site\/wp-json\/wp\/v2\/pages"}],"about":[{"href":"https:\/\/nicaragua-travel-guide.com\/site\/wp-json\/wp\/v2\/types\/page"}],"author":[{"embeddable":true,"href":"https:\/\/nicaragua-travel-guide.com\/site\/wp-json\/wp\/v2\/users\/2"}],"replies":[{"embeddable":true,"href":"https:\/\/nicaragua-travel-guide.com\/site\/wp-json\/wp\/v2\/comments?post=7810"}],"version-history":[{"count":15,"href":"https:\/\/nicaragua-travel-guide.com\/site\/wp-json\/wp\/v2\/pages\/7810\/revisions"}],"predecessor-version":[{"id":13801,"href":"https:\/\/nicaragua-travel-guide.com\/site\/wp-json\/wp\/v2\/pages\/7810\/revisions\/13801"}],"wp:attachment":[{"href":"https:\/\/nicaragua-travel-guide.com\/site\/wp-json\/wp\/v2\/media?parent=7810"}],"curies":[{"name":"wp","href":"https:\/\/api.w.org\/{rel}","templated":true}]}}