{"id":7868,"date":"2016-07-26T19:08:42","date_gmt":"2016-07-26T19:08:42","guid":{"rendered":"http:\/\/nicaragua-travel-guide.com\/site\/?page_id=7868"},"modified":"2016-11-17T19:55:25","modified_gmt":"2016-11-17T19:55:25","slug":"granada-hotel-el-club-bar-restaurant","status":"publish","type":"page","link":"https:\/\/nicaragua-travel-guide.com\/site\/granada-hotel-el-club-bar-restaurant\/","title":{"rendered":"Granada Hotel \u00abEl CLUB\u00bb Bar &#038; Restaurant"},"content":{"rendered":"<table style=\"width: 1012px;\" border=\"0\">\n<tbody>\n<tr style=\"height: 219px;\">\n<td style=\"height: 219px; width: 502.986px; border-color: #faf5f5;\">\u00a0\u00a0<img loading=\"lazy\" decoding=\"async\" class=\"alignnone size-full wp-image-14067\" src=\"http:\/\/nicaragua-travel-guide.com\/site\/wp-content\/uploads\/2016\/07\/logohotelybarelclub.jpg\" alt=\"logohotelybarelclub\" width=\"242\" height=\"193\" \/><\/td>\n<td style=\"height: 219px; width: 502.986px; border-color: #faf5f5;\"><strong><em>Hotel el Club<\/em><\/strong><\/p>\n<p><strong><em>&#8230; Moments to remember &#8230;<\/em><\/strong><\/td>\n<\/tr>\n<tr style=\"height: 17px;\">\n<td style=\"height: 17px; width: 1000px;\" colspan=\"2\">\n<table style=\"height: 143px; width: 1010px;\">\n<tbody>\n<tr>\n<td style=\"width: 326px; border-color: #f5f2f2;\"><img loading=\"lazy\" decoding=\"async\" class=\"alignnone wp-image-14069\" src=\"http:\/\/nicaragua-travel-guide.com\/site\/wp-content\/uploads\/2016\/07\/hotelclubfrentesquina.jpg\" alt=\"hotelclubfrentesquina\" width=\"328\" height=\"247\" \/><\/td>\n<td style=\"width: 321px; border-color: #f5f2f2;\"><img loading=\"lazy\" decoding=\"async\" class=\"alignnone  wp-image-14066\" src=\"http:\/\/nicaragua-travel-guide.com\/site\/wp-content\/uploads\/2016\/07\/hotelclubsalon.jpg\" alt=\"hotelclubsalon\" width=\"318\" height=\"239\" \/><\/td>\n<td style=\"width: 348px; border-color: #f5f2f2;\"><img loading=\"lazy\" decoding=\"async\" class=\"alignnone wp-image-14059\" src=\"http:\/\/nicaragua-travel-guide.com\/site\/wp-content\/uploads\/2016\/07\/hotelclubcamafloresblancas.jpg\" alt=\"hotelclubcamafloresblancas\" width=\"359\" height=\"240\" srcset=\"https:\/\/nicaragua-travel-guide.com\/site\/wp-content\/uploads\/2016\/07\/hotelclubcamafloresblancas.jpg 345w, https:\/\/nicaragua-travel-guide.com\/site\/wp-content\/uploads\/2016\/07\/hotelclubcamafloresblancas-180x120.jpg 180w\" sizes=\"(max-width: 359px) 100vw, 359px\" \/><\/td>\n<\/tr>\n<\/tbody>\n<\/table>\n<\/td>\n<\/tr>\n<tr style=\"height: 21px;\">\n<td style=\"height: 21px; width: 1000px;\" colspan=\"2\">\n<table style=\"width: 984px;\" border=\"0\">\n<tbody>\n<tr>\n<td style=\"width: 178px;\" bgcolor=\"#9933FF\">Bienvenidos<\/td>\n<td style=\"width: 145.569px;\">\u00a0<a href=\"http:\/\/nicaragua-travel-guide.com\/site\/granada-hotel-el-club-habitaciones\/\">Habitaciones<\/a><\/td>\n<td style=\"width: 253.431px;\"><a href=\"http:\/\/nicaragua-travel-guide.com\/site\/granada-hotel-el-club-precio-de-habitaciones\/\">Precio de las Habitaciones<\/a><\/td>\n<td style=\"width: 133px;\">Especiales<\/td>\n<td style=\"width: 77px;\">Fotos<\/td>\n<td style=\"width: 171px;\"><strong>Contacto<\/strong><\/td>\n<\/tr>\n<\/tbody>\n<\/table>\n<\/td>\n<\/tr>\n<tr style=\"height: 155px;\">\n<td style=\"height: 155px; width: 1000px;\" colspan=\"2\"><span lang=\"\">Una composici\u00f3n original de estilo informal, confort y de un ambiente acogedor forma desde hace muchos a\u00f1os el car\u00e1cter de nuestro \u00fanico hotel en un aut\u00e9ntico edificio colonial de 1869. Muy cerca del centro de\u00a0Granada\u00a0y con f\u00e1cil acceso con coches, nuestro hotel forma una buena base de salida para visitar todo tipo de sitios interesantes en los alrededores.<\/span>Visite nuestro hotel y disfrute una estancia de qu\u00e9 van a guardar buenos recuerdos.<\/p>\n<p>\u00a1Le ofrecemos una cordial bienvenida!<\/td>\n<\/tr>\n<tr style=\"height: 258px;\">\n<td style=\"height: 258px; width: 1000px;\" colspan=\"2\">\n<table id=\"wb_con__921345790039\" width=\"100%\" cellspacing=\"0\" cellpadding=\"0\">\n<tbody>\n<tr>\n<td id=\"wb_col__975688643499\" style=\"width: 22.46151506558164%;\" valign=\"top\" height=\"254\"><img loading=\"lazy\" decoding=\"async\" class=\"alignnone wp-image-14065\" src=\"http:\/\/nicaragua-travel-guide.com\/site\/wp-content\/uploads\/2016\/07\/hotelclubpicinalarga.jpg\" alt=\"hotelclubpicinalarga\" width=\"334\" height=\"251\" \/><\/td>\n<td id=\"wb_col__934726636679\" style=\"width: 49.53848493441836%;\" valign=\"top\">\n<table id=\"dz-tablewb_element_text__1304711083703_7\" style=\"width: 100.96340289694724%;\" cellspacing=\"0\" cellpadding=\"0\">\n<tbody>\n<tr>\n<td style=\"width: 100%;\" align=\"left\" height=\"254\">\n<div id=\"wb_element_text__1304711083703_7\">\n<div>\n<p>Desde agosto de\u00a02010,\u00a0el Hotel El\u00a0Club tiene\u00a0una\u00a0nueva gerencia. El cambio m\u00e1s grande:<br \/>\n<strong>No\u00a0m\u00e1s\u00a0fiestas\u00a0discoteca en\u00a0el\u00a0hotel.<\/strong><\/p>\n<p>Se organizan estas fiestas ahora\u00a0en:<\/p>\n<p><span lang=\"es\" xml:lang=\"es\"><u>El Club Lounge &amp; Dance<\/u>\u00a0\/<\/span><\/p>\n<p><span lang=\"es\" xml:lang=\"es\">Por mayor informaci\u00f3n y reservacion para realizar eventos privados y p\u00fablicos \u00a0<strong><a href=\"http:\/\/nicaragua-travel-guide.com\/site\/contactanos\/\">Contactarnos<\/a><\/strong><\/span><\/p>\n<\/div>\n<\/div>\n<\/td>\n<\/tr>\n<\/tbody>\n<\/table>\n<\/td>\n<\/tr>\n<\/tbody>\n<\/table>\n<\/td>\n<\/tr>\n<\/tbody>\n<\/table>\n","protected":false},"excerpt":{"rendered":"<p>\u00a0\u00a0 Hotel el Club &#8230; Moments to remember &#8230; Bienvenidos \u00a0Habitaciones Precio de las Habitaciones Especiales Fotos Contacto Una composici\u00f3n original de estilo informal, confort y de un ambiente acogedor forma desde hace muchos a\u00f1os el car\u00e1cter de nuestro \u00fanico hotel en un aut\u00e9ntico edificio colonial de 1869. Muy cerca del centro de\u00a0Granada\u00a0y con f\u00e1cil [&hellip;]<\/p>\n","protected":false},"author":2,"featured_media":0,"parent":0,"menu_order":0,"comment_status":"closed","ping_status":"closed","template":"","meta":{"footnotes":""},"_links":{"self":[{"href":"https:\/\/nicaragua-travel-guide.com\/site\/wp-json\/wp\/v2\/pages\/7868"}],"collection":[{"href":"https:\/\/nicaragua-travel-guide.com\/site\/wp-json\/wp\/v2\/pages"}],"about":[{"href":"https:\/\/nicaragua-travel-guide.com\/site\/wp-json\/wp\/v2\/types\/page"}],"author":[{"embeddable":true,"href":"https:\/\/nicaragua-travel-guide.com\/site\/wp-json\/wp\/v2\/users\/2"}],"replies":[{"embeddable":true,"href":"https:\/\/nicaragua-travel-guide.com\/site\/wp-json\/wp\/v2\/comments?post=7868"}],"version-history":[{"count":18,"href":"https:\/\/nicaragua-travel-guide.com\/site\/wp-json\/wp\/v2\/pages\/7868\/revisions"}],"predecessor-version":[{"id":14071,"href":"https:\/\/nicaragua-travel-guide.com\/site\/wp-json\/wp\/v2\/pages\/7868\/revisions\/14071"}],"wp:attachment":[{"href":"https:\/\/nicaragua-travel-guide.com\/site\/wp-json\/wp\/v2\/media?parent=7868"}],"curies":[{"name":"wp","href":"https:\/\/api.w.org\/{rel}","templated":true}]}}