{"id":7899,"date":"2016-07-26T19:53:22","date_gmt":"2016-07-26T19:53:22","guid":{"rendered":"http:\/\/nicaragua-travel-guide.com\/site\/?page_id=7899"},"modified":"2016-11-08T01:05:29","modified_gmt":"2016-11-08T01:05:29","slug":"granada-hotel-real-granada-rooms-apartments","status":"publish","type":"page","link":"https:\/\/nicaragua-travel-guide.com\/site\/granada-hotel-real-granada-rooms-apartments\/","title":{"rendered":"Granada \u00abHotel Real Granada\u00bb Rooms &#038; Apartments\u00bb"},"content":{"rendered":"<p>&nbsp;<\/p>\n<table style=\"width: 964px;\" border=\"0\">\n<tbody>\n<tr>\n<td style=\"width: 507px;\" height=\"37\"><strong>Bienvenidos<\/strong>\u00a0<img loading=\"lazy\" decoding=\"async\" src=\"http:\/\/www.granadanicaragua.net\/img\/start.gif\" width=\"10\" height=\"9\" hspace=\"2\" vspace=\"2\" \/><img loading=\"lazy\" decoding=\"async\" src=\"http:\/\/www.granadanicaragua.net\/img\/start.gif\" width=\"10\" height=\"9\" hspace=\"2\" vspace=\"2\" \/><img loading=\"lazy\" decoding=\"async\" src=\"http:\/\/www.granadanicaragua.net\/img\/start.gif\" width=\"10\" height=\"9\" hspace=\"2\" vspace=\"2\" \/><img loading=\"lazy\" decoding=\"async\" src=\"http:\/\/www.granadanicaragua.net\/img\/start.gif\" width=\"10\" height=\"9\" hspace=\"2\" vspace=\"2\" \/><\/td>\n<td style=\"width: 446px;\" rowspan=\"20\" valign=\"top\">\n<table style=\"height: 1720px;\" border=\"0\" width=\"486\">\n<tbody>\n<tr>\n<td style=\"width: 475.3333435058594px;\"><img loading=\"lazy\" decoding=\"async\" class=\"alignnone wp-image-14010\" src=\"http:\/\/nicaragua-travel-guide.com\/site\/wp-content\/uploads\/2016\/07\/hotelrealgranadabalconfrente.jpg\" alt=\"hotelrealgranadabalconfrente\" width=\"476\" height=\"358\" \/><\/td>\n<\/tr>\n<tr>\n<td style=\"width: 475.3333435058594px;\"><img loading=\"lazy\" decoding=\"async\" class=\"alignnone wp-image-14015\" src=\"http:\/\/nicaragua-travel-guide.com\/site\/wp-content\/uploads\/2016\/07\/hotelrealgranadafrente.jpg\" alt=\"hotelrealgranadafrente\" width=\"474\" height=\"357\" \/><\/td>\n<\/tr>\n<tr>\n<td style=\"width: 475.3333435058594px;\"><img loading=\"lazy\" decoding=\"async\" class=\"alignnone wp-image-14017\" src=\"http:\/\/nicaragua-travel-guide.com\/site\/wp-content\/uploads\/2016\/07\/hotelrealgranadalobby.jpg\" alt=\"hotelrealgranadalobby\" width=\"471\" height=\"353\" \/><\/td>\n<\/tr>\n<tr>\n<td style=\"width: 475.3333435058594px;\">\u00a0<img loading=\"lazy\" decoding=\"async\" class=\"alignnone size-medium wp-image-14013\" src=\"http:\/\/nicaragua-travel-guide.com\/site\/wp-content\/uploads\/2016\/07\/hotelrealgranadacocinaprivada.jpg\" alt=\"hotelrealgranadacocinaprivada\" width=\"461\" height=\"346\" \/><\/td>\n<\/tr>\n<tr>\n<td style=\"width: 475.3333435058594px;\">\u00a0<img loading=\"lazy\" decoding=\"async\" class=\"alignnone size-full wp-image-14016\" src=\"http:\/\/nicaragua-travel-guide.com\/site\/wp-content\/uploads\/2016\/07\/hotelrealgranadahabitacionuno.jpg\" alt=\"hotelrealgranadahabitacionuno\" width=\"461\" height=\"346\" \/><\/td>\n<\/tr>\n<tr>\n<td style=\"width: 475.3333435058594px;\"><img loading=\"lazy\" decoding=\"async\" class=\"alignnone size-medium wp-image-14012\" src=\"http:\/\/nicaragua-travel-guide.com\/site\/wp-content\/uploads\/2016\/07\/hotelrealgranadacamadoble.jpg\" alt=\"hotelrealgranadacamadoble\" width=\"461\" height=\"346\" \/><\/td>\n<\/tr>\n<tr>\n<td style=\"width: 475.3333435058594px;\"><img loading=\"lazy\" decoding=\"async\" class=\"alignnone size-full wp-image-14014\" src=\"http:\/\/nicaragua-travel-guide.com\/site\/wp-content\/uploads\/2016\/07\/hotelrealgranadadoblesingl.jpg\" alt=\"hotelrealgranadadoblesingl\" width=\"461\" height=\"346\" \/><\/td>\n<\/tr>\n<tr>\n<td style=\"width: 475.3333435058594px;\"><img loading=\"lazy\" decoding=\"async\" class=\"alignnone size-medium wp-image-14018\" src=\"http:\/\/nicaragua-travel-guide.com\/site\/wp-content\/uploads\/2016\/07\/hotelrealgranadapicina.jpg\" alt=\"hotelrealgranadapicina\" width=\"720\" height=\"540\" srcset=\"https:\/\/nicaragua-travel-guide.com\/site\/wp-content\/uploads\/2016\/07\/hotelrealgranadapicina.jpg 720w, https:\/\/nicaragua-travel-guide.com\/site\/wp-content\/uploads\/2016\/07\/hotelrealgranadapicina-600x450.jpg 600w\" sizes=\"(max-width: 720px) 100vw, 720px\" \/><\/td>\n<\/tr>\n<tr>\n<td style=\"width: 475.3333435058594px;\" height=\"25\">Por mayor informacion y reservacion <a href=\"http:\/\/www.nicaragua-travel-guide.com\/contacto.php\">Contactarnos<\/a><\/td>\n<\/tr>\n<\/tbody>\n<\/table>\n<\/td>\n<\/tr>\n<tr>\n<td style=\"width: 507px;\"><img loading=\"lazy\" decoding=\"async\" class=\"alignnone wp-image-14009\" src=\"http:\/\/nicaragua-travel-guide.com\/site\/wp-content\/uploads\/2016\/07\/logotipohotelrealgranada.jpg\" alt=\"logotipohotelrealgranada\" width=\"526\" height=\"414\" \/><\/td>\n<\/tr>\n<tr>\n<td style=\"width: 507px;\">Situado cerca de La Calle Real Xalteva (calle Real Xalteva) y 25 metros de la iglesia \u00abLa Merced. Enfrente se encuentra el Supermercado Lacayo y una cuadra y media de distancia del Parque Central de Granada.Este hotel dispone de:<\/td>\n<\/tr>\n<tr>\n<td style=\"width: 507px;\" height=\"21\">Informaci\u00f3n Hotel Real Granada<\/td>\n<\/tr>\n<tr>\n<td style=\"width: 507px;\">Hotel Real Granada dispones de 15 Habitaciones o Apartamentos y un peque\u00f1o Sal\u00f3n de conferencias totalmente acondicionados para darles un servicio personalizado<\/td>\n<\/tr>\n<tr>\n<td style=\"width: 507px;\">\n<ul>\n<li>10 habitaciones con ba\u00f1o, aire acondicionado, TV por cable<\/li>\n<li>11 habitaciones con ventilador<\/li>\n<li>1 dormitorio con capacidad para 13 personas, colchones ortop\u00e9dicos y ba\u00f1os compartidos<\/li>\n<li>Servicio de ni\u00f1era, masajista, fax.<\/li>\n<li>Reserva de autobuses<\/li>\n<li>Servicio de lavander\u00eda<\/li>\n<li>P\u00f3ngase en contacto con un m\u00e9dico (en caso de emergencia)<\/li>\n<li>Sal\u00f3n de belleza<\/li>\n<li>Restaurante t\u00edpico<\/li>\n<li>Traslado gratis<\/li>\n<\/ul>\n<\/td>\n<\/tr>\n<tr>\n<td style=\"width: 507px;\">Tipo de Habitaciones Racks Racks con IVA<\/td>\n<\/tr>\n<tr>\n<td style=\"width: 507px;\">Sencilla con Balc\u00f3n $ 55.00 $ 69.00<br \/>\nSencilla sin Balc\u00f3n $ 45.00 $ 51.75<br \/>\nDoble con Balc\u00f3n $ 60.00 $ 69.00<br \/>\nDoble sin Balc\u00f3n $ 50.00 $ 57.00<br \/>\nTriple con Balc\u00f3n $ 70.00 $ 80.50<br \/>\nTriple sin Balc\u00f3n $ 60.00 $ 69.00<br \/>\nCu\u00e1druple $ 80.00 $ 92.00<br \/>\nFamiliar $ 100.00 $ 115.00<br \/>\nPersona Extra $ 15.00 $ 17.25<\/td>\n<\/tr>\n<tr>\n<td style=\"width: 507px;\">\u2022 Habitaci\u00f3n familiar tiene como m\u00e1ximo de 3 adultos con 4 ni\u00f1os o 5 adultos.<\/td>\n<\/tr>\n<tr>\n<td style=\"width: 507px;\" valign=\"top\">\u2022 Ni\u00f1os menores de 5 a\u00f1os se hospedan Gratis (NO INCREMENTA OCUPACION)<br \/>\n\u2022 Check IN a partir de las 2.00 PM .Check OUT a las 12.00 md<br \/>\n\u2022 Precios de Desayunos Criollo $5.00<br \/>\nNo est\u00e1n incluidos en el precio de Habitaci\u00f3n<\/td>\n<\/tr>\n<tr>\n<td style=\"width: 507px;\">Desglose de Camas por Habitaci\u00f3n<\/td>\n<\/tr>\n<tr>\n<td style=\"width: 507px;\">Primer Piso<\/td>\n<\/tr>\n<tr>\n<td style=\"width: 507px;\" valign=\"top\">\u2022 A 1 1 Matrimonial \/ 1 Unipersonal<br \/>\n\u2022 A 2 2 Queen size<br \/>\n\u2022 A 3 1 Matrimonial \/ 2 Unipersonal<br \/>\n\u2022 A 4 1 King size<br \/>\n\u2022 A 5 1 Matrimonial \/ 1 Unipersonal<br \/>\n\u2022 A 6 1 Matrimonial \/ 2 Unipersonales<br \/>\n\u2022 A 7 Sal\u00f3n de Conferencias \/ Comod\u00edn ( 1 Matrimonial \/ 2 Unipersonal)<\/td>\n<\/tr>\n<tr>\n<td style=\"width: 507px;\">Segundo Piso<\/td>\n<\/tr>\n<tr>\n<td style=\"width: 507px;\" valign=\"top\">\u2022 B 1 1 matrimonial \/ 1 Unipersonal<br \/>\n\u2022 B 2 1 Matrimonial \/ 1 Unipersonal<br \/>\n\u2022 B 3 3 Matrimonial \/ 1 Unipersonal<br \/>\n\u2022 B 4 2 Matrimonial \/ 2 Unipersonal<br \/>\n\u2022 B 5 1 Matrimonial \/ 3 Unipersonal<br \/>\n\u2022 B 6 2 Matrimonial \/ 3 Unipersonal<br \/>\n\u2022 B 7 1 Matrimonial \/ 3 Unipersonal<br \/>\n\u2022 B 8 1 Matrimonial \/ 3 Unipersonal<\/td>\n<\/tr>\n<tr>\n<td style=\"width: 507px;\">Todas las habitaciones cuentan con:<\/td>\n<\/tr>\n<tr>\n<td style=\"width: 507px;\" valign=\"top\">\u2022 15 Habitaciones o Apartamentos<br \/>\n\u2022 Piscina<br \/>\n\u2022 Servicio de Internet inal\u00e1mbrico Gratis<br \/>\n\u2022 Agua Caliente<br \/>\n\u2022 A\/C y abanicos de techo<br \/>\n\u2022 TV por cable<br \/>\n\u2022 Cajas de seguridad<br \/>\n\u2022 Servicio de desayuno y Bar<br \/>\n\u2022 Todas la Habitaciones cuenta con microondas, tostador, refrigeradora, cubiertos, vajilla, etc.<br \/>\n\u2022 Servicio de lavander\u00eda<br \/>\n\u2022 Informaci\u00f3n Tur\u00edstica<br \/>\n\u2022 Servicio de Trasporte y Tours<br \/>\n\u2022 Transporte desde y hacia el Aeropuerto y Fronteras<br \/>\n\u2022 Servicio de Alquiler de tel\u00e9fonos celulares<br \/>\n\u2022 Servicio de Masaje al Hotel o SPA<br \/>\n\u2022 Servicio de Telefon\u00eda y fax Nacional e internacional<br \/>\n\u2022 Cyber de uso gratis para el Hotel<br \/>\n\u2022 Sistema de planta el\u00e9ctrica de emergencia<br \/>\n\u2022 Aceptamos tarjetas de cr\u00e9dito<br \/>\n\u2022 Peque\u00f1o sal\u00f3n de conferencias para 12 personas<\/td>\n<\/tr>\n<tr>\n<td style=\"width: 507px;\" height=\"123\">Tarifas especiales para Tour Operadores, excursionistas y otros:<\/p>\n<p>\u2022 Tenemos precios especiales<br \/>\n\u2022 Damos CPL para chofer y Gu\u00eda<\/p>\n<p>Nota: Ni\u00f1os mayores de 8 a\u00f1os pagan como adultos.<\/td>\n<\/tr>\n<tr>\n<td style=\"width: 507px;\" height=\"127\">\n<table border=\"0\" width=\"100%\" cellspacing=\"2\" cellpadding=\"4\" align=\"center\">\n<tbody>\n<tr bgcolor=\"#AFC4D7\">\n<td width=\"52%\"><strong>Habitaci\u00f3n<\/strong><\/td>\n<td width=\"48%\"><strong>Velocidad<\/strong><\/td>\n<\/tr>\n<tr align=\"left\" valign=\"top\" bgcolor=\"#F4F4F4\">\n<td>Solo<\/td>\n<td align=\"right\">$ 25<\/td>\n<\/tr>\n<tr align=\"left\" valign=\"top\" bgcolor=\"#F4F4F4\">\n<td>Haga doble<\/td>\n<td align=\"right\">$ 30<\/td>\n<\/tr>\n<tr align=\"left\" valign=\"top\" bgcolor=\"#F4F4F4\">\n<td>Triple<\/td>\n<td align=\"right\">$ 40<\/td>\n<\/tr>\n<tr align=\"left\" valign=\"top\" bgcolor=\"#F4F4F4\">\n<td>Habitaciones cu\u00e1druples<\/td>\n<td align=\"right\">$ 50<\/td>\n<\/tr>\n<tr align=\"left\" valign=\"top\" bgcolor=\"#F4F4F4\">\n<td bgcolor=\"#F4F4F4\" height=\"31\">Apartamentos<\/td>\n<td align=\"right\">$ 55<\/td>\n<\/tr>\n<\/tbody>\n<\/table>\n<\/td>\n<\/tr>\n<tr>\n<td style=\"width: 507px;\" valign=\"top\" height=\"327\"><img loading=\"lazy\" decoding=\"async\" class=\"alignnone size-medium wp-image-14011\" src=\"http:\/\/nicaragua-travel-guide.com\/site\/wp-content\/uploads\/2016\/07\/hotelrealgranadabardesayuno.jpg\" alt=\"hotelrealgranadabardesayuno\" width=\"461\" height=\"346\" \/><\/td>\n<\/tr>\n<\/tbody>\n<\/table>\n","protected":false},"excerpt":{"rendered":"<p>&nbsp; Bienvenidos\u00a0 \u00a0 \u00a0 Por mayor informacion y reservacion Contactarnos Situado cerca de La Calle Real Xalteva (calle Real Xalteva) y 25 metros de la iglesia \u00abLa Merced. Enfrente se encuentra el Supermercado Lacayo y una cuadra y media de distancia del Parque Central de Granada.Este hotel dispone de: Informaci\u00f3n Hotel Real Granada Hotel Real [&hellip;]<\/p>\n","protected":false},"author":2,"featured_media":0,"parent":0,"menu_order":0,"comment_status":"closed","ping_status":"closed","template":"","meta":{"footnotes":""},"_links":{"self":[{"href":"https:\/\/nicaragua-travel-guide.com\/site\/wp-json\/wp\/v2\/pages\/7899"}],"collection":[{"href":"https:\/\/nicaragua-travel-guide.com\/site\/wp-json\/wp\/v2\/pages"}],"about":[{"href":"https:\/\/nicaragua-travel-guide.com\/site\/wp-json\/wp\/v2\/types\/page"}],"author":[{"embeddable":true,"href":"https:\/\/nicaragua-travel-guide.com\/site\/wp-json\/wp\/v2\/users\/2"}],"replies":[{"embeddable":true,"href":"https:\/\/nicaragua-travel-guide.com\/site\/wp-json\/wp\/v2\/comments?post=7899"}],"version-history":[{"count":5,"href":"https:\/\/nicaragua-travel-guide.com\/site\/wp-json\/wp\/v2\/pages\/7899\/revisions"}],"predecessor-version":[{"id":14020,"href":"https:\/\/nicaragua-travel-guide.com\/site\/wp-json\/wp\/v2\/pages\/7899\/revisions\/14020"}],"wp:attachment":[{"href":"https:\/\/nicaragua-travel-guide.com\/site\/wp-json\/wp\/v2\/media?parent=7899"}],"curies":[{"name":"wp","href":"https:\/\/api.w.org\/{rel}","templated":true}]}}