{"id":7953,"date":"2016-07-26T23:34:54","date_gmt":"2016-07-26T23:34:54","guid":{"rendered":"http:\/\/nicaragua-travel-guide.com\/site\/?page_id=7953"},"modified":"2016-08-23T02:44:33","modified_gmt":"2016-08-23T02:44:33","slug":"granada-eco-albergue-rural-charco-muerto","status":"publish","type":"page","link":"https:\/\/nicaragua-travel-guide.com\/site\/granada-eco-albergue-rural-charco-muerto\/","title":{"rendered":"Granada Eco Albergue rural \u00abCharco Muerto\u00bb"},"content":{"rendered":"<table border=\"0\" width=\"1014\">\n<tbody>\n<tr>\n<td valign=\"top\" bgcolor=\"#339900\" width=\"642\" height=\"37\">Eco Albergue Rural Charco Muerto<\/td>\n<td rowspan=\"7\" valign=\"top\" bgcolor=\"#999900\" width=\"362\">\n<table border=\"0\" width=\"362\">\n<tbody>\n<tr>\n<td valign=\"top\" width=\"342\" height=\"228\"><img loading=\"lazy\" decoding=\"async\" src=\"http:\/\/www.nicaragua-travel-guide.com\/imangenestres\/charcomuertouno.jpg\" width=\"359\" height=\"226\" \/><\/td>\n<\/tr>\n<tr>\n<td><img loading=\"lazy\" decoding=\"async\" src=\"http:\/\/www.nicaragua-travel-guide.com\/imangenestres\/charcomuertodos.jpg\" width=\"359\" height=\"225\" \/><\/td>\n<\/tr>\n<tr>\n<td height=\"215\"><img loading=\"lazy\" decoding=\"async\" src=\"http:\/\/www.nicaragua-travel-guide.com\/imangenestres\/charcomuertocuatro.jpg\" width=\"356\" height=\"213\" \/><\/td>\n<\/tr>\n<\/tbody>\n<\/table>\n<\/td>\n<\/tr>\n<tr>\n<td bgcolor=\"#999933\" height=\"37\">Descripci\u00f3n<\/td>\n<\/tr>\n<tr>\n<td bgcolor=\"#FFFFFF\">Con la costa del Lago de Nicaragua a pocos metros y un verdadero entorno campesino alrededor, el Albergue de Charco Muerto ofrece un interesante ambiente de turismo rural comunitario. Los visitantes duermen en hamacas (US$2) dispuestas en la casa comunal y son atendidos por los amables comunitarios, quienes entre otras cosas ofrecen comida tradicional a precios de US$3.5 el desayuno, y US$4.5 el almuerzo o la cena.<\/p>\n<p>Esta es la cooperativa campesina Claudio Chamorro No.2 y comprende una poblaci\u00f3n de 120 personas. La comunidad se dedica a tareas como la pesca, la crianza de ganado y la producci\u00f3n agr\u00edcola. Adem\u00e1s de apreciar la verdadera vida campesina, los visitantes pueden realizar toures de pesca, un recorrido a pie por la zona de reserva de la comunidad o una visita en burro o a caballo por la cooperativa.<\/p>\n<p>Desde esta comunidad es posible tambi\u00e9n visitar las otras cooperativas asociadas y realizar actividades como:<\/p>\n<ul>\n<li>Senderismo en Aguas Agrias,<\/li>\n<li>Visita La Comunidad Los Norte\u00f1os<\/li>\n<li>Visita a la comunidad de La Granadilla<\/li>\n<li>Visita a la comunidad de la Nicaragua Libre<\/li>\n<\/ul>\n<\/td>\n<\/tr>\n<tr>\n<td bgcolor=\"#999933\">Ver Tabal de Precios:<\/td>\n<\/tr>\n<tr>\n<td bgcolor=\"#CCFF33\">\n<table border=\"0\" width=\"642\">\n<tbody>\n<tr>\n<td bgcolor=\"#999933\" width=\"124\">Tipo<\/td>\n<td bgcolor=\"#999933\" width=\"140\">Precios<\/td>\n<td bgcolor=\"#999933\" width=\"156\">Hu\u00e9spedes<\/td>\n<td bgcolor=\"#999933\" width=\"204\">Comodidades<\/td>\n<\/tr>\n<tr>\n<td bgcolor=\"#999933\">Hamaca<\/td>\n<td bgcolor=\"#999933\">US$2.00<\/td>\n<td align=\"center\" valign=\"middle\" bgcolor=\"#999933\">1<\/td>\n<td bgcolor=\"#999933\"><\/td>\n<\/tr>\n<\/tbody>\n<\/table>\n<\/td>\n<\/tr>\n<tr>\n<td bgcolor=\"#FFFFFF\"><strong>Los precios ya incluyen impuesto y pueden variar por temporada<\/strong><strong>.<\/strong><\/td>\n<\/tr>\n<tr>\n<td bgcolor=\"#999933\" height=\"35\">Por mayor informacion y reservacion Contactarnos<\/td>\n<\/tr>\n<\/tbody>\n<\/table>\n","protected":false},"excerpt":{"rendered":"<p>Eco Albergue Rural Charco Muerto Descripci\u00f3n Con la costa del Lago de Nicaragua a pocos metros y un verdadero entorno campesino alrededor, el Albergue de Charco Muerto ofrece un interesante ambiente de turismo rural comunitario. Los visitantes duermen en hamacas (US$2) dispuestas en la casa comunal y son atendidos por los amables comunitarios, quienes entre [&hellip;]<\/p>\n","protected":false},"author":2,"featured_media":0,"parent":0,"menu_order":0,"comment_status":"closed","ping_status":"closed","template":"","meta":{"footnotes":""},"_links":{"self":[{"href":"https:\/\/nicaragua-travel-guide.com\/site\/wp-json\/wp\/v2\/pages\/7953"}],"collection":[{"href":"https:\/\/nicaragua-travel-guide.com\/site\/wp-json\/wp\/v2\/pages"}],"about":[{"href":"https:\/\/nicaragua-travel-guide.com\/site\/wp-json\/wp\/v2\/types\/page"}],"author":[{"embeddable":true,"href":"https:\/\/nicaragua-travel-guide.com\/site\/wp-json\/wp\/v2\/users\/2"}],"replies":[{"embeddable":true,"href":"https:\/\/nicaragua-travel-guide.com\/site\/wp-json\/wp\/v2\/comments?post=7953"}],"version-history":[{"count":3,"href":"https:\/\/nicaragua-travel-guide.com\/site\/wp-json\/wp\/v2\/pages\/7953\/revisions"}],"predecessor-version":[{"id":11973,"href":"https:\/\/nicaragua-travel-guide.com\/site\/wp-json\/wp\/v2\/pages\/7953\/revisions\/11973"}],"wp:attachment":[{"href":"https:\/\/nicaragua-travel-guide.com\/site\/wp-json\/wp\/v2\/media?parent=7953"}],"curies":[{"name":"wp","href":"https:\/\/api.w.org\/{rel}","templated":true}]}}