{"id":7957,"date":"2016-07-26T23:44:41","date_gmt":"2016-07-26T23:44:41","guid":{"rendered":"http:\/\/nicaragua-travel-guide.com\/site\/?page_id=7957"},"modified":"2016-07-26T23:45:03","modified_gmt":"2016-07-26T23:45:03","slug":"granada-eco-albergue-rural-los-nortenos","status":"publish","type":"page","link":"https:\/\/nicaragua-travel-guide.com\/site\/granada-eco-albergue-rural-los-nortenos\/","title":{"rendered":"Granada Eco albergue rural \u00abLos Norte\u00f1os\u00bb"},"content":{"rendered":"<table border=\"0\" width=\"1009\">\n<tbody>\n<tr>\n<td bgcolor=\"#009900\" height=\"37\">Eco Albergue Rural Los Norte\u00f1os<\/td>\n<td rowspan=\"7\" valign=\"top\" bgcolor=\"#99CC00\" width=\"333\">\n<table border=\"0\" width=\"333\">\n<tbody>\n<tr>\n<td width=\"327\" height=\"200\"><img loading=\"lazy\" decoding=\"async\" src=\"http:\/\/www.nicaragua-travel-guide.com\/imangenestres\/losnortenosdesayuno.jpg\" width=\"328\" height=\"198\" \/><\/td>\n<\/tr>\n<tr>\n<td valign=\"bottom\" height=\"226\"><img loading=\"lazy\" decoding=\"async\" src=\"http:\/\/www.nicaragua-travel-guide.com\/imangenestres\/ucaballos.jpg\" width=\"330\" height=\"260\" \/><\/td>\n<\/tr>\n<tr>\n<td valign=\"top\" height=\"223\"><img loading=\"lazy\" decoding=\"async\" src=\"http:\/\/www.nicaragua-travel-guide.com\/imangenestres\/losnortenos.jpg\" width=\"329\" height=\"235\" \/><\/td>\n<\/tr>\n<\/tbody>\n<\/table>\n<\/td>\n<\/tr>\n<tr>\n<td bgcolor=\"#CCFF66\" width=\"666\" height=\"26\">Descripci\u00f3n<\/td>\n<\/tr>\n<tr>\n<td bgcolor=\"#99CC00\">En el Albergue Los Norte\u00f1os, los visitantes tienen la oportunidad de convivir estrechamente con las familias campesinas, pues el alojamiento se hace en las propias casas de los comunitarios. Se sirven comidas tradicionales en desayunos, almuerzos y cenas. Ac\u00e1 se vive una verdadera experiencia de turismo rural: no hay luz el\u00e9ctrica, ni agua potable; en vez de inodoros hay letrinas externas, y predomina el calor de la gente trabajadora y amable, conocedora del campo y la producci\u00f3n de la tierra.<\/p>\n<p>Esta es la Cooperativa campesina \u201cGaspar Garc\u00eda Laviana\u201d, conformada por 40 personas originarias del Norte del pa\u00eds. Los de m\u00e1s edad podr\u00e1n relatar, como protagonistas, episodios de la guerra revolucionaria y post-revolucionaria acontecida en el pa\u00eds hace tres d\u00e9cadas. Ahora se dedican a la producci\u00f3n ganadera, agr\u00edcola y de miel de abeja.<\/p>\n<p>Adem\u00e1s de observar de cerca la vida campesina, los visitantes podr\u00e1n recorrer esta zona llena de quebradas, ojos de agua y cuevas, a trav\u00e9s de los senderos dispuestos por la comunidad. Otra actividad es la venta de artesan\u00edas elaboradas por el grupo de j\u00f3venes locales: pulsera de hilos de madeja, gorras, sombreros y bolsos.<\/p>\n<p>Al ser parte de la organizaci\u00f3n UCA Tierra y Agua, desde esta comunidad es posible tambi\u00e9n visitar las otras cooperativas asociadas y realizar actividades como Senderismo en Aguas Agrias, Visita a la comunidad de La Granadilla o Visita a la comunidad de la Nicaragua Libre.<\/td>\n<\/tr>\n<tr>\n<td bgcolor=\"#CCFF66\">Precios<\/td>\n<\/tr>\n<tr>\n<td bgcolor=\"#CCFF99\">\n<table border=\"0\" width=\"666\">\n<tbody>\n<tr>\n<td bgcolor=\"#99CC00\" width=\"171\">Tipo<\/td>\n<td bgcolor=\"#99CC00\" width=\"88\">Precios<\/td>\n<td bgcolor=\"#99CC00\" width=\"93\">Hu\u00e9spedes<\/td>\n<td bgcolor=\"#99CC00\" width=\"296\">Comodidades<\/td>\n<\/tr>\n<tr>\n<td bgcolor=\"#99CC00\">Habitaci\u00f3n Sencilla<\/td>\n<td bgcolor=\"#99CC00\">US$4.50<\/td>\n<td bgcolor=\"#99CC00\">1<\/td>\n<td bgcolor=\"#99CC00\"><\/td>\n<\/tr>\n<tr>\n<td bgcolor=\"#99CC00\"><\/td>\n<td bgcolor=\"#99CC00\"><\/td>\n<td bgcolor=\"#99CC00\"><\/td>\n<td bgcolor=\"#99CC00\"><\/td>\n<\/tr>\n<\/tbody>\n<\/table>\n<\/td>\n<\/tr>\n<tr>\n<td bgcolor=\"#CCFF66\" height=\"25\"><strong>Los precios ya incluyen impuesto. Los precios pueden variar por temporada.<\/strong><\/td>\n<\/tr>\n<tr>\n<td bgcolor=\"#009900\" height=\"26\">Por mayor informaci\u00f3n y reservacion Contactarnos<\/td>\n<\/tr>\n<\/tbody>\n<\/table>\n","protected":false},"excerpt":{"rendered":"<p>Eco Albergue Rural Los Norte\u00f1os Descripci\u00f3n En el Albergue Los Norte\u00f1os, los visitantes tienen la oportunidad de convivir estrechamente con las familias campesinas, pues el alojamiento se hace en las propias casas de los comunitarios. Se sirven comidas tradicionales en desayunos, almuerzos y cenas. Ac\u00e1 se vive una verdadera experiencia de turismo rural: no hay [&hellip;]<\/p>\n","protected":false},"author":2,"featured_media":0,"parent":0,"menu_order":0,"comment_status":"closed","ping_status":"closed","template":"","meta":{"footnotes":""},"_links":{"self":[{"href":"https:\/\/nicaragua-travel-guide.com\/site\/wp-json\/wp\/v2\/pages\/7957"}],"collection":[{"href":"https:\/\/nicaragua-travel-guide.com\/site\/wp-json\/wp\/v2\/pages"}],"about":[{"href":"https:\/\/nicaragua-travel-guide.com\/site\/wp-json\/wp\/v2\/types\/page"}],"author":[{"embeddable":true,"href":"https:\/\/nicaragua-travel-guide.com\/site\/wp-json\/wp\/v2\/users\/2"}],"replies":[{"embeddable":true,"href":"https:\/\/nicaragua-travel-guide.com\/site\/wp-json\/wp\/v2\/comments?post=7957"}],"version-history":[{"count":2,"href":"https:\/\/nicaragua-travel-guide.com\/site\/wp-json\/wp\/v2\/pages\/7957\/revisions"}],"predecessor-version":[{"id":7959,"href":"https:\/\/nicaragua-travel-guide.com\/site\/wp-json\/wp\/v2\/pages\/7957\/revisions\/7959"}],"wp:attachment":[{"href":"https:\/\/nicaragua-travel-guide.com\/site\/wp-json\/wp\/v2\/media?parent=7957"}],"curies":[{"name":"wp","href":"https:\/\/api.w.org\/{rel}","templated":true}]}}